{"id":6728,"date":"2019-04-11T15:44:01","date_gmt":"2019-04-11T15:44:01","guid":{"rendered":"https:\/\/escalantecentreteatral.dival.es\/aula-didactica"},"modified":"2024-02-28T15:42:33","modified_gmt":"2024-02-28T14:42:33","slug":"aula-didactica","status":"publish","type":"page","link":"https:\/\/escalantecentreteatral.dival.es\/val\/aula-didactica","title":{"rendered":"Aula did\u00e0ctica"},"content":{"rendered":"\n<p>El principal objectiu del Teatre Escalante es donar a con\u00e8ixer totes les disciplines esc\u00e8niques (teatre, dansa, circ, titelles, etc.) des de perspectives molt diferents. La prorit\u00e0ria, com ja sabeu, \u00e9s facilitar-vos l\u2019acc\u00e9s a les representacions teatrals, per\u00f2 ara volem fer un pas endavant i oferir-vos instruments perqu\u00e8 pugueu aprofundir en el coneixement de les arts esc\u00e8niques d\u2019una manera l\u00fadica i alhora rigorosa.<\/p>\n\n\n\n<p>L\u2019 AULA DID\u00c0CTICA \u00e9s un projecte que us permetr\u00e0 eixamplar el coneixement sobre arts esc\u00e8niques del vostre alumnat. Els temes tractaran aspectes hist\u00f2rics, mites universals del teatre, les disciplines esc\u00e8niques, com \u00e9s un teatre per dins, com es construeix un espectacle, etc. Hem creat uns v\u00eddeos d\u2019animaci\u00f3 2D per presentar el tema objecte d\u2019estudi amb unes fitxes did\u00e0ctiques i una guia per al professorat.<\/p>\n","protected":false},"excerpt":{"rendered":"<p>El principal objectiu del Teatre Escalante es donar a con\u00e8ixer totes les disciplines esc\u00e8niques (teatre, dansa, circ, titelles, etc.) des de perspectives molt diferents. La prorit\u00e0ria, com ja sabeu, \u00e9s facilitar-vos l\u2019acc\u00e9s a les representacions teatrals, per\u00f2 ara volem fer un pas endavant i oferir-vos instruments perqu\u00e8 pugueu aprofundir en el coneixement de les arts [&hellip;]<\/p>\n","protected":false},"author":1,"featured_media":0,"parent":0,"menu_order":29,"comment_status":"closed","ping_status":"closed","template":"template-aula_didactica.php","meta":{"inline_featured_image":false},"acf":[],"yoast_head":"<!-- This site is optimized with the Yoast SEO plugin v21.1 - https:\/\/yoast.com\/wordpress\/plugins\/seo\/ -->\n<title>Aula did\u00e0ctica - Escalante Centre Teatral<\/title>\n<meta name=\"robots\" content=\"index, follow, max-snippet:-1, max-image-preview:large, max-video-preview:-1\" \/>\n<link rel=\"canonical\" href=\"https:\/\/escalantecentreteatral.dival.es\/val\/aula-didactica\" \/>\n<meta property=\"og:locale\" content=\"ca_ES\" \/>\n<meta property=\"og:type\" content=\"article\" \/>\n<meta property=\"og:title\" content=\"Aula did\u00e0ctica - Escalante Centre Teatral\" \/>\n<meta property=\"og:description\" content=\"El principal objectiu del Teatre Escalante es donar a con\u00e8ixer totes les disciplines esc\u00e8niques (teatre, dansa, circ, titelles, etc.) des de perspectives molt diferents. La prorit\u00e0ria, com ja sabeu, \u00e9s facilitar-vos l\u2019acc\u00e9s a les representacions teatrals, per\u00f2 ara volem fer un pas endavant i oferir-vos instruments perqu\u00e8 pugueu aprofundir en el coneixement de les arts [&hellip;]\" \/>\n<meta property=\"og:url\" content=\"https:\/\/escalantecentreteatral.dival.es\/val\/aula-didactica\" \/>\n<meta property=\"og:site_name\" content=\"Escalante Centre Teatral\" \/>\n<meta property=\"article:publisher\" content=\"https:\/\/www.facebook.com\/EscalanteTeatre\" \/>\n<meta property=\"article:modified_time\" content=\"2024-02-28T14:42:33+00:00\" \/>\n<meta property=\"og:image\" content=\"https:\/\/escalantecentreteatral.dival.es\/wp-content\/uploads\/logo_ect_nu_ect.png\" \/>\n\t<meta property=\"og:image:width\" content=\"800\" \/>\n\t<meta property=\"og:image:height\" content=\"800\" \/>\n\t<meta property=\"og:image:type\" content=\"image\/png\" \/>\n<meta name=\"twitter:card\" content=\"summary_large_image\" \/>\n<meta name=\"twitter:site\" content=\"@TeatreEscalante\" \/>\n<meta name=\"twitter:label1\" content=\"Est. reading time\" \/>\n\t<meta name=\"twitter:data1\" content=\"1 minute\" \/>\n<script type=\"application\/ld+json\" class=\"yoast-schema-graph\">{\"@context\":\"https:\/\/schema.org\",\"@graph\":[{\"@type\":\"WebPage\",\"@id\":\"https:\/\/escalantecentreteatral.dival.es\/val\/aula-didactica\",\"url\":\"https:\/\/escalantecentreteatral.dival.es\/val\/aula-didactica\",\"name\":\"Aula did\u00e0ctica - Escalante Centre Teatral\",\"isPartOf\":{\"@id\":\"https:\/\/escalantecentreteatral.dival.es\/val\/#website\"},\"datePublished\":\"2019-04-11T15:44:01+00:00\",\"dateModified\":\"2024-02-28T14:42:33+00:00\",\"breadcrumb\":{\"@id\":\"https:\/\/escalantecentreteatral.dival.es\/val\/aula-didactica#breadcrumb\"},\"inLanguage\":\"ca\",\"potentialAction\":[{\"@type\":\"ReadAction\",\"target\":[\"https:\/\/escalantecentreteatral.dival.es\/val\/aula-didactica\"]}]},{\"@type\":\"BreadcrumbList\",\"@id\":\"https:\/\/escalantecentreteatral.dival.es\/val\/aula-didactica#breadcrumb\",\"itemListElement\":[{\"@type\":\"ListItem\",\"position\":1,\"name\":\"Home\",\"item\":\"https:\/\/escalantecentreteatral.dival.es\/val\"},{\"@type\":\"ListItem\",\"position\":2,\"name\":\"Aula did\u00e0ctica\"}]},{\"@type\":\"WebSite\",\"@id\":\"https:\/\/escalantecentreteatral.dival.es\/val\/#website\",\"url\":\"https:\/\/escalantecentreteatral.dival.es\/val\/\",\"name\":\"Escalante Centre Teatral\",\"description\":\"Valencia | espectaculos | musicales | artes escenicas.\",\"publisher\":{\"@id\":\"https:\/\/escalantecentreteatral.dival.es\/val\/#organization\"},\"potentialAction\":[{\"@type\":\"SearchAction\",\"target\":{\"@type\":\"EntryPoint\",\"urlTemplate\":\"https:\/\/escalantecentreteatral.dival.es\/val\/?s={search_term_string}\"},\"query-input\":\"required name=search_term_string\"}],\"inLanguage\":\"ca\"},{\"@type\":\"Organization\",\"@id\":\"https:\/\/escalantecentreteatral.dival.es\/val\/#organization\",\"name\":\"Escalante Centre Teatral\",\"alternateName\":\"Escalante Centre Teatral Val\u00e8ncia\",\"url\":\"https:\/\/escalantecentreteatral.dival.es\/val\/\",\"logo\":{\"@type\":\"ImageObject\",\"inLanguage\":\"ca\",\"@id\":\"https:\/\/escalantecentreteatral.dival.es\/val\/#\/schema\/logo\/image\/\",\"url\":\"https:\/\/escalantecentreteatral.dival.es\/wp-content\/uploads\/logo_ect-1.png\",\"contentUrl\":\"https:\/\/escalantecentreteatral.dival.es\/wp-content\/uploads\/logo_ect-1.png\",\"width\":1024,\"height\":292,\"caption\":\"Escalante Centre Teatral\"},\"image\":{\"@id\":\"https:\/\/escalantecentreteatral.dival.es\/val\/#\/schema\/logo\/image\/\"},\"sameAs\":[\"https:\/\/www.facebook.com\/EscalanteTeatre\",\"https:\/\/twitter.com\/TeatreEscalante\",\"https:\/\/www.instagram.com\/centre_escalante\/\",\"https:\/\/www.youtube.com\/channel\/UCaXtimrtZ6eLZKN2qPgPa3g\"]}]}<\/script>\n<!-- \/ Yoast SEO plugin. -->","yoast_head_json":{"title":"Aula did\u00e0ctica - Escalante Centre Teatral","robots":{"index":"index","follow":"follow","max-snippet":"max-snippet:-1","max-image-preview":"max-image-preview:large","max-video-preview":"max-video-preview:-1"},"canonical":"https:\/\/escalantecentreteatral.dival.es\/val\/aula-didactica","og_locale":"ca_ES","og_type":"article","og_title":"Aula did\u00e0ctica - Escalante Centre Teatral","og_description":"El principal objectiu del Teatre Escalante es donar a con\u00e8ixer totes les disciplines esc\u00e8niques (teatre, dansa, circ, titelles, etc.) des de perspectives molt diferents. La prorit\u00e0ria, com ja sabeu, \u00e9s facilitar-vos l\u2019acc\u00e9s a les representacions teatrals, per\u00f2 ara volem fer un pas endavant i oferir-vos instruments perqu\u00e8 pugueu aprofundir en el coneixement de les arts [&hellip;]","og_url":"https:\/\/escalantecentreteatral.dival.es\/val\/aula-didactica","og_site_name":"Escalante Centre Teatral","article_publisher":"https:\/\/www.facebook.com\/EscalanteTeatre","article_modified_time":"2024-02-28T14:42:33+00:00","og_image":[{"width":800,"height":800,"url":"https:\/\/escalantecentreteatral.dival.es\/wp-content\/uploads\/logo_ect_nu_ect.png","type":"image\/png"}],"twitter_card":"summary_large_image","twitter_site":"@TeatreEscalante","twitter_misc":{"Est. reading time":"1 minute"},"schema":{"@context":"https:\/\/schema.org","@graph":[{"@type":"WebPage","@id":"https:\/\/escalantecentreteatral.dival.es\/val\/aula-didactica","url":"https:\/\/escalantecentreteatral.dival.es\/val\/aula-didactica","name":"Aula did\u00e0ctica - Escalante Centre Teatral","isPartOf":{"@id":"https:\/\/escalantecentreteatral.dival.es\/val\/#website"},"datePublished":"2019-04-11T15:44:01+00:00","dateModified":"2024-02-28T14:42:33+00:00","breadcrumb":{"@id":"https:\/\/escalantecentreteatral.dival.es\/val\/aula-didactica#breadcrumb"},"inLanguage":"ca","potentialAction":[{"@type":"ReadAction","target":["https:\/\/escalantecentreteatral.dival.es\/val\/aula-didactica"]}]},{"@type":"BreadcrumbList","@id":"https:\/\/escalantecentreteatral.dival.es\/val\/aula-didactica#breadcrumb","itemListElement":[{"@type":"ListItem","position":1,"name":"Home","item":"https:\/\/escalantecentreteatral.dival.es\/val"},{"@type":"ListItem","position":2,"name":"Aula did\u00e0ctica"}]},{"@type":"WebSite","@id":"https:\/\/escalantecentreteatral.dival.es\/val\/#website","url":"https:\/\/escalantecentreteatral.dival.es\/val\/","name":"Escalante Centre Teatral","description":"Valencia | espectaculos | musicales | artes escenicas.","publisher":{"@id":"https:\/\/escalantecentreteatral.dival.es\/val\/#organization"},"potentialAction":[{"@type":"SearchAction","target":{"@type":"EntryPoint","urlTemplate":"https:\/\/escalantecentreteatral.dival.es\/val\/?s={search_term_string}"},"query-input":"required name=search_term_string"}],"inLanguage":"ca"},{"@type":"Organization","@id":"https:\/\/escalantecentreteatral.dival.es\/val\/#organization","name":"Escalante Centre Teatral","alternateName":"Escalante Centre Teatral Val\u00e8ncia","url":"https:\/\/escalantecentreteatral.dival.es\/val\/","logo":{"@type":"ImageObject","inLanguage":"ca","@id":"https:\/\/escalantecentreteatral.dival.es\/val\/#\/schema\/logo\/image\/","url":"https:\/\/escalantecentreteatral.dival.es\/wp-content\/uploads\/logo_ect-1.png","contentUrl":"https:\/\/escalantecentreteatral.dival.es\/wp-content\/uploads\/logo_ect-1.png","width":1024,"height":292,"caption":"Escalante Centre Teatral"},"image":{"@id":"https:\/\/escalantecentreteatral.dival.es\/val\/#\/schema\/logo\/image\/"},"sameAs":["https:\/\/www.facebook.com\/EscalanteTeatre","https:\/\/twitter.com\/TeatreEscalante","https:\/\/www.instagram.com\/centre_escalante\/","https:\/\/www.youtube.com\/channel\/UCaXtimrtZ6eLZKN2qPgPa3g"]}]}},"_links":{"self":[{"href":"https:\/\/escalantecentreteatral.dival.es\/val\/wp-json\/wp\/v2\/pages\/6728"}],"collection":[{"href":"https:\/\/escalantecentreteatral.dival.es\/val\/wp-json\/wp\/v2\/pages"}],"about":[{"href":"https:\/\/escalantecentreteatral.dival.es\/val\/wp-json\/wp\/v2\/types\/page"}],"author":[{"embeddable":true,"href":"https:\/\/escalantecentreteatral.dival.es\/val\/wp-json\/wp\/v2\/users\/1"}],"replies":[{"embeddable":true,"href":"https:\/\/escalantecentreteatral.dival.es\/val\/wp-json\/wp\/v2\/comments?post=6728"}],"version-history":[{"count":5,"href":"https:\/\/escalantecentreteatral.dival.es\/val\/wp-json\/wp\/v2\/pages\/6728\/revisions"}],"predecessor-version":[{"id":17067,"href":"https:\/\/escalantecentreteatral.dival.es\/val\/wp-json\/wp\/v2\/pages\/6728\/revisions\/17067"}],"wp:attachment":[{"href":"https:\/\/escalantecentreteatral.dival.es\/val\/wp-json\/wp\/v2\/media?parent=6728"}],"curies":[{"name":"wp","href":"https:\/\/api.w.org\/{rel}","templated":true}]}}