{"id":23033,"date":"2026-09-04T12:06:47","date_gmt":"2026-09-04T10:06:47","guid":{"rendered":"https:\/\/escalantecentreteatral.dival.es\/?post_type=espectaculo&#038;p=23033"},"modified":"2026-09-04T12:09:29","modified_gmt":"2026-09-04T10:09:29","slug":"alboroto","status":"publish","type":"espectaculo","link":"https:\/\/escalantecentreteatral.dival.es\/val\/espectaculo\/alboroto","title":{"rendered":"Alboroto"},"content":{"rendered":"\n<p><em>Alboroto<\/em> \u00e9s un estat f\u00edsic i emocional. Una revolta. Una fam\u00edlia absurda que ve a capgirar la pla\u00e7a per a recordar-nos la bellesa de l\u2019imperfecte.<\/p>\n\n\n\n<p>Arriben per a fer-la bona, per a entremaliejar. Per a reivindicar, des de l\u2019alegria, la meravella dels cossos, les difer\u00e8ncies i les edats , i per a subratllar, a colp de taconeig, piloteig i una miqueta d\u2019aeris, la necessitat de deixar-nos dur per a suportar amb m\u00e9s folgan\u00e7a les complicacions de la vida i la contemporane\u00eftat. Afluixar tensions i distensions, remoure les ments i despertar el ritme. A trav\u00e9s del flamenc i el circ, i el que no \u00e9s ni flamenc ni circ, convidem el p\u00fablic a armar rebombori amb nosaltres, en gran i en xicotet, amb l\u2019esperan\u00e7a que, per una estoneta, els nostres cors vagen al comp\u00e0s. En escena ning\u00fa \u00e9s protagonista. Es tracta d\u2019una pinya, una <em>troupe<\/em>, en qu\u00e8 cuidem els uns dels altres, ens fem palmes i ens protegim perqu\u00e8 tots en gaudim i brillem. En qu\u00e8 el conflicte mateix \u00e9s combustible per a riure i ballar.<\/p>\n\n\n\n<p>Amb castanyoles, malabars de rebots, tacons, <em>hula-hoops<\/em>, ventalls, caix\u00f3 flamenc, corda a\u00e8ria, suspensions, vestit de cua, xiulets de carnestoltes i una mica de silenci, els cinc artistes, fets de carn i ossos, abracen la contradicci\u00f3 i componen un aut\u00e8ntic rebombori, brut i sensible.<\/p>\n\n\n\n<p>Una proposta pensada perqu\u00e8 en gaudisca la xiqueta, l\u2019avi, la teua cosina, el teu ve\u00ed i el colom que trau el cap.<\/p>\n\n\n\n<figure class=\"wp-block-embed is-type-video is-provider-youtube wp-block-embed-youtube wp-embed-aspect-16-9 wp-has-aspect-ratio\"><div class=\"wp-block-embed__wrapper\">\n<div class=\"ratio ratio-16x9\"><iframe loading=\"lazy\" title=\"Alboroto de Truca Circus. Teaser en creaci\u00f3n.\" width=\"800\" height=\"450\" src=\"https:\/\/www.youtube.com\/embed\/KI14U70TFgI?feature=oembed\" frameborder=\"0\" allow=\"accelerometer; autoplay; clipboard-write; encrypted-media; gyroscope; picture-in-picture; web-share\" referrerpolicy=\"strict-origin-when-cross-origin\" allowfullscreen><\/iframe><\/div>\n<\/div><\/figure>\n","protected":false},"excerpt":{"rendered":"<p>Alboroto \u00e9s un estat f\u00edsic i emocional. Una revolta. Una fam\u00edlia absurda que ve a capgirar la pla\u00e7a per a recordar-nos la bellesa de l\u2019imperfecte. Arriben per a fer-la bona, per a entremaliejar. Per a reivindicar, des de l\u2019alegria, la meravella dels cossos, les difer\u00e8ncies i les edats , i per a subratllar, a colp [&hellip;]<\/p>\n","protected":false},"author":14,"featured_media":23094,"template":"","temporada":[470],"genero":[391],"edades_espec":[409,408],"tipo_espec":[],"acf":[],"yoast_head":"<!-- This site is optimized with the Yoast SEO plugin v21.1 - https:\/\/yoast.com\/wordpress\/plugins\/seo\/ -->\n<title>Alboroto - Escalante Centre Teatral<\/title>\n<meta name=\"robots\" content=\"index, follow, max-snippet:-1, max-image-preview:large, max-video-preview:-1\" \/>\n<link rel=\"canonical\" href=\"https:\/\/escalantecentreteatral.dival.es\/val\/espectaculo\/alboroto\" \/>\n<meta property=\"og:locale\" content=\"ca_ES\" \/>\n<meta property=\"og:type\" content=\"article\" \/>\n<meta property=\"og:title\" content=\"Alboroto - Escalante Centre Teatral\" \/>\n<meta property=\"og:description\" content=\"Alboroto \u00e9s un estat f\u00edsic i emocional. Una revolta. Una fam\u00edlia absurda que ve a capgirar la pla\u00e7a per a recordar-nos la bellesa de l\u2019imperfecte. Arriben per a fer-la bona, per a entremaliejar. Per a reivindicar, des de l\u2019alegria, la meravella dels cossos, les difer\u00e8ncies i les edats , i per a subratllar, a colp [&hellip;]\" \/>\n<meta property=\"og:url\" content=\"https:\/\/escalantecentreteatral.dival.es\/val\/espectaculo\/alboroto\" \/>\n<meta property=\"og:site_name\" content=\"Escalante Centre Teatral\" \/>\n<meta property=\"article:publisher\" content=\"https:\/\/www.facebook.com\/EscalanteTeatre\" \/>\n<meta property=\"article:modified_time\" content=\"2026-09-04T10:09:29+00:00\" \/>\n<meta property=\"og:image\" content=\"https:\/\/escalantecentreteatral.dival.es\/wp-content\/uploads\/alboroto.jpg\" \/>\n\t<meta property=\"og:image:width\" content=\"1980\" \/>\n\t<meta property=\"og:image:height\" content=\"1188\" \/>\n\t<meta property=\"og:image:type\" content=\"image\/jpeg\" \/>\n<meta name=\"twitter:card\" content=\"summary_large_image\" \/>\n<meta name=\"twitter:site\" content=\"@TeatreEscalante\" \/>\n<meta name=\"twitter:label1\" content=\"Est. reading time\" \/>\n\t<meta name=\"twitter:data1\" content=\"2 minutes\" \/>\n<script type=\"application\/ld+json\" class=\"yoast-schema-graph\">{\"@context\":\"https:\/\/schema.org\",\"@graph\":[{\"@type\":\"WebPage\",\"@id\":\"https:\/\/escalantecentreteatral.dival.es\/val\/espectaculo\/alboroto\",\"url\":\"https:\/\/escalantecentreteatral.dival.es\/val\/espectaculo\/alboroto\",\"name\":\"Alboroto - Escalante Centre Teatral\",\"isPartOf\":{\"@id\":\"https:\/\/escalantecentreteatral.dival.es\/val\/#website\"},\"datePublished\":\"2026-09-04T10:06:47+00:00\",\"dateModified\":\"2026-09-04T10:09:29+00:00\",\"breadcrumb\":{\"@id\":\"https:\/\/escalantecentreteatral.dival.es\/val\/espectaculo\/alboroto#breadcrumb\"},\"inLanguage\":\"ca-ES\",\"potentialAction\":[{\"@type\":\"ReadAction\",\"target\":[\"https:\/\/escalantecentreteatral.dival.es\/val\/espectaculo\/alboroto\"]}]},{\"@type\":\"BreadcrumbList\",\"@id\":\"https:\/\/escalantecentreteatral.dival.es\/val\/espectaculo\/alboroto#breadcrumb\",\"itemListElement\":[{\"@type\":\"ListItem\",\"position\":1,\"name\":\"Home\",\"item\":\"https:\/\/escalantecentreteatral.dival.es\/val\"},{\"@type\":\"ListItem\",\"position\":2,\"name\":\"Espect\u00e1culos\",\"item\":\"https:\/\/escalantecentreteatral.dival.es\/val\/espectaculo\"},{\"@type\":\"ListItem\",\"position\":3,\"name\":\"Alboroto\"}]},{\"@type\":\"WebSite\",\"@id\":\"https:\/\/escalantecentreteatral.dival.es\/val\/#website\",\"url\":\"https:\/\/escalantecentreteatral.dival.es\/val\/\",\"name\":\"Escalante Centre Teatral\",\"description\":\"Valencia | espectaculos | musicales | artes escenicas.\",\"publisher\":{\"@id\":\"https:\/\/escalantecentreteatral.dival.es\/val\/#organization\"},\"potentialAction\":[{\"@type\":\"SearchAction\",\"target\":{\"@type\":\"EntryPoint\",\"urlTemplate\":\"https:\/\/escalantecentreteatral.dival.es\/val\/?s={search_term_string}\"},\"query-input\":\"required name=search_term_string\"}],\"inLanguage\":\"ca-ES\"},{\"@type\":\"Organization\",\"@id\":\"https:\/\/escalantecentreteatral.dival.es\/val\/#organization\",\"name\":\"Escalante Centre Teatral\",\"alternateName\":\"Escalante Centre Teatral Val\u00e8ncia\",\"url\":\"https:\/\/escalantecentreteatral.dival.es\/val\/\",\"logo\":{\"@type\":\"ImageObject\",\"inLanguage\":\"ca-ES\",\"@id\":\"https:\/\/escalantecentreteatral.dival.es\/val\/#\/schema\/logo\/image\/\",\"url\":\"https:\/\/escalantecentreteatral.dival.es\/wp-content\/uploads\/logo_ect-1.png\",\"contentUrl\":\"https:\/\/escalantecentreteatral.dival.es\/wp-content\/uploads\/logo_ect-1.png\",\"width\":1024,\"height\":292,\"caption\":\"Escalante Centre Teatral\"},\"image\":{\"@id\":\"https:\/\/escalantecentreteatral.dival.es\/val\/#\/schema\/logo\/image\/\"},\"sameAs\":[\"https:\/\/www.facebook.com\/EscalanteTeatre\",\"https:\/\/twitter.com\/TeatreEscalante\",\"https:\/\/www.instagram.com\/centre_escalante\/\",\"https:\/\/www.youtube.com\/channel\/UCaXtimrtZ6eLZKN2qPgPa3g\"]}]}<\/script>\n<!-- \/ Yoast SEO plugin. -->","yoast_head_json":{"title":"Alboroto - Escalante Centre Teatral","robots":{"index":"index","follow":"follow","max-snippet":"max-snippet:-1","max-image-preview":"max-image-preview:large","max-video-preview":"max-video-preview:-1"},"canonical":"https:\/\/escalantecentreteatral.dival.es\/val\/espectaculo\/alboroto","og_locale":"ca_ES","og_type":"article","og_title":"Alboroto - Escalante Centre Teatral","og_description":"Alboroto \u00e9s un estat f\u00edsic i emocional. Una revolta. Una fam\u00edlia absurda que ve a capgirar la pla\u00e7a per a recordar-nos la bellesa de l\u2019imperfecte. Arriben per a fer-la bona, per a entremaliejar. Per a reivindicar, des de l\u2019alegria, la meravella dels cossos, les difer\u00e8ncies i les edats , i per a subratllar, a colp [&hellip;]","og_url":"https:\/\/escalantecentreteatral.dival.es\/val\/espectaculo\/alboroto","og_site_name":"Escalante Centre Teatral","article_publisher":"https:\/\/www.facebook.com\/EscalanteTeatre","article_modified_time":"2026-09-04T10:09:29+00:00","og_image":[{"width":1980,"height":1188,"url":"https:\/\/escalantecentreteatral.dival.es\/wp-content\/uploads\/alboroto.jpg","type":"image\/jpeg"}],"twitter_card":"summary_large_image","twitter_site":"@TeatreEscalante","twitter_misc":{"Est. reading time":"2 minutes"},"schema":{"@context":"https:\/\/schema.org","@graph":[{"@type":"WebPage","@id":"https:\/\/escalantecentreteatral.dival.es\/val\/espectaculo\/alboroto","url":"https:\/\/escalantecentreteatral.dival.es\/val\/espectaculo\/alboroto","name":"Alboroto - Escalante Centre Teatral","isPartOf":{"@id":"https:\/\/escalantecentreteatral.dival.es\/val\/#website"},"datePublished":"2026-09-04T10:06:47+00:00","dateModified":"2026-09-04T10:09:29+00:00","breadcrumb":{"@id":"https:\/\/escalantecentreteatral.dival.es\/val\/espectaculo\/alboroto#breadcrumb"},"inLanguage":"ca-ES","potentialAction":[{"@type":"ReadAction","target":["https:\/\/escalantecentreteatral.dival.es\/val\/espectaculo\/alboroto"]}]},{"@type":"BreadcrumbList","@id":"https:\/\/escalantecentreteatral.dival.es\/val\/espectaculo\/alboroto#breadcrumb","itemListElement":[{"@type":"ListItem","position":1,"name":"Home","item":"https:\/\/escalantecentreteatral.dival.es\/val"},{"@type":"ListItem","position":2,"name":"Espect\u00e1culos","item":"https:\/\/escalantecentreteatral.dival.es\/val\/espectaculo"},{"@type":"ListItem","position":3,"name":"Alboroto"}]},{"@type":"WebSite","@id":"https:\/\/escalantecentreteatral.dival.es\/val\/#website","url":"https:\/\/escalantecentreteatral.dival.es\/val\/","name":"Escalante Centre Teatral","description":"Valencia | espectaculos | musicales | artes escenicas.","publisher":{"@id":"https:\/\/escalantecentreteatral.dival.es\/val\/#organization"},"potentialAction":[{"@type":"SearchAction","target":{"@type":"EntryPoint","urlTemplate":"https:\/\/escalantecentreteatral.dival.es\/val\/?s={search_term_string}"},"query-input":"required name=search_term_string"}],"inLanguage":"ca-ES"},{"@type":"Organization","@id":"https:\/\/escalantecentreteatral.dival.es\/val\/#organization","name":"Escalante Centre Teatral","alternateName":"Escalante Centre Teatral Val\u00e8ncia","url":"https:\/\/escalantecentreteatral.dival.es\/val\/","logo":{"@type":"ImageObject","inLanguage":"ca-ES","@id":"https:\/\/escalantecentreteatral.dival.es\/val\/#\/schema\/logo\/image\/","url":"https:\/\/escalantecentreteatral.dival.es\/wp-content\/uploads\/logo_ect-1.png","contentUrl":"https:\/\/escalantecentreteatral.dival.es\/wp-content\/uploads\/logo_ect-1.png","width":1024,"height":292,"caption":"Escalante Centre Teatral"},"image":{"@id":"https:\/\/escalantecentreteatral.dival.es\/val\/#\/schema\/logo\/image\/"},"sameAs":["https:\/\/www.facebook.com\/EscalanteTeatre","https:\/\/twitter.com\/TeatreEscalante","https:\/\/www.instagram.com\/centre_escalante\/","https:\/\/www.youtube.com\/channel\/UCaXtimrtZ6eLZKN2qPgPa3g"]}]}},"_links":{"self":[{"href":"https:\/\/escalantecentreteatral.dival.es\/val\/wp-json\/wp\/v2\/espectaculo\/23033"}],"collection":[{"href":"https:\/\/escalantecentreteatral.dival.es\/val\/wp-json\/wp\/v2\/espectaculo"}],"about":[{"href":"https:\/\/escalantecentreteatral.dival.es\/val\/wp-json\/wp\/v2\/types\/espectaculo"}],"author":[{"embeddable":true,"href":"https:\/\/escalantecentreteatral.dival.es\/val\/wp-json\/wp\/v2\/users\/14"}],"version-history":[{"count":13,"href":"https:\/\/escalantecentreteatral.dival.es\/val\/wp-json\/wp\/v2\/espectaculo\/23033\/revisions"}],"predecessor-version":[{"id":23570,"href":"https:\/\/escalantecentreteatral.dival.es\/val\/wp-json\/wp\/v2\/espectaculo\/23033\/revisions\/23570"}],"wp:featuredmedia":[{"embeddable":true,"href":"https:\/\/escalantecentreteatral.dival.es\/val\/wp-json\/wp\/v2\/media\/23094"}],"wp:attachment":[{"href":"https:\/\/escalantecentreteatral.dival.es\/val\/wp-json\/wp\/v2\/media?parent=23033"}],"wp:term":[{"taxonomy":"temporada","embeddable":true,"href":"https:\/\/escalantecentreteatral.dival.es\/val\/wp-json\/wp\/v2\/temporada?post=23033"},{"taxonomy":"genero","embeddable":true,"href":"https:\/\/escalantecentreteatral.dival.es\/val\/wp-json\/wp\/v2\/genero?post=23033"},{"taxonomy":"edades_espec","embeddable":true,"href":"https:\/\/escalantecentreteatral.dival.es\/val\/wp-json\/wp\/v2\/edades_espec?post=23033"},{"taxonomy":"tipo_espec","embeddable":true,"href":"https:\/\/escalantecentreteatral.dival.es\/val\/wp-json\/wp\/v2\/tipo_espec?post=23033"}],"curies":[{"name":"wp","href":"https:\/\/api.w.org\/{rel}","templated":true}]}}

<p><em>Alboroto</em> és un estat físic i emocional. Una revolta. Una família absurda que ve a capgirar la plaça per a recordar-nos la bellesa de l’imperfecte.</p>



<p>Arriben per a fer-la bona, per a entremaliejar. Per a reivindicar, des de l’alegria, la meravella dels cossos, les diferències i les edats , i per a subratllar, a colp de taconeig, piloteig i una miqueta d’aeris, la necessitat de deixar-nos dur per a suportar amb més folgança les complicacions de la vida i la contemporaneïtat. Afluixar tensions i distensions, remoure les ments i despertar el ritme. A través del flamenc i el circ, i el que no és ni flamenc ni circ, convidem el públic a armar rebombori amb nosaltres, en gran i en xicotet, amb l’esperança que, per una estoneta, els nostres cors vagen al compàs. En escena ningú és protagonista. Es tracta d’una pinya, una <em>troupe</em>, en què cuidem els uns dels altres, ens fem palmes i ens protegim perquè tots en gaudim i brillem. En què el conflicte mateix és combustible per a riure i ballar.</p>



<p>Amb castanyoles, malabars de rebots, tacons, <em>hula-hoops</em>, ventalls, caixó flamenc, corda aèria, suspensions, vestit de cua, xiulets de carnestoltes i una mica de silenci, els cinc artistes, fets de carn i ossos, abracen la contradicció i componen un autèntic rebombori, brut i sensible.</p>



<p>Una proposta pensada perquè en gaudisca la xiqueta, l’avi, la teua cosina, el teu veí i el colom que trau el cap.</p>



<figure class="wp-block-embed is-type-video is-provider-youtube wp-block-embed-youtube wp-embed-aspect-16-9 wp-has-aspect-ratio"><div class="wp-block-embed__wrapper">
<div class="ratio ratio-16x9"><iframe loading="lazy" title="Alboroto de Truca Circus. Teaser en creación." width="800" height="450" src="https://www.youtube.com/embed/KI14U70TFgI?feature=oembed" frameborder="0" allow="accelerometer; autoplay; clipboard-write; encrypted-media; gyroscope; picture-in-picture; web-share" referrerpolicy="strict-origin-when-cross-origin" allowfullscreen></iframe></div>
</div></figure>

<p>Alboroto és un estat físic i emocional. Una revolta. Una família absurda que ve a capgirar la plaça per a recordar-nos la bellesa de l’imperfecte. Arriben per a fer-la bona, per a entremaliejar. Per a reivindicar, des de l’alegria, la meravella dels cossos, les diferències i les edats , i per a subratllar, a colp [&hellip;]</p>

<!-- This site is optimized with the Yoast SEO plugin v21.1 - https://yoast.com/wordpress/plugins/seo/ -->
<title>Alboroto - Escalante Centre Teatral</title>
<meta name="robots" content="index, follow, max-snippet:-1, max-image-preview:large, max-video-preview:-1" />
<link rel="canonical" href="https://escalantecentreteatral.dival.es/val/espectaculo/alboroto" />
<meta property="og:locale" content="ca_ES" />
<meta property="og:type" content="article" />
<meta property="og:title" content="Alboroto - Escalante Centre Teatral" />
<meta property="og:description" content="Alboroto és un estat físic i emocional. Una revolta. Una família absurda que ve a capgirar la plaça per a recordar-nos la bellesa de l’imperfecte. Arriben per a fer-la bona, per a entremaliejar. Per a reivindicar, des de l’alegria, la meravella dels cossos, les diferències i les edats , i per a subratllar, a colp [&hellip;]" />
<meta property="og:url" content="https://escalantecentreteatral.dival.es/val/espectaculo/alboroto" />
<meta property="og:site_name" content="Escalante Centre Teatral" />
<meta property="article:publisher" content="https://www.facebook.com/EscalanteTeatre" />
<meta property="article:modified_time" content="2026-09-04T10:09:29+00:00" />
<meta property="og:image" content="https://escalantecentreteatral.dival.es/wp-content/uploads/alboroto.jpg" />
	<meta property="og:image:width" content="1980" />
	<meta property="og:image:height" content="1188" />
	<meta property="og:image:type" content="image/jpeg" />
<meta name="twitter:card" content="summary_large_image" />
<meta name="twitter:site" content="@TeatreEscalante" />
<meta name="twitter:label1" content="Est. reading time" />
	<meta name="twitter:data1" content="2 minutes" />
<script type="application/ld+json" class="yoast-schema-graph">{"@context":"https://schema.org","@graph":[{"@type":"WebPage","@id":"https://escalantecentreteatral.dival.es/val/espectaculo/alboroto","url":"https://escalantecentreteatral.dival.es/val/espectaculo/alboroto","name":"Alboroto - Escalante Centre Teatral","isPartOf":{"@id":"https://escalantecentreteatral.dival.es/val/#website"},"datePublished":"2026-09-04T10:06:47+00:00","dateModified":"2026-09-04T10:09:29+00:00","breadcrumb":{"@id":"https://escalantecentreteatral.dival.es/val/espectaculo/alboroto#breadcrumb"},"inLanguage":"ca-ES","potentialAction":[{"@type":"ReadAction","target":["https://escalantecentreteatral.dival.es/val/espectaculo/alboroto"]}]},{"@type":"BreadcrumbList","@id":"https://escalantecentreteatral.dival.es/val/espectaculo/alboroto#breadcrumb","itemListElement":[{"@type":"ListItem","position":1,"name":"Home","item":"https://escalantecentreteatral.dival.es/val"},{"@type":"ListItem","position":2,"name":"Espectáculos","item":"https://escalantecentreteatral.dival.es/val/espectaculo"},{"@type":"ListItem","position":3,"name":"Alboroto"}]},{"@type":"WebSite","@id":"https://escalantecentreteatral.dival.es/val/#website","url":"https://escalantecentreteatral.dival.es/val/","name":"Escalante Centre Teatral","description":"Valencia | espectaculos | musicales | artes escenicas.","publisher":{"@id":"https://escalantecentreteatral.dival.es/val/#organization"},"potentialAction":[{"@type":"SearchAction","target":{"@type":"EntryPoint","urlTemplate":"https://escalantecentreteatral.dival.es/val/?s={search_term_string}"},"query-input":"required name=search_term_string"}],"inLanguage":"ca-ES"},{"@type":"Organization","@id":"https://escalantecentreteatral.dival.es/val/#organization","name":"Escalante Centre Teatral","alternateName":"Escalante Centre Teatral València","url":"https://escalantecentreteatral.dival.es/val/","logo":{"@type":"ImageObject","inLanguage":"ca-ES","@id":"https://escalantecentreteatral.dival.es/val/#/schema/logo/image/","url":"https://escalantecentreteatral.dival.es/wp-content/uploads/logo_ect-1.png","contentUrl":"https://escalantecentreteatral.dival.es/wp-content/uploads/logo_ect-1.png","width":1024,"height":292,"caption":"Escalante Centre Teatral"},"image":{"@id":"https://escalantecentreteatral.dival.es/val/#/schema/logo/image/"},"sameAs":["https://www.facebook.com/EscalanteTeatre","https://twitter.com/TeatreEscalante","https://www.instagram.com/centre_escalante/","https://www.youtube.com/channel/UCaXtimrtZ6eLZKN2qPgPa3g"]}]}</script>
<!-- / Yoast SEO plugin. -->

Alboroto és un estat físic i emocional. Una revolta. Una família absurda que ve a capgirar la plaça per a recordar-nos la bellesa de l’imperfecte. Arriben per a fer-la bona, per a entremaliejar. Per a reivindicar, des de l’alegria, la meravella dels cossos, les diferències i les edats , i per a subratllar, a colp [&hellip;]

Espectáculos

Escalante Centre Teatral València
