{"id":20014,"date":"2025-09-26T15:39:09","date_gmt":"2025-09-26T13:39:09","guid":{"rendered":"https:\/\/escalantecentreteatral.dival.es\/?post_type=espectaculo&#038;p=20014"},"modified":"2025-09-26T15:41:55","modified_gmt":"2025-09-26T13:41:55","slug":"cuento-de-navidad-2","status":"publish","type":"espectaculo","link":"https:\/\/escalantecentreteatral.dival.es\/val\/espectaculo\/cuento-de-navidad-2","title":{"rendered":"Cuento de Navidad"},"content":{"rendered":"\n<p>L\u2019obsessi\u00f3 d\u2019una xica amb el Conte de Nadal ha fet que des de xicoteta busque la forma perfecta de contar la hist\u00f2ria de Dickens. Una obsessi\u00f3 nascuda d\u2019una ins\u00f2lita tradici\u00f3 familiar, que va iniciar la seua \u00e0via: cada any, un membre de la fam\u00edlia compra una edici\u00f3 diferent del llibre que han de llegir just abans del sopar de la nit de Nadal.<\/p>\n\n\n\n<p>A trav\u00e9s de maquetes, objectes i mecanismes, i prove\u00efda d\u2019una proximitat i un relat \u00edntims, ens fa reviure la nit en la qual li va canviar la vida a Scrooge, i ens col\u00b7loca en un present en el qual la literatura i l\u2019art tenen el poder d\u2019il\u00b7luminar els nostres dies.<\/p>\n","protected":false},"excerpt":{"rendered":"<p>L\u2019obsessi\u00f3 d\u2019una xica amb el Conte de Nadal ha fet que des de xicoteta busque la forma perfecta de contar la hist\u00f2ria de Dickens. Una obsessi\u00f3 nascuda d\u2019una ins\u00f2lita tradici\u00f3 familiar, que va iniciar la seua \u00e0via: cada any, un membre de la fam\u00edlia compra una edici\u00f3 diferent del llibre que han de llegir just [&hellip;]<\/p>\n","protected":false},"author":1,"featured_media":20009,"template":"","temporada":[458],"genero":[401],"edades_espec":[409],"tipo_espec":[],"acf":[],"yoast_head":"<!-- This site is optimized with the Yoast SEO plugin v21.1 - https:\/\/yoast.com\/wordpress\/plugins\/seo\/ -->\n<title>Cuento de Navidad - Escalante Centre Teatral<\/title>\n<meta name=\"robots\" content=\"index, follow, max-snippet:-1, max-image-preview:large, max-video-preview:-1\" \/>\n<link rel=\"canonical\" href=\"https:\/\/escalantecentreteatral.dival.es\/val\/espectaculo\/cuento-de-navidad-2\" \/>\n<meta property=\"og:locale\" content=\"ca_ES\" \/>\n<meta property=\"og:type\" content=\"article\" \/>\n<meta property=\"og:title\" content=\"Cuento de Navidad - Escalante Centre Teatral\" \/>\n<meta property=\"og:description\" content=\"L\u2019obsessi\u00f3 d\u2019una xica amb el Conte de Nadal ha fet que des de xicoteta busque la forma perfecta de contar la hist\u00f2ria de Dickens. Una obsessi\u00f3 nascuda d\u2019una ins\u00f2lita tradici\u00f3 familiar, que va iniciar la seua \u00e0via: cada any, un membre de la fam\u00edlia compra una edici\u00f3 diferent del llibre que han de llegir just [&hellip;]\" \/>\n<meta property=\"og:url\" content=\"https:\/\/escalantecentreteatral.dival.es\/val\/espectaculo\/cuento-de-navidad-2\" \/>\n<meta property=\"og:site_name\" content=\"Escalante Centre Teatral\" \/>\n<meta property=\"article:publisher\" content=\"https:\/\/www.facebook.com\/EscalanteTeatre\" \/>\n<meta property=\"article:modified_time\" content=\"2025-09-26T13:41:55+00:00\" \/>\n<meta property=\"og:image\" content=\"https:\/\/escalantecentreteatral.dival.es\/wp-content\/uploads\/conte_nadal.jpg\" \/>\n\t<meta property=\"og:image:width\" content=\"1980\" \/>\n\t<meta property=\"og:image:height\" content=\"1188\" \/>\n\t<meta property=\"og:image:type\" content=\"image\/jpeg\" \/>\n<meta name=\"twitter:card\" content=\"summary_large_image\" \/>\n<meta name=\"twitter:site\" content=\"@TeatreEscalante\" \/>\n<meta name=\"twitter:label1\" content=\"Est. reading time\" \/>\n\t<meta name=\"twitter:data1\" content=\"1 minute\" \/>\n<script type=\"application\/ld+json\" class=\"yoast-schema-graph\">{\"@context\":\"https:\/\/schema.org\",\"@graph\":[{\"@type\":\"WebPage\",\"@id\":\"https:\/\/escalantecentreteatral.dival.es\/val\/espectaculo\/cuento-de-navidad-2\",\"url\":\"https:\/\/escalantecentreteatral.dival.es\/val\/espectaculo\/cuento-de-navidad-2\",\"name\":\"Cuento de Navidad - Escalante Centre Teatral\",\"isPartOf\":{\"@id\":\"https:\/\/escalantecentreteatral.dival.es\/val\/#website\"},\"datePublished\":\"2025-09-26T13:39:09+00:00\",\"dateModified\":\"2025-09-26T13:41:55+00:00\",\"breadcrumb\":{\"@id\":\"https:\/\/escalantecentreteatral.dival.es\/val\/espectaculo\/cuento-de-navidad-2#breadcrumb\"},\"inLanguage\":\"ca\",\"potentialAction\":[{\"@type\":\"ReadAction\",\"target\":[\"https:\/\/escalantecentreteatral.dival.es\/val\/espectaculo\/cuento-de-navidad-2\"]}]},{\"@type\":\"BreadcrumbList\",\"@id\":\"https:\/\/escalantecentreteatral.dival.es\/val\/espectaculo\/cuento-de-navidad-2#breadcrumb\",\"itemListElement\":[{\"@type\":\"ListItem\",\"position\":1,\"name\":\"Home\",\"item\":\"https:\/\/escalantecentreteatral.dival.es\/val\"},{\"@type\":\"ListItem\",\"position\":2,\"name\":\"Espect\u00e1culos\",\"item\":\"https:\/\/escalantecentreteatral.dival.es\/val\/espectaculo\"},{\"@type\":\"ListItem\",\"position\":3,\"name\":\"Cuento de Navidad\"}]},{\"@type\":\"WebSite\",\"@id\":\"https:\/\/escalantecentreteatral.dival.es\/val\/#website\",\"url\":\"https:\/\/escalantecentreteatral.dival.es\/val\/\",\"name\":\"Escalante Centre Teatral\",\"description\":\"Valencia | espectaculos | musicales | artes escenicas.\",\"publisher\":{\"@id\":\"https:\/\/escalantecentreteatral.dival.es\/val\/#organization\"},\"potentialAction\":[{\"@type\":\"SearchAction\",\"target\":{\"@type\":\"EntryPoint\",\"urlTemplate\":\"https:\/\/escalantecentreteatral.dival.es\/val\/?s={search_term_string}\"},\"query-input\":\"required name=search_term_string\"}],\"inLanguage\":\"ca\"},{\"@type\":\"Organization\",\"@id\":\"https:\/\/escalantecentreteatral.dival.es\/val\/#organization\",\"name\":\"Escalante Centre Teatral\",\"alternateName\":\"Escalante Centre Teatral Val\u00e8ncia\",\"url\":\"https:\/\/escalantecentreteatral.dival.es\/val\/\",\"logo\":{\"@type\":\"ImageObject\",\"inLanguage\":\"ca\",\"@id\":\"https:\/\/escalantecentreteatral.dival.es\/val\/#\/schema\/logo\/image\/\",\"url\":\"https:\/\/escalantecentreteatral.dival.es\/wp-content\/uploads\/logo_ect-1.png\",\"contentUrl\":\"https:\/\/escalantecentreteatral.dival.es\/wp-content\/uploads\/logo_ect-1.png\",\"width\":1024,\"height\":292,\"caption\":\"Escalante Centre Teatral\"},\"image\":{\"@id\":\"https:\/\/escalantecentreteatral.dival.es\/val\/#\/schema\/logo\/image\/\"},\"sameAs\":[\"https:\/\/www.facebook.com\/EscalanteTeatre\",\"https:\/\/twitter.com\/TeatreEscalante\",\"https:\/\/www.instagram.com\/centre_escalante\/\",\"https:\/\/www.youtube.com\/channel\/UCaXtimrtZ6eLZKN2qPgPa3g\"]}]}<\/script>\n<!-- \/ Yoast SEO plugin. -->","yoast_head_json":{"title":"Cuento de Navidad - Escalante Centre Teatral","robots":{"index":"index","follow":"follow","max-snippet":"max-snippet:-1","max-image-preview":"max-image-preview:large","max-video-preview":"max-video-preview:-1"},"canonical":"https:\/\/escalantecentreteatral.dival.es\/val\/espectaculo\/cuento-de-navidad-2","og_locale":"ca_ES","og_type":"article","og_title":"Cuento de Navidad - Escalante Centre Teatral","og_description":"L\u2019obsessi\u00f3 d\u2019una xica amb el Conte de Nadal ha fet que des de xicoteta busque la forma perfecta de contar la hist\u00f2ria de Dickens. Una obsessi\u00f3 nascuda d\u2019una ins\u00f2lita tradici\u00f3 familiar, que va iniciar la seua \u00e0via: cada any, un membre de la fam\u00edlia compra una edici\u00f3 diferent del llibre que han de llegir just [&hellip;]","og_url":"https:\/\/escalantecentreteatral.dival.es\/val\/espectaculo\/cuento-de-navidad-2","og_site_name":"Escalante Centre Teatral","article_publisher":"https:\/\/www.facebook.com\/EscalanteTeatre","article_modified_time":"2025-09-26T13:41:55+00:00","og_image":[{"width":1980,"height":1188,"url":"https:\/\/escalantecentreteatral.dival.es\/wp-content\/uploads\/conte_nadal.jpg","type":"image\/jpeg"}],"twitter_card":"summary_large_image","twitter_site":"@TeatreEscalante","twitter_misc":{"Est. reading time":"1 minute"},"schema":{"@context":"https:\/\/schema.org","@graph":[{"@type":"WebPage","@id":"https:\/\/escalantecentreteatral.dival.es\/val\/espectaculo\/cuento-de-navidad-2","url":"https:\/\/escalantecentreteatral.dival.es\/val\/espectaculo\/cuento-de-navidad-2","name":"Cuento de Navidad - Escalante Centre Teatral","isPartOf":{"@id":"https:\/\/escalantecentreteatral.dival.es\/val\/#website"},"datePublished":"2025-09-26T13:39:09+00:00","dateModified":"2025-09-26T13:41:55+00:00","breadcrumb":{"@id":"https:\/\/escalantecentreteatral.dival.es\/val\/espectaculo\/cuento-de-navidad-2#breadcrumb"},"inLanguage":"ca","potentialAction":[{"@type":"ReadAction","target":["https:\/\/escalantecentreteatral.dival.es\/val\/espectaculo\/cuento-de-navidad-2"]}]},{"@type":"BreadcrumbList","@id":"https:\/\/escalantecentreteatral.dival.es\/val\/espectaculo\/cuento-de-navidad-2#breadcrumb","itemListElement":[{"@type":"ListItem","position":1,"name":"Home","item":"https:\/\/escalantecentreteatral.dival.es\/val"},{"@type":"ListItem","position":2,"name":"Espect\u00e1culos","item":"https:\/\/escalantecentreteatral.dival.es\/val\/espectaculo"},{"@type":"ListItem","position":3,"name":"Cuento de Navidad"}]},{"@type":"WebSite","@id":"https:\/\/escalantecentreteatral.dival.es\/val\/#website","url":"https:\/\/escalantecentreteatral.dival.es\/val\/","name":"Escalante Centre Teatral","description":"Valencia | espectaculos | musicales | artes escenicas.","publisher":{"@id":"https:\/\/escalantecentreteatral.dival.es\/val\/#organization"},"potentialAction":[{"@type":"SearchAction","target":{"@type":"EntryPoint","urlTemplate":"https:\/\/escalantecentreteatral.dival.es\/val\/?s={search_term_string}"},"query-input":"required name=search_term_string"}],"inLanguage":"ca"},{"@type":"Organization","@id":"https:\/\/escalantecentreteatral.dival.es\/val\/#organization","name":"Escalante Centre Teatral","alternateName":"Escalante Centre Teatral Val\u00e8ncia","url":"https:\/\/escalantecentreteatral.dival.es\/val\/","logo":{"@type":"ImageObject","inLanguage":"ca","@id":"https:\/\/escalantecentreteatral.dival.es\/val\/#\/schema\/logo\/image\/","url":"https:\/\/escalantecentreteatral.dival.es\/wp-content\/uploads\/logo_ect-1.png","contentUrl":"https:\/\/escalantecentreteatral.dival.es\/wp-content\/uploads\/logo_ect-1.png","width":1024,"height":292,"caption":"Escalante Centre Teatral"},"image":{"@id":"https:\/\/escalantecentreteatral.dival.es\/val\/#\/schema\/logo\/image\/"},"sameAs":["https:\/\/www.facebook.com\/EscalanteTeatre","https:\/\/twitter.com\/TeatreEscalante","https:\/\/www.instagram.com\/centre_escalante\/","https:\/\/www.youtube.com\/channel\/UCaXtimrtZ6eLZKN2qPgPa3g"]}]}},"_links":{"self":[{"href":"https:\/\/escalantecentreteatral.dival.es\/val\/wp-json\/wp\/v2\/espectaculo\/20014"}],"collection":[{"href":"https:\/\/escalantecentreteatral.dival.es\/val\/wp-json\/wp\/v2\/espectaculo"}],"about":[{"href":"https:\/\/escalantecentreteatral.dival.es\/val\/wp-json\/wp\/v2\/types\/espectaculo"}],"author":[{"embeddable":true,"href":"https:\/\/escalantecentreteatral.dival.es\/val\/wp-json\/wp\/v2\/users\/1"}],"version-history":[{"count":5,"href":"https:\/\/escalantecentreteatral.dival.es\/val\/wp-json\/wp\/v2\/espectaculo\/20014\/revisions"}],"predecessor-version":[{"id":20674,"href":"https:\/\/escalantecentreteatral.dival.es\/val\/wp-json\/wp\/v2\/espectaculo\/20014\/revisions\/20674"}],"wp:featuredmedia":[{"embeddable":true,"href":"https:\/\/escalantecentreteatral.dival.es\/val\/wp-json\/wp\/v2\/media\/20009"}],"wp:attachment":[{"href":"https:\/\/escalantecentreteatral.dival.es\/val\/wp-json\/wp\/v2\/media?parent=20014"}],"wp:term":[{"taxonomy":"temporada","embeddable":true,"href":"https:\/\/escalantecentreteatral.dival.es\/val\/wp-json\/wp\/v2\/temporada?post=20014"},{"taxonomy":"genero","embeddable":true,"href":"https:\/\/escalantecentreteatral.dival.es\/val\/wp-json\/wp\/v2\/genero?post=20014"},{"taxonomy":"edades_espec","embeddable":true,"href":"https:\/\/escalantecentreteatral.dival.es\/val\/wp-json\/wp\/v2\/edades_espec?post=20014"},{"taxonomy":"tipo_espec","embeddable":true,"href":"https:\/\/escalantecentreteatral.dival.es\/val\/wp-json\/wp\/v2\/tipo_espec?post=20014"}],"curies":[{"name":"wp","href":"https:\/\/api.w.org\/{rel}","templated":true}]}}

<p>L’obsessió d’una xica amb el Conte de Nadal ha fet que des de xicoteta busque la forma perfecta de contar la història de Dickens. Una obsessió nascuda d’una insòlita tradició familiar, que va iniciar la seua àvia: cada any, un membre de la família compra una edició diferent del llibre que han de llegir just abans del sopar de la nit de Nadal.</p>



<p>A través de maquetes, objectes i mecanismes, i proveïda d’una proximitat i un relat íntims, ens fa reviure la nit en la qual li va canviar la vida a Scrooge, i ens col·loca en un present en el qual la literatura i l’art tenen el poder d’il·luminar els nostres dies.</p>

<p>L’obsessió d’una xica amb el Conte de Nadal ha fet que des de xicoteta busque la forma perfecta de contar la història de Dickens. Una obsessió nascuda d’una insòlita tradició familiar, que va iniciar la seua àvia: cada any, un membre de la família compra una edició diferent del llibre que han de llegir just [&hellip;]</p>

<!-- This site is optimized with the Yoast SEO plugin v21.1 - https://yoast.com/wordpress/plugins/seo/ -->
<title>Cuento de Navidad - Escalante Centre Teatral</title>
<meta name="robots" content="index, follow, max-snippet:-1, max-image-preview:large, max-video-preview:-1" />
<link rel="canonical" href="https://escalantecentreteatral.dival.es/val/espectaculo/cuento-de-navidad-2" />
<meta property="og:locale" content="ca_ES" />
<meta property="og:type" content="article" />
<meta property="og:title" content="Cuento de Navidad - Escalante Centre Teatral" />
<meta property="og:description" content="L’obsessió d’una xica amb el Conte de Nadal ha fet que des de xicoteta busque la forma perfecta de contar la història de Dickens. Una obsessió nascuda d’una insòlita tradició familiar, que va iniciar la seua àvia: cada any, un membre de la família compra una edició diferent del llibre que han de llegir just [&hellip;]" />
<meta property="og:url" content="https://escalantecentreteatral.dival.es/val/espectaculo/cuento-de-navidad-2" />
<meta property="og:site_name" content="Escalante Centre Teatral" />
<meta property="article:publisher" content="https://www.facebook.com/EscalanteTeatre" />
<meta property="article:modified_time" content="2025-09-26T13:41:55+00:00" />
<meta property="og:image" content="https://escalantecentreteatral.dival.es/wp-content/uploads/conte_nadal.jpg" />
	<meta property="og:image:width" content="1980" />
	<meta property="og:image:height" content="1188" />
	<meta property="og:image:type" content="image/jpeg" />
<meta name="twitter:card" content="summary_large_image" />
<meta name="twitter:site" content="@TeatreEscalante" />
<meta name="twitter:label1" content="Est. reading time" />
	<meta name="twitter:data1" content="1 minute" />
<script type="application/ld+json" class="yoast-schema-graph">{"@context":"https://schema.org","@graph":[{"@type":"WebPage","@id":"https://escalantecentreteatral.dival.es/val/espectaculo/cuento-de-navidad-2","url":"https://escalantecentreteatral.dival.es/val/espectaculo/cuento-de-navidad-2","name":"Cuento de Navidad - Escalante Centre Teatral","isPartOf":{"@id":"https://escalantecentreteatral.dival.es/val/#website"},"datePublished":"2025-09-26T13:39:09+00:00","dateModified":"2025-09-26T13:41:55+00:00","breadcrumb":{"@id":"https://escalantecentreteatral.dival.es/val/espectaculo/cuento-de-navidad-2#breadcrumb"},"inLanguage":"ca","potentialAction":[{"@type":"ReadAction","target":["https://escalantecentreteatral.dival.es/val/espectaculo/cuento-de-navidad-2"]}]},{"@type":"BreadcrumbList","@id":"https://escalantecentreteatral.dival.es/val/espectaculo/cuento-de-navidad-2#breadcrumb","itemListElement":[{"@type":"ListItem","position":1,"name":"Home","item":"https://escalantecentreteatral.dival.es/val"},{"@type":"ListItem","position":2,"name":"Espectáculos","item":"https://escalantecentreteatral.dival.es/val/espectaculo"},{"@type":"ListItem","position":3,"name":"Cuento de Navidad"}]},{"@type":"WebSite","@id":"https://escalantecentreteatral.dival.es/val/#website","url":"https://escalantecentreteatral.dival.es/val/","name":"Escalante Centre Teatral","description":"Valencia | espectaculos | musicales | artes escenicas.","publisher":{"@id":"https://escalantecentreteatral.dival.es/val/#organization"},"potentialAction":[{"@type":"SearchAction","target":{"@type":"EntryPoint","urlTemplate":"https://escalantecentreteatral.dival.es/val/?s={search_term_string}"},"query-input":"required name=search_term_string"}],"inLanguage":"ca"},{"@type":"Organization","@id":"https://escalantecentreteatral.dival.es/val/#organization","name":"Escalante Centre Teatral","alternateName":"Escalante Centre Teatral València","url":"https://escalantecentreteatral.dival.es/val/","logo":{"@type":"ImageObject","inLanguage":"ca","@id":"https://escalantecentreteatral.dival.es/val/#/schema/logo/image/","url":"https://escalantecentreteatral.dival.es/wp-content/uploads/logo_ect-1.png","contentUrl":"https://escalantecentreteatral.dival.es/wp-content/uploads/logo_ect-1.png","width":1024,"height":292,"caption":"Escalante Centre Teatral"},"image":{"@id":"https://escalantecentreteatral.dival.es/val/#/schema/logo/image/"},"sameAs":["https://www.facebook.com/EscalanteTeatre","https://twitter.com/TeatreEscalante","https://www.instagram.com/centre_escalante/","https://www.youtube.com/channel/UCaXtimrtZ6eLZKN2qPgPa3g"]}]}</script>
<!-- / Yoast SEO plugin. -->

L’obsessió d’una xica amb el Conte de Nadal ha fet que des de xicoteta busque la forma perfecta de contar la història de Dickens. Una obsessió nascuda d’una insòlita tradició familiar, que va iniciar la seua àvia: cada any, un membre de la família compra una edició diferent del llibre que han de llegir just [&hellip;]

Espectáculos

Escalante Centre Teatral València
