{"id":19985,"date":"2025-09-26T15:38:18","date_gmt":"2025-09-26T13:38:18","guid":{"rendered":"https:\/\/escalantecentreteatral.dival.es\/?post_type=espectaculo&#038;p=19985"},"modified":"2025-09-26T15:38:19","modified_gmt":"2025-09-26T13:38:19","slug":"la-tempesta","status":"publish","type":"espectaculo","link":"https:\/\/escalantecentreteatral.dival.es\/val\/espectaculo\/la-tempesta","title":{"rendered":"La tempesta"},"content":{"rendered":"\n<p><strong>Una ll\u00e0grima pot ser la gota que vessa el got<\/strong><\/p>\n\n\n\n<p>A Pablito li ronda pel cap des de fa un temps un n\u00favol que ni el deixa veure el sol, ni ballar, ni escriure. A m\u00e9s, li lleva llum al seu somriure i fins i tot els trons li fan mal a la panxeta. Pablito sap que perqu\u00e8 eixe n\u00favol desaparega, primer ha de ploure. En esta odissea de barri, acompanyarem un heroi que el que vol \u00e9s plorar, perqu\u00e8 despr\u00e9s de la tempesta sempre arriba la calma.<\/p>\n","protected":false},"excerpt":{"rendered":"<p>Una ll\u00e0grima pot ser la gota que vessa el got A Pablito li ronda pel cap des de fa un temps un n\u00favol que ni el deixa veure el sol, ni ballar, ni escriure. A m\u00e9s, li lleva llum al seu somriure i fins i tot els trons li fan mal a la panxeta. Pablito [&hellip;]<\/p>\n","protected":false},"author":1,"featured_media":19982,"template":"","temporada":[458],"genero":[405],"edades_espec":[409],"tipo_espec":[],"acf":[],"yoast_head":"<!-- This site is optimized with the Yoast SEO plugin v21.1 - https:\/\/yoast.com\/wordpress\/plugins\/seo\/ -->\n<title>La tempesta - Escalante Centre Teatral<\/title>\n<meta name=\"robots\" content=\"index, follow, max-snippet:-1, max-image-preview:large, max-video-preview:-1\" \/>\n<link rel=\"canonical\" href=\"https:\/\/escalantecentreteatral.dival.es\/val\/espectaculo\/la-tempesta\" \/>\n<meta property=\"og:locale\" content=\"ca_ES\" \/>\n<meta property=\"og:type\" content=\"article\" \/>\n<meta property=\"og:title\" content=\"La tempesta - Escalante Centre Teatral\" \/>\n<meta property=\"og:description\" content=\"Una ll\u00e0grima pot ser la gota que vessa el got A Pablito li ronda pel cap des de fa un temps un n\u00favol que ni el deixa veure el sol, ni ballar, ni escriure. A m\u00e9s, li lleva llum al seu somriure i fins i tot els trons li fan mal a la panxeta. Pablito [&hellip;]\" \/>\n<meta property=\"og:url\" content=\"https:\/\/escalantecentreteatral.dival.es\/val\/espectaculo\/la-tempesta\" \/>\n<meta property=\"og:site_name\" content=\"Escalante Centre Teatral\" \/>\n<meta property=\"article:publisher\" content=\"https:\/\/www.facebook.com\/EscalanteTeatre\" \/>\n<meta property=\"article:modified_time\" content=\"2025-09-26T13:38:19+00:00\" \/>\n<meta property=\"og:image\" content=\"https:\/\/escalantecentreteatral.dival.es\/wp-content\/uploads\/tormenta.jpg\" \/>\n\t<meta property=\"og:image:width\" content=\"1980\" \/>\n\t<meta property=\"og:image:height\" content=\"1188\" \/>\n\t<meta property=\"og:image:type\" content=\"image\/jpeg\" \/>\n<meta name=\"twitter:card\" content=\"summary_large_image\" \/>\n<meta name=\"twitter:site\" content=\"@TeatreEscalante\" \/>\n<meta name=\"twitter:label1\" content=\"Est. reading time\" \/>\n\t<meta name=\"twitter:data1\" content=\"1 minute\" \/>\n<script type=\"application\/ld+json\" class=\"yoast-schema-graph\">{\"@context\":\"https:\/\/schema.org\",\"@graph\":[{\"@type\":\"WebPage\",\"@id\":\"https:\/\/escalantecentreteatral.dival.es\/val\/espectaculo\/la-tempesta\",\"url\":\"https:\/\/escalantecentreteatral.dival.es\/val\/espectaculo\/la-tempesta\",\"name\":\"La tempesta - Escalante Centre Teatral\",\"isPartOf\":{\"@id\":\"https:\/\/escalantecentreteatral.dival.es\/val\/#website\"},\"datePublished\":\"2025-09-26T13:38:18+00:00\",\"dateModified\":\"2025-09-26T13:38:19+00:00\",\"breadcrumb\":{\"@id\":\"https:\/\/escalantecentreteatral.dival.es\/val\/espectaculo\/la-tempesta#breadcrumb\"},\"inLanguage\":\"ca\",\"potentialAction\":[{\"@type\":\"ReadAction\",\"target\":[\"https:\/\/escalantecentreteatral.dival.es\/val\/espectaculo\/la-tempesta\"]}]},{\"@type\":\"BreadcrumbList\",\"@id\":\"https:\/\/escalantecentreteatral.dival.es\/val\/espectaculo\/la-tempesta#breadcrumb\",\"itemListElement\":[{\"@type\":\"ListItem\",\"position\":1,\"name\":\"Home\",\"item\":\"https:\/\/escalantecentreteatral.dival.es\/val\"},{\"@type\":\"ListItem\",\"position\":2,\"name\":\"Espect\u00e1culos\",\"item\":\"https:\/\/escalantecentreteatral.dival.es\/val\/espectaculo\"},{\"@type\":\"ListItem\",\"position\":3,\"name\":\"La tempesta\"}]},{\"@type\":\"WebSite\",\"@id\":\"https:\/\/escalantecentreteatral.dival.es\/val\/#website\",\"url\":\"https:\/\/escalantecentreteatral.dival.es\/val\/\",\"name\":\"Escalante Centre Teatral\",\"description\":\"Valencia | espectaculos | musicales | artes escenicas.\",\"publisher\":{\"@id\":\"https:\/\/escalantecentreteatral.dival.es\/val\/#organization\"},\"potentialAction\":[{\"@type\":\"SearchAction\",\"target\":{\"@type\":\"EntryPoint\",\"urlTemplate\":\"https:\/\/escalantecentreteatral.dival.es\/val\/?s={search_term_string}\"},\"query-input\":\"required name=search_term_string\"}],\"inLanguage\":\"ca\"},{\"@type\":\"Organization\",\"@id\":\"https:\/\/escalantecentreteatral.dival.es\/val\/#organization\",\"name\":\"Escalante Centre Teatral\",\"alternateName\":\"Escalante Centre Teatral Val\u00e8ncia\",\"url\":\"https:\/\/escalantecentreteatral.dival.es\/val\/\",\"logo\":{\"@type\":\"ImageObject\",\"inLanguage\":\"ca\",\"@id\":\"https:\/\/escalantecentreteatral.dival.es\/val\/#\/schema\/logo\/image\/\",\"url\":\"https:\/\/escalantecentreteatral.dival.es\/wp-content\/uploads\/logo_ect-1.png\",\"contentUrl\":\"https:\/\/escalantecentreteatral.dival.es\/wp-content\/uploads\/logo_ect-1.png\",\"width\":1024,\"height\":292,\"caption\":\"Escalante Centre Teatral\"},\"image\":{\"@id\":\"https:\/\/escalantecentreteatral.dival.es\/val\/#\/schema\/logo\/image\/\"},\"sameAs\":[\"https:\/\/www.facebook.com\/EscalanteTeatre\",\"https:\/\/twitter.com\/TeatreEscalante\",\"https:\/\/www.instagram.com\/centre_escalante\/\",\"https:\/\/www.youtube.com\/channel\/UCaXtimrtZ6eLZKN2qPgPa3g\"]}]}<\/script>\n<!-- \/ Yoast SEO plugin. -->","yoast_head_json":{"title":"La tempesta - Escalante Centre Teatral","robots":{"index":"index","follow":"follow","max-snippet":"max-snippet:-1","max-image-preview":"max-image-preview:large","max-video-preview":"max-video-preview:-1"},"canonical":"https:\/\/escalantecentreteatral.dival.es\/val\/espectaculo\/la-tempesta","og_locale":"ca_ES","og_type":"article","og_title":"La tempesta - Escalante Centre Teatral","og_description":"Una ll\u00e0grima pot ser la gota que vessa el got A Pablito li ronda pel cap des de fa un temps un n\u00favol que ni el deixa veure el sol, ni ballar, ni escriure. A m\u00e9s, li lleva llum al seu somriure i fins i tot els trons li fan mal a la panxeta. Pablito [&hellip;]","og_url":"https:\/\/escalantecentreteatral.dival.es\/val\/espectaculo\/la-tempesta","og_site_name":"Escalante Centre Teatral","article_publisher":"https:\/\/www.facebook.com\/EscalanteTeatre","article_modified_time":"2025-09-26T13:38:19+00:00","og_image":[{"width":1980,"height":1188,"url":"https:\/\/escalantecentreteatral.dival.es\/wp-content\/uploads\/tormenta.jpg","type":"image\/jpeg"}],"twitter_card":"summary_large_image","twitter_site":"@TeatreEscalante","twitter_misc":{"Est. reading time":"1 minute"},"schema":{"@context":"https:\/\/schema.org","@graph":[{"@type":"WebPage","@id":"https:\/\/escalantecentreteatral.dival.es\/val\/espectaculo\/la-tempesta","url":"https:\/\/escalantecentreteatral.dival.es\/val\/espectaculo\/la-tempesta","name":"La tempesta - Escalante Centre Teatral","isPartOf":{"@id":"https:\/\/escalantecentreteatral.dival.es\/val\/#website"},"datePublished":"2025-09-26T13:38:18+00:00","dateModified":"2025-09-26T13:38:19+00:00","breadcrumb":{"@id":"https:\/\/escalantecentreteatral.dival.es\/val\/espectaculo\/la-tempesta#breadcrumb"},"inLanguage":"ca","potentialAction":[{"@type":"ReadAction","target":["https:\/\/escalantecentreteatral.dival.es\/val\/espectaculo\/la-tempesta"]}]},{"@type":"BreadcrumbList","@id":"https:\/\/escalantecentreteatral.dival.es\/val\/espectaculo\/la-tempesta#breadcrumb","itemListElement":[{"@type":"ListItem","position":1,"name":"Home","item":"https:\/\/escalantecentreteatral.dival.es\/val"},{"@type":"ListItem","position":2,"name":"Espect\u00e1culos","item":"https:\/\/escalantecentreteatral.dival.es\/val\/espectaculo"},{"@type":"ListItem","position":3,"name":"La tempesta"}]},{"@type":"WebSite","@id":"https:\/\/escalantecentreteatral.dival.es\/val\/#website","url":"https:\/\/escalantecentreteatral.dival.es\/val\/","name":"Escalante Centre Teatral","description":"Valencia | espectaculos | musicales | artes escenicas.","publisher":{"@id":"https:\/\/escalantecentreteatral.dival.es\/val\/#organization"},"potentialAction":[{"@type":"SearchAction","target":{"@type":"EntryPoint","urlTemplate":"https:\/\/escalantecentreteatral.dival.es\/val\/?s={search_term_string}"},"query-input":"required name=search_term_string"}],"inLanguage":"ca"},{"@type":"Organization","@id":"https:\/\/escalantecentreteatral.dival.es\/val\/#organization","name":"Escalante Centre Teatral","alternateName":"Escalante Centre Teatral Val\u00e8ncia","url":"https:\/\/escalantecentreteatral.dival.es\/val\/","logo":{"@type":"ImageObject","inLanguage":"ca","@id":"https:\/\/escalantecentreteatral.dival.es\/val\/#\/schema\/logo\/image\/","url":"https:\/\/escalantecentreteatral.dival.es\/wp-content\/uploads\/logo_ect-1.png","contentUrl":"https:\/\/escalantecentreteatral.dival.es\/wp-content\/uploads\/logo_ect-1.png","width":1024,"height":292,"caption":"Escalante Centre Teatral"},"image":{"@id":"https:\/\/escalantecentreteatral.dival.es\/val\/#\/schema\/logo\/image\/"},"sameAs":["https:\/\/www.facebook.com\/EscalanteTeatre","https:\/\/twitter.com\/TeatreEscalante","https:\/\/www.instagram.com\/centre_escalante\/","https:\/\/www.youtube.com\/channel\/UCaXtimrtZ6eLZKN2qPgPa3g"]}]}},"_links":{"self":[{"href":"https:\/\/escalantecentreteatral.dival.es\/val\/wp-json\/wp\/v2\/espectaculo\/19985"}],"collection":[{"href":"https:\/\/escalantecentreteatral.dival.es\/val\/wp-json\/wp\/v2\/espectaculo"}],"about":[{"href":"https:\/\/escalantecentreteatral.dival.es\/val\/wp-json\/wp\/v2\/types\/espectaculo"}],"author":[{"embeddable":true,"href":"https:\/\/escalantecentreteatral.dival.es\/val\/wp-json\/wp\/v2\/users\/1"}],"version-history":[{"count":4,"href":"https:\/\/escalantecentreteatral.dival.es\/val\/wp-json\/wp\/v2\/espectaculo\/19985\/revisions"}],"predecessor-version":[{"id":20399,"href":"https:\/\/escalantecentreteatral.dival.es\/val\/wp-json\/wp\/v2\/espectaculo\/19985\/revisions\/20399"}],"wp:featuredmedia":[{"embeddable":true,"href":"https:\/\/escalantecentreteatral.dival.es\/val\/wp-json\/wp\/v2\/media\/19982"}],"wp:attachment":[{"href":"https:\/\/escalantecentreteatral.dival.es\/val\/wp-json\/wp\/v2\/media?parent=19985"}],"wp:term":[{"taxonomy":"temporada","embeddable":true,"href":"https:\/\/escalantecentreteatral.dival.es\/val\/wp-json\/wp\/v2\/temporada?post=19985"},{"taxonomy":"genero","embeddable":true,"href":"https:\/\/escalantecentreteatral.dival.es\/val\/wp-json\/wp\/v2\/genero?post=19985"},{"taxonomy":"edades_espec","embeddable":true,"href":"https:\/\/escalantecentreteatral.dival.es\/val\/wp-json\/wp\/v2\/edades_espec?post=19985"},{"taxonomy":"tipo_espec","embeddable":true,"href":"https:\/\/escalantecentreteatral.dival.es\/val\/wp-json\/wp\/v2\/tipo_espec?post=19985"}],"curies":[{"name":"wp","href":"https:\/\/api.w.org\/{rel}","templated":true}]}}

<p><strong>Una llàgrima pot ser la gota que vessa el got</strong></p>



<p>A Pablito li ronda pel cap des de fa un temps un núvol que ni el deixa veure el sol, ni ballar, ni escriure. A més, li lleva llum al seu somriure i fins i tot els trons li fan mal a la panxeta. Pablito sap que perquè eixe núvol desaparega, primer ha de ploure. En esta odissea de barri, acompanyarem un heroi que el que vol és plorar, perquè després de la tempesta sempre arriba la calma.</p>

<p>Una llàgrima pot ser la gota que vessa el got A Pablito li ronda pel cap des de fa un temps un núvol que ni el deixa veure el sol, ni ballar, ni escriure. A més, li lleva llum al seu somriure i fins i tot els trons li fan mal a la panxeta. Pablito [&hellip;]</p>

<!-- This site is optimized with the Yoast SEO plugin v21.1 - https://yoast.com/wordpress/plugins/seo/ -->
<title>La tempesta - Escalante Centre Teatral</title>
<meta name="robots" content="index, follow, max-snippet:-1, max-image-preview:large, max-video-preview:-1" />
<link rel="canonical" href="https://escalantecentreteatral.dival.es/val/espectaculo/la-tempesta" />
<meta property="og:locale" content="ca_ES" />
<meta property="og:type" content="article" />
<meta property="og:title" content="La tempesta - Escalante Centre Teatral" />
<meta property="og:description" content="Una llàgrima pot ser la gota que vessa el got A Pablito li ronda pel cap des de fa un temps un núvol que ni el deixa veure el sol, ni ballar, ni escriure. A més, li lleva llum al seu somriure i fins i tot els trons li fan mal a la panxeta. Pablito [&hellip;]" />
<meta property="og:url" content="https://escalantecentreteatral.dival.es/val/espectaculo/la-tempesta" />
<meta property="og:site_name" content="Escalante Centre Teatral" />
<meta property="article:publisher" content="https://www.facebook.com/EscalanteTeatre" />
<meta property="article:modified_time" content="2025-09-26T13:38:19+00:00" />
<meta property="og:image" content="https://escalantecentreteatral.dival.es/wp-content/uploads/tormenta.jpg" />
	<meta property="og:image:width" content="1980" />
	<meta property="og:image:height" content="1188" />
	<meta property="og:image:type" content="image/jpeg" />
<meta name="twitter:card" content="summary_large_image" />
<meta name="twitter:site" content="@TeatreEscalante" />
<meta name="twitter:label1" content="Est. reading time" />
	<meta name="twitter:data1" content="1 minute" />
<script type="application/ld+json" class="yoast-schema-graph">{"@context":"https://schema.org","@graph":[{"@type":"WebPage","@id":"https://escalantecentreteatral.dival.es/val/espectaculo/la-tempesta","url":"https://escalantecentreteatral.dival.es/val/espectaculo/la-tempesta","name":"La tempesta - Escalante Centre Teatral","isPartOf":{"@id":"https://escalantecentreteatral.dival.es/val/#website"},"datePublished":"2025-09-26T13:38:18+00:00","dateModified":"2025-09-26T13:38:19+00:00","breadcrumb":{"@id":"https://escalantecentreteatral.dival.es/val/espectaculo/la-tempesta#breadcrumb"},"inLanguage":"ca","potentialAction":[{"@type":"ReadAction","target":["https://escalantecentreteatral.dival.es/val/espectaculo/la-tempesta"]}]},{"@type":"BreadcrumbList","@id":"https://escalantecentreteatral.dival.es/val/espectaculo/la-tempesta#breadcrumb","itemListElement":[{"@type":"ListItem","position":1,"name":"Home","item":"https://escalantecentreteatral.dival.es/val"},{"@type":"ListItem","position":2,"name":"Espectáculos","item":"https://escalantecentreteatral.dival.es/val/espectaculo"},{"@type":"ListItem","position":3,"name":"La tempesta"}]},{"@type":"WebSite","@id":"https://escalantecentreteatral.dival.es/val/#website","url":"https://escalantecentreteatral.dival.es/val/","name":"Escalante Centre Teatral","description":"Valencia | espectaculos | musicales | artes escenicas.","publisher":{"@id":"https://escalantecentreteatral.dival.es/val/#organization"},"potentialAction":[{"@type":"SearchAction","target":{"@type":"EntryPoint","urlTemplate":"https://escalantecentreteatral.dival.es/val/?s={search_term_string}"},"query-input":"required name=search_term_string"}],"inLanguage":"ca"},{"@type":"Organization","@id":"https://escalantecentreteatral.dival.es/val/#organization","name":"Escalante Centre Teatral","alternateName":"Escalante Centre Teatral València","url":"https://escalantecentreteatral.dival.es/val/","logo":{"@type":"ImageObject","inLanguage":"ca","@id":"https://escalantecentreteatral.dival.es/val/#/schema/logo/image/","url":"https://escalantecentreteatral.dival.es/wp-content/uploads/logo_ect-1.png","contentUrl":"https://escalantecentreteatral.dival.es/wp-content/uploads/logo_ect-1.png","width":1024,"height":292,"caption":"Escalante Centre Teatral"},"image":{"@id":"https://escalantecentreteatral.dival.es/val/#/schema/logo/image/"},"sameAs":["https://www.facebook.com/EscalanteTeatre","https://twitter.com/TeatreEscalante","https://www.instagram.com/centre_escalante/","https://www.youtube.com/channel/UCaXtimrtZ6eLZKN2qPgPa3g"]}]}</script>
<!-- / Yoast SEO plugin. -->

Una llàgrima pot ser la gota que vessa el got A Pablito li ronda pel cap des de fa un temps un núvol que ni el deixa veure el sol, ni ballar, ni escriure. A més, li lleva llum al seu somriure i fins i tot els trons li fan mal a la panxeta. Pablito [&hellip;]

Espectáculos

Escalante Centre Teatral València
