{"id":19973,"date":"2025-09-26T15:34:59","date_gmt":"2025-09-26T13:34:59","guid":{"rendered":"https:\/\/escalantecentreteatral.dival.es\/?post_type=espectaculo&#038;p=19973"},"modified":"2025-09-26T15:34:59","modified_gmt":"2025-09-26T13:34:59","slug":"la-maestra","status":"publish","type":"espectaculo","link":"https:\/\/escalantecentreteatral.dival.es\/val\/espectaculo\/la-maestra","title":{"rendered":"La maestra"},"content":{"rendered":"\n<p>La mestra i la seua xicoteta classe han constru\u00eft junts una bella escola, una escola en el bosc on caben tots els animals.<br>La paraula m\u00e9s estimada per la nostra mestra \u00e9s <em>llibertat<\/em>, per la qual cosa vol que la seua classe cresca lliurement. <\/p>\n\n\n\n<p>Desgraciadament, els majors comencen una guerra que obligar\u00e0 els nostres protagonistes a deixar arrere la seua somiada escola, una escola constru\u00efda des de l\u2019amor i la cura m\u00fatua.<\/p>\n\n\n\n<p>La hist\u00f2ria de La maestra \u00e9s un intent boig i bonic de ser lliure i feli\u00e7.<\/p>\n","protected":false},"excerpt":{"rendered":"<p>La mestra i la seua xicoteta classe han constru\u00eft junts una bella escola, una escola en el bosc on caben tots els animals.La paraula m\u00e9s estimada per la nostra mestra \u00e9s llibertat, per la qual cosa vol que la seua classe cresca lliurement. Desgraciadament, els majors comencen una guerra que obligar\u00e0 els nostres protagonistes a [&hellip;]<\/p>\n","protected":false},"author":1,"featured_media":19970,"template":"","temporada":[458],"genero":[414,405,404],"edades_espec":[409],"tipo_espec":[],"acf":[],"yoast_head":"<!-- This site is optimized with the Yoast SEO plugin v21.1 - https:\/\/yoast.com\/wordpress\/plugins\/seo\/ -->\n<title>La maestra - Escalante Centre Teatral<\/title>\n<meta name=\"robots\" content=\"index, follow, max-snippet:-1, max-image-preview:large, max-video-preview:-1\" \/>\n<link rel=\"canonical\" href=\"https:\/\/escalantecentreteatral.dival.es\/val\/espectaculo\/la-maestra\" \/>\n<meta property=\"og:locale\" content=\"ca_ES\" \/>\n<meta property=\"og:type\" content=\"article\" \/>\n<meta property=\"og:title\" content=\"La maestra - Escalante Centre Teatral\" \/>\n<meta property=\"og:description\" content=\"La mestra i la seua xicoteta classe han constru\u00eft junts una bella escola, una escola en el bosc on caben tots els animals.La paraula m\u00e9s estimada per la nostra mestra \u00e9s llibertat, per la qual cosa vol que la seua classe cresca lliurement. Desgraciadament, els majors comencen una guerra que obligar\u00e0 els nostres protagonistes a [&hellip;]\" \/>\n<meta property=\"og:url\" content=\"https:\/\/escalantecentreteatral.dival.es\/val\/espectaculo\/la-maestra\" \/>\n<meta property=\"og:site_name\" content=\"Escalante Centre Teatral\" \/>\n<meta property=\"article:publisher\" content=\"https:\/\/www.facebook.com\/EscalanteTeatre\" \/>\n<meta property=\"og:image\" content=\"https:\/\/escalantecentreteatral.dival.es\/wp-content\/uploads\/maestra.jpg\" \/>\n\t<meta property=\"og:image:width\" content=\"1980\" \/>\n\t<meta property=\"og:image:height\" content=\"1188\" \/>\n\t<meta property=\"og:image:type\" content=\"image\/jpeg\" \/>\n<meta name=\"twitter:card\" content=\"summary_large_image\" \/>\n<meta name=\"twitter:site\" content=\"@TeatreEscalante\" \/>\n<meta name=\"twitter:label1\" content=\"Est. reading time\" \/>\n\t<meta name=\"twitter:data1\" content=\"1 minute\" \/>\n<script type=\"application\/ld+json\" class=\"yoast-schema-graph\">{\"@context\":\"https:\/\/schema.org\",\"@graph\":[{\"@type\":\"WebPage\",\"@id\":\"https:\/\/escalantecentreteatral.dival.es\/val\/espectaculo\/la-maestra\",\"url\":\"https:\/\/escalantecentreteatral.dival.es\/val\/espectaculo\/la-maestra\",\"name\":\"La maestra - Escalante Centre Teatral\",\"isPartOf\":{\"@id\":\"https:\/\/escalantecentreteatral.dival.es\/val\/#website\"},\"datePublished\":\"2025-09-26T13:34:59+00:00\",\"dateModified\":\"2025-09-26T13:34:59+00:00\",\"breadcrumb\":{\"@id\":\"https:\/\/escalantecentreteatral.dival.es\/val\/espectaculo\/la-maestra#breadcrumb\"},\"inLanguage\":\"ca\",\"potentialAction\":[{\"@type\":\"ReadAction\",\"target\":[\"https:\/\/escalantecentreteatral.dival.es\/val\/espectaculo\/la-maestra\"]}]},{\"@type\":\"BreadcrumbList\",\"@id\":\"https:\/\/escalantecentreteatral.dival.es\/val\/espectaculo\/la-maestra#breadcrumb\",\"itemListElement\":[{\"@type\":\"ListItem\",\"position\":1,\"name\":\"Home\",\"item\":\"https:\/\/escalantecentreteatral.dival.es\/val\"},{\"@type\":\"ListItem\",\"position\":2,\"name\":\"Espect\u00e1culos\",\"item\":\"https:\/\/escalantecentreteatral.dival.es\/val\/espectaculo\"},{\"@type\":\"ListItem\",\"position\":3,\"name\":\"La maestra\"}]},{\"@type\":\"WebSite\",\"@id\":\"https:\/\/escalantecentreteatral.dival.es\/val\/#website\",\"url\":\"https:\/\/escalantecentreteatral.dival.es\/val\/\",\"name\":\"Escalante Centre Teatral\",\"description\":\"Valencia | espectaculos | musicales | artes escenicas.\",\"publisher\":{\"@id\":\"https:\/\/escalantecentreteatral.dival.es\/val\/#organization\"},\"potentialAction\":[{\"@type\":\"SearchAction\",\"target\":{\"@type\":\"EntryPoint\",\"urlTemplate\":\"https:\/\/escalantecentreteatral.dival.es\/val\/?s={search_term_string}\"},\"query-input\":\"required name=search_term_string\"}],\"inLanguage\":\"ca\"},{\"@type\":\"Organization\",\"@id\":\"https:\/\/escalantecentreteatral.dival.es\/val\/#organization\",\"name\":\"Escalante Centre Teatral\",\"alternateName\":\"Escalante Centre Teatral Val\u00e8ncia\",\"url\":\"https:\/\/escalantecentreteatral.dival.es\/val\/\",\"logo\":{\"@type\":\"ImageObject\",\"inLanguage\":\"ca\",\"@id\":\"https:\/\/escalantecentreteatral.dival.es\/val\/#\/schema\/logo\/image\/\",\"url\":\"https:\/\/escalantecentreteatral.dival.es\/wp-content\/uploads\/logo_ect-1.png\",\"contentUrl\":\"https:\/\/escalantecentreteatral.dival.es\/wp-content\/uploads\/logo_ect-1.png\",\"width\":1024,\"height\":292,\"caption\":\"Escalante Centre Teatral\"},\"image\":{\"@id\":\"https:\/\/escalantecentreteatral.dival.es\/val\/#\/schema\/logo\/image\/\"},\"sameAs\":[\"https:\/\/www.facebook.com\/EscalanteTeatre\",\"https:\/\/twitter.com\/TeatreEscalante\",\"https:\/\/www.instagram.com\/centre_escalante\/\",\"https:\/\/www.youtube.com\/channel\/UCaXtimrtZ6eLZKN2qPgPa3g\"]}]}<\/script>\n<!-- \/ Yoast SEO plugin. -->","yoast_head_json":{"title":"La maestra - Escalante Centre Teatral","robots":{"index":"index","follow":"follow","max-snippet":"max-snippet:-1","max-image-preview":"max-image-preview:large","max-video-preview":"max-video-preview:-1"},"canonical":"https:\/\/escalantecentreteatral.dival.es\/val\/espectaculo\/la-maestra","og_locale":"ca_ES","og_type":"article","og_title":"La maestra - Escalante Centre Teatral","og_description":"La mestra i la seua xicoteta classe han constru\u00eft junts una bella escola, una escola en el bosc on caben tots els animals.La paraula m\u00e9s estimada per la nostra mestra \u00e9s llibertat, per la qual cosa vol que la seua classe cresca lliurement. Desgraciadament, els majors comencen una guerra que obligar\u00e0 els nostres protagonistes a [&hellip;]","og_url":"https:\/\/escalantecentreteatral.dival.es\/val\/espectaculo\/la-maestra","og_site_name":"Escalante Centre Teatral","article_publisher":"https:\/\/www.facebook.com\/EscalanteTeatre","og_image":[{"width":1980,"height":1188,"url":"https:\/\/escalantecentreteatral.dival.es\/wp-content\/uploads\/maestra.jpg","type":"image\/jpeg"}],"twitter_card":"summary_large_image","twitter_site":"@TeatreEscalante","twitter_misc":{"Est. reading time":"1 minute"},"schema":{"@context":"https:\/\/schema.org","@graph":[{"@type":"WebPage","@id":"https:\/\/escalantecentreteatral.dival.es\/val\/espectaculo\/la-maestra","url":"https:\/\/escalantecentreteatral.dival.es\/val\/espectaculo\/la-maestra","name":"La maestra - Escalante Centre Teatral","isPartOf":{"@id":"https:\/\/escalantecentreteatral.dival.es\/val\/#website"},"datePublished":"2025-09-26T13:34:59+00:00","dateModified":"2025-09-26T13:34:59+00:00","breadcrumb":{"@id":"https:\/\/escalantecentreteatral.dival.es\/val\/espectaculo\/la-maestra#breadcrumb"},"inLanguage":"ca","potentialAction":[{"@type":"ReadAction","target":["https:\/\/escalantecentreteatral.dival.es\/val\/espectaculo\/la-maestra"]}]},{"@type":"BreadcrumbList","@id":"https:\/\/escalantecentreteatral.dival.es\/val\/espectaculo\/la-maestra#breadcrumb","itemListElement":[{"@type":"ListItem","position":1,"name":"Home","item":"https:\/\/escalantecentreteatral.dival.es\/val"},{"@type":"ListItem","position":2,"name":"Espect\u00e1culos","item":"https:\/\/escalantecentreteatral.dival.es\/val\/espectaculo"},{"@type":"ListItem","position":3,"name":"La maestra"}]},{"@type":"WebSite","@id":"https:\/\/escalantecentreteatral.dival.es\/val\/#website","url":"https:\/\/escalantecentreteatral.dival.es\/val\/","name":"Escalante Centre Teatral","description":"Valencia | espectaculos | musicales | artes escenicas.","publisher":{"@id":"https:\/\/escalantecentreteatral.dival.es\/val\/#organization"},"potentialAction":[{"@type":"SearchAction","target":{"@type":"EntryPoint","urlTemplate":"https:\/\/escalantecentreteatral.dival.es\/val\/?s={search_term_string}"},"query-input":"required name=search_term_string"}],"inLanguage":"ca"},{"@type":"Organization","@id":"https:\/\/escalantecentreteatral.dival.es\/val\/#organization","name":"Escalante Centre Teatral","alternateName":"Escalante Centre Teatral Val\u00e8ncia","url":"https:\/\/escalantecentreteatral.dival.es\/val\/","logo":{"@type":"ImageObject","inLanguage":"ca","@id":"https:\/\/escalantecentreteatral.dival.es\/val\/#\/schema\/logo\/image\/","url":"https:\/\/escalantecentreteatral.dival.es\/wp-content\/uploads\/logo_ect-1.png","contentUrl":"https:\/\/escalantecentreteatral.dival.es\/wp-content\/uploads\/logo_ect-1.png","width":1024,"height":292,"caption":"Escalante Centre Teatral"},"image":{"@id":"https:\/\/escalantecentreteatral.dival.es\/val\/#\/schema\/logo\/image\/"},"sameAs":["https:\/\/www.facebook.com\/EscalanteTeatre","https:\/\/twitter.com\/TeatreEscalante","https:\/\/www.instagram.com\/centre_escalante\/","https:\/\/www.youtube.com\/channel\/UCaXtimrtZ6eLZKN2qPgPa3g"]}]}},"_links":{"self":[{"href":"https:\/\/escalantecentreteatral.dival.es\/val\/wp-json\/wp\/v2\/espectaculo\/19973"}],"collection":[{"href":"https:\/\/escalantecentreteatral.dival.es\/val\/wp-json\/wp\/v2\/espectaculo"}],"about":[{"href":"https:\/\/escalantecentreteatral.dival.es\/val\/wp-json\/wp\/v2\/types\/espectaculo"}],"author":[{"embeddable":true,"href":"https:\/\/escalantecentreteatral.dival.es\/val\/wp-json\/wp\/v2\/users\/1"}],"version-history":[{"count":4,"href":"https:\/\/escalantecentreteatral.dival.es\/val\/wp-json\/wp\/v2\/espectaculo\/19973\/revisions"}],"predecessor-version":[{"id":20402,"href":"https:\/\/escalantecentreteatral.dival.es\/val\/wp-json\/wp\/v2\/espectaculo\/19973\/revisions\/20402"}],"wp:featuredmedia":[{"embeddable":true,"href":"https:\/\/escalantecentreteatral.dival.es\/val\/wp-json\/wp\/v2\/media\/19970"}],"wp:attachment":[{"href":"https:\/\/escalantecentreteatral.dival.es\/val\/wp-json\/wp\/v2\/media?parent=19973"}],"wp:term":[{"taxonomy":"temporada","embeddable":true,"href":"https:\/\/escalantecentreteatral.dival.es\/val\/wp-json\/wp\/v2\/temporada?post=19973"},{"taxonomy":"genero","embeddable":true,"href":"https:\/\/escalantecentreteatral.dival.es\/val\/wp-json\/wp\/v2\/genero?post=19973"},{"taxonomy":"edades_espec","embeddable":true,"href":"https:\/\/escalantecentreteatral.dival.es\/val\/wp-json\/wp\/v2\/edades_espec?post=19973"},{"taxonomy":"tipo_espec","embeddable":true,"href":"https:\/\/escalantecentreteatral.dival.es\/val\/wp-json\/wp\/v2\/tipo_espec?post=19973"}],"curies":[{"name":"wp","href":"https:\/\/api.w.org\/{rel}","templated":true}]}}

<p>La mestra i la seua xicoteta classe han construït junts una bella escola, una escola en el bosc on caben tots els animals.<br>La paraula més estimada per la nostra mestra és <em>llibertat</em>, per la qual cosa vol que la seua classe cresca lliurement. </p>



<p>Desgraciadament, els majors comencen una guerra que obligarà els nostres protagonistes a deixar arrere la seua somiada escola, una escola construïda des de l’amor i la cura mútua.</p>



<p>La història de La maestra és un intent boig i bonic de ser lliure i feliç.</p>

<p>La mestra i la seua xicoteta classe han construït junts una bella escola, una escola en el bosc on caben tots els animals.La paraula més estimada per la nostra mestra és llibertat, per la qual cosa vol que la seua classe cresca lliurement. Desgraciadament, els majors comencen una guerra que obligarà els nostres protagonistes a [&hellip;]</p>

<!-- This site is optimized with the Yoast SEO plugin v21.1 - https://yoast.com/wordpress/plugins/seo/ -->
<title>La maestra - Escalante Centre Teatral</title>
<meta name="robots" content="index, follow, max-snippet:-1, max-image-preview:large, max-video-preview:-1" />
<link rel="canonical" href="https://escalantecentreteatral.dival.es/val/espectaculo/la-maestra" />
<meta property="og:locale" content="ca_ES" />
<meta property="og:type" content="article" />
<meta property="og:title" content="La maestra - Escalante Centre Teatral" />
<meta property="og:description" content="La mestra i la seua xicoteta classe han construït junts una bella escola, una escola en el bosc on caben tots els animals.La paraula més estimada per la nostra mestra és llibertat, per la qual cosa vol que la seua classe cresca lliurement. Desgraciadament, els majors comencen una guerra que obligarà els nostres protagonistes a [&hellip;]" />
<meta property="og:url" content="https://escalantecentreteatral.dival.es/val/espectaculo/la-maestra" />
<meta property="og:site_name" content="Escalante Centre Teatral" />
<meta property="article:publisher" content="https://www.facebook.com/EscalanteTeatre" />
<meta property="og:image" content="https://escalantecentreteatral.dival.es/wp-content/uploads/maestra.jpg" />
	<meta property="og:image:width" content="1980" />
	<meta property="og:image:height" content="1188" />
	<meta property="og:image:type" content="image/jpeg" />
<meta name="twitter:card" content="summary_large_image" />
<meta name="twitter:site" content="@TeatreEscalante" />
<meta name="twitter:label1" content="Est. reading time" />
	<meta name="twitter:data1" content="1 minute" />
<script type="application/ld+json" class="yoast-schema-graph">{"@context":"https://schema.org","@graph":[{"@type":"WebPage","@id":"https://escalantecentreteatral.dival.es/val/espectaculo/la-maestra","url":"https://escalantecentreteatral.dival.es/val/espectaculo/la-maestra","name":"La maestra - Escalante Centre Teatral","isPartOf":{"@id":"https://escalantecentreteatral.dival.es/val/#website"},"datePublished":"2025-09-26T13:34:59+00:00","dateModified":"2025-09-26T13:34:59+00:00","breadcrumb":{"@id":"https://escalantecentreteatral.dival.es/val/espectaculo/la-maestra#breadcrumb"},"inLanguage":"ca","potentialAction":[{"@type":"ReadAction","target":["https://escalantecentreteatral.dival.es/val/espectaculo/la-maestra"]}]},{"@type":"BreadcrumbList","@id":"https://escalantecentreteatral.dival.es/val/espectaculo/la-maestra#breadcrumb","itemListElement":[{"@type":"ListItem","position":1,"name":"Home","item":"https://escalantecentreteatral.dival.es/val"},{"@type":"ListItem","position":2,"name":"Espectáculos","item":"https://escalantecentreteatral.dival.es/val/espectaculo"},{"@type":"ListItem","position":3,"name":"La maestra"}]},{"@type":"WebSite","@id":"https://escalantecentreteatral.dival.es/val/#website","url":"https://escalantecentreteatral.dival.es/val/","name":"Escalante Centre Teatral","description":"Valencia | espectaculos | musicales | artes escenicas.","publisher":{"@id":"https://escalantecentreteatral.dival.es/val/#organization"},"potentialAction":[{"@type":"SearchAction","target":{"@type":"EntryPoint","urlTemplate":"https://escalantecentreteatral.dival.es/val/?s={search_term_string}"},"query-input":"required name=search_term_string"}],"inLanguage":"ca"},{"@type":"Organization","@id":"https://escalantecentreteatral.dival.es/val/#organization","name":"Escalante Centre Teatral","alternateName":"Escalante Centre Teatral València","url":"https://escalantecentreteatral.dival.es/val/","logo":{"@type":"ImageObject","inLanguage":"ca","@id":"https://escalantecentreteatral.dival.es/val/#/schema/logo/image/","url":"https://escalantecentreteatral.dival.es/wp-content/uploads/logo_ect-1.png","contentUrl":"https://escalantecentreteatral.dival.es/wp-content/uploads/logo_ect-1.png","width":1024,"height":292,"caption":"Escalante Centre Teatral"},"image":{"@id":"https://escalantecentreteatral.dival.es/val/#/schema/logo/image/"},"sameAs":["https://www.facebook.com/EscalanteTeatre","https://twitter.com/TeatreEscalante","https://www.instagram.com/centre_escalante/","https://www.youtube.com/channel/UCaXtimrtZ6eLZKN2qPgPa3g"]}]}</script>
<!-- / Yoast SEO plugin. -->

La mestra i la seua xicoteta classe han construït junts una bella escola, una escola en el bosc on caben tots els animals.La paraula més estimada per la nostra mestra és llibertat, per la qual cosa vol que la seua classe cresca lliurement. Desgraciadament, els majors comencen una guerra que obligarà els nostres protagonistes a [&hellip;]

Espectáculos

Escalante Centre Teatral València
