{"id":18278,"date":"2024-08-12T13:00:36","date_gmt":"2024-08-12T11:00:36","guid":{"rendered":"https:\/\/escalantecentreteatral.dival.es\/espectaculo\/larbre-de-tenere"},"modified":"2024-08-26T14:53:34","modified_gmt":"2024-08-26T12:53:34","slug":"larbre-de-tenere","status":"publish","type":"espectaculo","link":"https:\/\/escalantecentreteatral.dival.es\/val\/espectaculo\/larbre-de-tenere","title":{"rendered":"L\u2019arbre de Tener\u00e9"},"content":{"rendered":"\n<p>L\u2019arbre del Tener\u00e9 era una ac\u00e0cia que va ser considerada durant molt de temps, l\u2019arbre m\u00e9s solitari i a\u00efllat de la terra.<\/p>\n\n\n\n<p>Este arbre va ser l\u2019\u00faltim supervivent d\u2019un grup d\u2019arbres que van cr\u00e9ixer quan el desert era molt menys sec que hui, un temps en el qual eixa arena estava plena de llacs i vida. Per\u00f2 va arribar la desertificaci\u00f3 i el nostre arbre va passar d\u00e8cades en soledat. Fins que a principis del segle XX una caravana de tuaregs en direcci\u00f3 a N\u00edger el va descobrir i l\u2019ac\u00e0cia va passar a ser un arbre referencial i venerat.<\/p>\n\n\n\n<p>En 1973  un conductor embriac, va xocar contra ell i el va matar<\/p>\n\n\n\n<p><\/p>\n\n\n\n<p><strong>el 9\/01\/25 a les 10:30h versi\u00f3 en angl\u00e9s<\/strong><\/p>\n\n\n\n<p><strong>el 10\/01\/2025 a les 12:00h versi\u00f3 en angl\u00e9s<\/strong><\/p>\n","protected":false},"excerpt":{"rendered":"<p>L\u2019arbre del Tener\u00e9 era una ac\u00e0cia que va ser considerada durant molt de temps, l\u2019arbre m\u00e9s solitari i a\u00efllat de la terra. Este arbre va ser l\u2019\u00faltim supervivent d\u2019un grup d\u2019arbres que van cr\u00e9ixer quan el desert era molt menys sec que hui, un temps en el qual eixa arena estava plena de llacs i [&hellip;]<\/p>\n","protected":false},"author":1,"featured_media":18449,"template":"","temporada":[435],"genero":[398],"edades_espec":[409,408],"tipo_espec":[],"acf":[],"yoast_head":"<!-- This site is optimized with the Yoast SEO plugin v21.1 - https:\/\/yoast.com\/wordpress\/plugins\/seo\/ -->\n<title>L\u2019arbre de Tener\u00e9 - Escalante Centre Teatral<\/title>\n<meta name=\"robots\" content=\"index, follow, max-snippet:-1, max-image-preview:large, max-video-preview:-1\" \/>\n<link rel=\"canonical\" href=\"https:\/\/escalantecentreteatral.dival.es\/val\/espectaculo\/larbre-de-tenere\" \/>\n<meta property=\"og:locale\" content=\"ca_ES\" \/>\n<meta property=\"og:type\" content=\"article\" \/>\n<meta property=\"og:title\" content=\"L\u2019arbre de Tener\u00e9 - Escalante Centre Teatral\" \/>\n<meta property=\"og:description\" content=\"L\u2019arbre del Tener\u00e9 era una ac\u00e0cia que va ser considerada durant molt de temps, l\u2019arbre m\u00e9s solitari i a\u00efllat de la terra. Este arbre va ser l\u2019\u00faltim supervivent d\u2019un grup d\u2019arbres que van cr\u00e9ixer quan el desert era molt menys sec que hui, un temps en el qual eixa arena estava plena de llacs i [&hellip;]\" \/>\n<meta property=\"og:url\" content=\"https:\/\/escalantecentreteatral.dival.es\/val\/espectaculo\/larbre-de-tenere\" \/>\n<meta property=\"og:site_name\" content=\"Escalante Centre Teatral\" \/>\n<meta property=\"article:publisher\" content=\"https:\/\/www.facebook.com\/EscalanteTeatre\" \/>\n<meta property=\"article:modified_time\" content=\"2024-08-26T12:53:34+00:00\" \/>\n<meta property=\"og:image\" content=\"https:\/\/escalantecentreteatral.dival.es\/wp-content\/uploads\/arbol_tenere-1.jpg\" \/>\n\t<meta property=\"og:image:width\" content=\"1980\" \/>\n\t<meta property=\"og:image:height\" content=\"1188\" \/>\n\t<meta property=\"og:image:type\" content=\"image\/jpeg\" \/>\n<meta name=\"twitter:card\" content=\"summary_large_image\" \/>\n<meta name=\"twitter:site\" content=\"@TeatreEscalante\" \/>\n<meta name=\"twitter:label1\" content=\"Est. reading time\" \/>\n\t<meta name=\"twitter:data1\" content=\"1 minute\" \/>\n<script type=\"application\/ld+json\" class=\"yoast-schema-graph\">{\"@context\":\"https:\/\/schema.org\",\"@graph\":[{\"@type\":\"WebPage\",\"@id\":\"https:\/\/escalantecentreteatral.dival.es\/val\/espectaculo\/larbre-de-tenere\",\"url\":\"https:\/\/escalantecentreteatral.dival.es\/val\/espectaculo\/larbre-de-tenere\",\"name\":\"L\u2019arbre de Tener\u00e9 - Escalante Centre Teatral\",\"isPartOf\":{\"@id\":\"https:\/\/escalantecentreteatral.dival.es\/val\/#website\"},\"datePublished\":\"2024-08-12T11:00:36+00:00\",\"dateModified\":\"2024-08-26T12:53:34+00:00\",\"breadcrumb\":{\"@id\":\"https:\/\/escalantecentreteatral.dival.es\/val\/espectaculo\/larbre-de-tenere#breadcrumb\"},\"inLanguage\":\"ca\",\"potentialAction\":[{\"@type\":\"ReadAction\",\"target\":[\"https:\/\/escalantecentreteatral.dival.es\/val\/espectaculo\/larbre-de-tenere\"]}]},{\"@type\":\"BreadcrumbList\",\"@id\":\"https:\/\/escalantecentreteatral.dival.es\/val\/espectaculo\/larbre-de-tenere#breadcrumb\",\"itemListElement\":[{\"@type\":\"ListItem\",\"position\":1,\"name\":\"Home\",\"item\":\"https:\/\/escalantecentreteatral.dival.es\/val\"},{\"@type\":\"ListItem\",\"position\":2,\"name\":\"Espect\u00e1culos\",\"item\":\"https:\/\/escalantecentreteatral.dival.es\/val\/espectaculo\"},{\"@type\":\"ListItem\",\"position\":3,\"name\":\"L\u2019arbre de Tener\u00e9\"}]},{\"@type\":\"WebSite\",\"@id\":\"https:\/\/escalantecentreteatral.dival.es\/val\/#website\",\"url\":\"https:\/\/escalantecentreteatral.dival.es\/val\/\",\"name\":\"Escalante Centre Teatral\",\"description\":\"Valencia | espectaculos | musicales | artes escenicas.\",\"publisher\":{\"@id\":\"https:\/\/escalantecentreteatral.dival.es\/val\/#organization\"},\"potentialAction\":[{\"@type\":\"SearchAction\",\"target\":{\"@type\":\"EntryPoint\",\"urlTemplate\":\"https:\/\/escalantecentreteatral.dival.es\/val\/?s={search_term_string}\"},\"query-input\":\"required name=search_term_string\"}],\"inLanguage\":\"ca\"},{\"@type\":\"Organization\",\"@id\":\"https:\/\/escalantecentreteatral.dival.es\/val\/#organization\",\"name\":\"Escalante Centre Teatral\",\"alternateName\":\"Escalante Centre Teatral Val\u00e8ncia\",\"url\":\"https:\/\/escalantecentreteatral.dival.es\/val\/\",\"logo\":{\"@type\":\"ImageObject\",\"inLanguage\":\"ca\",\"@id\":\"https:\/\/escalantecentreteatral.dival.es\/val\/#\/schema\/logo\/image\/\",\"url\":\"https:\/\/escalantecentreteatral.dival.es\/wp-content\/uploads\/logo_ect-1.png\",\"contentUrl\":\"https:\/\/escalantecentreteatral.dival.es\/wp-content\/uploads\/logo_ect-1.png\",\"width\":1024,\"height\":292,\"caption\":\"Escalante Centre Teatral\"},\"image\":{\"@id\":\"https:\/\/escalantecentreteatral.dival.es\/val\/#\/schema\/logo\/image\/\"},\"sameAs\":[\"https:\/\/www.facebook.com\/EscalanteTeatre\",\"https:\/\/twitter.com\/TeatreEscalante\",\"https:\/\/www.instagram.com\/centre_escalante\/\",\"https:\/\/www.youtube.com\/channel\/UCaXtimrtZ6eLZKN2qPgPa3g\"]}]}<\/script>\n<!-- \/ Yoast SEO plugin. -->","yoast_head_json":{"title":"L\u2019arbre de Tener\u00e9 - Escalante Centre Teatral","robots":{"index":"index","follow":"follow","max-snippet":"max-snippet:-1","max-image-preview":"max-image-preview:large","max-video-preview":"max-video-preview:-1"},"canonical":"https:\/\/escalantecentreteatral.dival.es\/val\/espectaculo\/larbre-de-tenere","og_locale":"ca_ES","og_type":"article","og_title":"L\u2019arbre de Tener\u00e9 - Escalante Centre Teatral","og_description":"L\u2019arbre del Tener\u00e9 era una ac\u00e0cia que va ser considerada durant molt de temps, l\u2019arbre m\u00e9s solitari i a\u00efllat de la terra. Este arbre va ser l\u2019\u00faltim supervivent d\u2019un grup d\u2019arbres que van cr\u00e9ixer quan el desert era molt menys sec que hui, un temps en el qual eixa arena estava plena de llacs i [&hellip;]","og_url":"https:\/\/escalantecentreteatral.dival.es\/val\/espectaculo\/larbre-de-tenere","og_site_name":"Escalante Centre Teatral","article_publisher":"https:\/\/www.facebook.com\/EscalanteTeatre","article_modified_time":"2024-08-26T12:53:34+00:00","og_image":[{"width":1980,"height":1188,"url":"https:\/\/escalantecentreteatral.dival.es\/wp-content\/uploads\/arbol_tenere-1.jpg","type":"image\/jpeg"}],"twitter_card":"summary_large_image","twitter_site":"@TeatreEscalante","twitter_misc":{"Est. reading time":"1 minute"},"schema":{"@context":"https:\/\/schema.org","@graph":[{"@type":"WebPage","@id":"https:\/\/escalantecentreteatral.dival.es\/val\/espectaculo\/larbre-de-tenere","url":"https:\/\/escalantecentreteatral.dival.es\/val\/espectaculo\/larbre-de-tenere","name":"L\u2019arbre de Tener\u00e9 - Escalante Centre Teatral","isPartOf":{"@id":"https:\/\/escalantecentreteatral.dival.es\/val\/#website"},"datePublished":"2024-08-12T11:00:36+00:00","dateModified":"2024-08-26T12:53:34+00:00","breadcrumb":{"@id":"https:\/\/escalantecentreteatral.dival.es\/val\/espectaculo\/larbre-de-tenere#breadcrumb"},"inLanguage":"ca","potentialAction":[{"@type":"ReadAction","target":["https:\/\/escalantecentreteatral.dival.es\/val\/espectaculo\/larbre-de-tenere"]}]},{"@type":"BreadcrumbList","@id":"https:\/\/escalantecentreteatral.dival.es\/val\/espectaculo\/larbre-de-tenere#breadcrumb","itemListElement":[{"@type":"ListItem","position":1,"name":"Home","item":"https:\/\/escalantecentreteatral.dival.es\/val"},{"@type":"ListItem","position":2,"name":"Espect\u00e1culos","item":"https:\/\/escalantecentreteatral.dival.es\/val\/espectaculo"},{"@type":"ListItem","position":3,"name":"L\u2019arbre de Tener\u00e9"}]},{"@type":"WebSite","@id":"https:\/\/escalantecentreteatral.dival.es\/val\/#website","url":"https:\/\/escalantecentreteatral.dival.es\/val\/","name":"Escalante Centre Teatral","description":"Valencia | espectaculos | musicales | artes escenicas.","publisher":{"@id":"https:\/\/escalantecentreteatral.dival.es\/val\/#organization"},"potentialAction":[{"@type":"SearchAction","target":{"@type":"EntryPoint","urlTemplate":"https:\/\/escalantecentreteatral.dival.es\/val\/?s={search_term_string}"},"query-input":"required name=search_term_string"}],"inLanguage":"ca"},{"@type":"Organization","@id":"https:\/\/escalantecentreteatral.dival.es\/val\/#organization","name":"Escalante Centre Teatral","alternateName":"Escalante Centre Teatral Val\u00e8ncia","url":"https:\/\/escalantecentreteatral.dival.es\/val\/","logo":{"@type":"ImageObject","inLanguage":"ca","@id":"https:\/\/escalantecentreteatral.dival.es\/val\/#\/schema\/logo\/image\/","url":"https:\/\/escalantecentreteatral.dival.es\/wp-content\/uploads\/logo_ect-1.png","contentUrl":"https:\/\/escalantecentreteatral.dival.es\/wp-content\/uploads\/logo_ect-1.png","width":1024,"height":292,"caption":"Escalante Centre Teatral"},"image":{"@id":"https:\/\/escalantecentreteatral.dival.es\/val\/#\/schema\/logo\/image\/"},"sameAs":["https:\/\/www.facebook.com\/EscalanteTeatre","https:\/\/twitter.com\/TeatreEscalante","https:\/\/www.instagram.com\/centre_escalante\/","https:\/\/www.youtube.com\/channel\/UCaXtimrtZ6eLZKN2qPgPa3g"]}]}},"_links":{"self":[{"href":"https:\/\/escalantecentreteatral.dival.es\/val\/wp-json\/wp\/v2\/espectaculo\/18278"}],"collection":[{"href":"https:\/\/escalantecentreteatral.dival.es\/val\/wp-json\/wp\/v2\/espectaculo"}],"about":[{"href":"https:\/\/escalantecentreteatral.dival.es\/val\/wp-json\/wp\/v2\/types\/espectaculo"}],"author":[{"embeddable":true,"href":"https:\/\/escalantecentreteatral.dival.es\/val\/wp-json\/wp\/v2\/users\/1"}],"version-history":[{"count":6,"href":"https:\/\/escalantecentreteatral.dival.es\/val\/wp-json\/wp\/v2\/espectaculo\/18278\/revisions"}],"predecessor-version":[{"id":18788,"href":"https:\/\/escalantecentreteatral.dival.es\/val\/wp-json\/wp\/v2\/espectaculo\/18278\/revisions\/18788"}],"wp:featuredmedia":[{"embeddable":true,"href":"https:\/\/escalantecentreteatral.dival.es\/val\/wp-json\/wp\/v2\/media\/18449"}],"wp:attachment":[{"href":"https:\/\/escalantecentreteatral.dival.es\/val\/wp-json\/wp\/v2\/media?parent=18278"}],"wp:term":[{"taxonomy":"temporada","embeddable":true,"href":"https:\/\/escalantecentreteatral.dival.es\/val\/wp-json\/wp\/v2\/temporada?post=18278"},{"taxonomy":"genero","embeddable":true,"href":"https:\/\/escalantecentreteatral.dival.es\/val\/wp-json\/wp\/v2\/genero?post=18278"},{"taxonomy":"edades_espec","embeddable":true,"href":"https:\/\/escalantecentreteatral.dival.es\/val\/wp-json\/wp\/v2\/edades_espec?post=18278"},{"taxonomy":"tipo_espec","embeddable":true,"href":"https:\/\/escalantecentreteatral.dival.es\/val\/wp-json\/wp\/v2\/tipo_espec?post=18278"}],"curies":[{"name":"wp","href":"https:\/\/api.w.org\/{rel}","templated":true}]}}

L’arbre de Teneré

<p>L’arbre del Teneré era una acàcia que va ser considerada durant molt de temps, l’arbre més solitari i aïllat de la terra.</p>



<p>Este arbre va ser l’últim supervivent d’un grup d’arbres que van créixer quan el desert era molt menys sec que hui, un temps en el qual eixa arena estava plena de llacs i vida. Però va arribar la desertificació i el nostre arbre va passar dècades en soledat. Fins que a principis del segle XX una caravana de tuaregs en direcció a Níger el va descobrir i l’acàcia va passar a ser un arbre referencial i venerat.</p>



<p>En 1973  un conductor embriac, va xocar contra ell i el va matar</p>



<p></p>



<p><strong>el 9/01/25 a les 10:30h versió en anglés</strong></p>



<p><strong>el 10/01/2025 a les 12:00h versió en anglés</strong></p>

<p>L’arbre del Teneré era una acàcia que va ser considerada durant molt de temps, l’arbre més solitari i aïllat de la terra. Este arbre va ser l’últim supervivent d’un grup d’arbres que van créixer quan el desert era molt menys sec que hui, un temps en el qual eixa arena estava plena de llacs i [&hellip;]</p>

<!-- This site is optimized with the Yoast SEO plugin v21.1 - https://yoast.com/wordpress/plugins/seo/ -->
<title>L’arbre de Teneré - Escalante Centre Teatral</title>
<meta name="robots" content="index, follow, max-snippet:-1, max-image-preview:large, max-video-preview:-1" />
<link rel="canonical" href="https://escalantecentreteatral.dival.es/val/espectaculo/larbre-de-tenere" />
<meta property="og:locale" content="ca_ES" />
<meta property="og:type" content="article" />
<meta property="og:title" content="L’arbre de Teneré - Escalante Centre Teatral" />
<meta property="og:description" content="L’arbre del Teneré era una acàcia que va ser considerada durant molt de temps, l’arbre més solitari i aïllat de la terra. Este arbre va ser l’últim supervivent d’un grup d’arbres que van créixer quan el desert era molt menys sec que hui, un temps en el qual eixa arena estava plena de llacs i [&hellip;]" />
<meta property="og:url" content="https://escalantecentreteatral.dival.es/val/espectaculo/larbre-de-tenere" />
<meta property="og:site_name" content="Escalante Centre Teatral" />
<meta property="article:publisher" content="https://www.facebook.com/EscalanteTeatre" />
<meta property="article:modified_time" content="2024-08-26T12:53:34+00:00" />
<meta property="og:image" content="https://escalantecentreteatral.dival.es/wp-content/uploads/arbol_tenere-1.jpg" />
	<meta property="og:image:width" content="1980" />
	<meta property="og:image:height" content="1188" />
	<meta property="og:image:type" content="image/jpeg" />
<meta name="twitter:card" content="summary_large_image" />
<meta name="twitter:site" content="@TeatreEscalante" />
<meta name="twitter:label1" content="Est. reading time" />
	<meta name="twitter:data1" content="1 minute" />
<script type="application/ld+json" class="yoast-schema-graph">{"@context":"https://schema.org","@graph":[{"@type":"WebPage","@id":"https://escalantecentreteatral.dival.es/val/espectaculo/larbre-de-tenere","url":"https://escalantecentreteatral.dival.es/val/espectaculo/larbre-de-tenere","name":"L’arbre de Teneré - Escalante Centre Teatral","isPartOf":{"@id":"https://escalantecentreteatral.dival.es/val/#website"},"datePublished":"2024-08-12T11:00:36+00:00","dateModified":"2024-08-26T12:53:34+00:00","breadcrumb":{"@id":"https://escalantecentreteatral.dival.es/val/espectaculo/larbre-de-tenere#breadcrumb"},"inLanguage":"ca","potentialAction":[{"@type":"ReadAction","target":["https://escalantecentreteatral.dival.es/val/espectaculo/larbre-de-tenere"]}]},{"@type":"BreadcrumbList","@id":"https://escalantecentreteatral.dival.es/val/espectaculo/larbre-de-tenere#breadcrumb","itemListElement":[{"@type":"ListItem","position":1,"name":"Home","item":"https://escalantecentreteatral.dival.es/val"},{"@type":"ListItem","position":2,"name":"Espectáculos","item":"https://escalantecentreteatral.dival.es/val/espectaculo"},{"@type":"ListItem","position":3,"name":"L’arbre de Teneré"}]},{"@type":"WebSite","@id":"https://escalantecentreteatral.dival.es/val/#website","url":"https://escalantecentreteatral.dival.es/val/","name":"Escalante Centre Teatral","description":"Valencia | espectaculos | musicales | artes escenicas.","publisher":{"@id":"https://escalantecentreteatral.dival.es/val/#organization"},"potentialAction":[{"@type":"SearchAction","target":{"@type":"EntryPoint","urlTemplate":"https://escalantecentreteatral.dival.es/val/?s={search_term_string}"},"query-input":"required name=search_term_string"}],"inLanguage":"ca"},{"@type":"Organization","@id":"https://escalantecentreteatral.dival.es/val/#organization","name":"Escalante Centre Teatral","alternateName":"Escalante Centre Teatral València","url":"https://escalantecentreteatral.dival.es/val/","logo":{"@type":"ImageObject","inLanguage":"ca","@id":"https://escalantecentreteatral.dival.es/val/#/schema/logo/image/","url":"https://escalantecentreteatral.dival.es/wp-content/uploads/logo_ect-1.png","contentUrl":"https://escalantecentreteatral.dival.es/wp-content/uploads/logo_ect-1.png","width":1024,"height":292,"caption":"Escalante Centre Teatral"},"image":{"@id":"https://escalantecentreteatral.dival.es/val/#/schema/logo/image/"},"sameAs":["https://www.facebook.com/EscalanteTeatre","https://twitter.com/TeatreEscalante","https://www.instagram.com/centre_escalante/","https://www.youtube.com/channel/UCaXtimrtZ6eLZKN2qPgPa3g"]}]}</script>
<!-- / Yoast SEO plugin. -->

L’arbre de Teneré - Escalante Centre Teatral

L’arbre del Teneré era una acàcia que va ser considerada durant molt de temps, l’arbre més solitari i aïllat de la terra. Este arbre va ser l’últim supervivent d’un grup d’arbres que van créixer quan el desert era molt menys sec que hui, un temps en el qual eixa arena estava plena de llacs i [&hellip;]

Espectáculos

Escalante Centre Teatral València
