{"id":1655,"date":"2016-09-04T13:17:13","date_gmt":"2016-09-04T13:17:13","guid":{"rendered":"http:\/\/localhost\/salaescalantecentreteatral\/val\/events\/event\/cyrano-de-bergerac"},"modified":"2017-05-16T11:38:07","modified_gmt":"2017-05-16T11:38:07","slug":"cyrano-de-bergerac-val","status":"publish","type":"espectaculo","link":"https:\/\/escalantecentreteatral.dival.es\/val\/espectaculo\/cyrano-de-bergerac-val","title":{"rendered":"Cyrano de Bergerac"},"content":{"rendered":"<p>L\u2019espectacle que proposem \u00e9s una adaptaci\u00f3\u00a0del popular Cyrano de Bergerac d\u2019Edmond\u00a0Rostand. Afrontem este cl\u00e0ssic universal actualitzant\u00a0el seu argument per\u00f2 tamb\u00e9 mantenint\u00a0l\u2019ess\u00e8ncia i els valors de l\u2019obra original.\u00a0Hem volgut refor\u00e7ar eixos valors i al mateix\u00a0temps dotar-los de for\u00e7a teatral barrejant-los\u00a0amb l\u2019esperit d\u2019aventura, les lluites d\u2019espases,\u00a0la com\u00e8dia i les noves tecnologies.\u00a0En eixe sentit, Marc, el protagonista de la nostra\u00a0adaptaci\u00f3, t\u00e9 al seu abast qualsevol informaci\u00f3\u00a0gr\u00e0cies a internet. Per\u00f2, com ens passa\u00a0molt sovint, aix\u00f2 no estimula el seu inter\u00e8s cap\u00a0a eixa informaci\u00f3. El viatge vital que emprendr\u00e0\u00a0Marc el far\u00e0 valorar experi\u00e8ncies reals i\u00a0personals que mai trobaria a la pantalla del\u00a0seu ordinador. I a m\u00e9s, mogut per les circumst\u00e0ncies,\u00a0haur\u00e0 de fer un \u00fas profit\u00f3s del seu\u00a0smartphone amb connexi\u00f3 a internet.\u00a0La funci\u00f3 \u00e9s a punt de comen\u00e7ar. Ha arribat el\u00a0moment de desconnectar els nostres m\u00f2bils\u2026\u00a0i llan\u00e7ar-nos a l\u2019aventura.<\/p>\n","protected":false},"excerpt":{"rendered":"<p>L\u2019espectacle que proposem \u00e9s una adaptaci\u00f3\u00a0del popular Cyrano de Bergerac d\u2019Edmond\u00a0Rostand. Afrontem este cl\u00e0ssic universal actualitzant\u00a0el seu argument per\u00f2 tamb\u00e9 mantenint\u00a0l\u2019ess\u00e8ncia i els valors de l\u2019obra original.\u00a0Hem volgut refor\u00e7ar eixos valors i al mateix\u00a0temps dotar-los de for\u00e7a teatral barrejant-los\u00a0amb l\u2019esperit d\u2019aventura, les lluites d\u2019espases,\u00a0la com\u00e8dia i les noves tecnologies.\u00a0En eixe sentit, Marc, el protagonista de [&hellip;]<\/p>\n","protected":false},"author":1,"featured_media":0,"template":"","temporada":[],"genero":[],"edades_espec":[],"tipo_espec":[416],"acf":[],"yoast_head":"<!-- This site is optimized with the Yoast SEO plugin v21.1 - https:\/\/yoast.com\/wordpress\/plugins\/seo\/ -->\n<title>Cyrano de Bergerac - Escalante Centre Teatral<\/title>\n<meta name=\"robots\" content=\"index, follow, max-snippet:-1, max-image-preview:large, max-video-preview:-1\" \/>\n<link rel=\"canonical\" href=\"https:\/\/escalantecentreteatral.dival.es\/espectaculo\/cyrano-de-bergerac\" \/>\n<meta property=\"og:locale\" content=\"ca_ES\" \/>\n<meta property=\"og:type\" content=\"article\" \/>\n<meta property=\"og:title\" content=\"Cyrano de Bergerac - Escalante Centre Teatral\" \/>\n<meta property=\"og:description\" content=\"L\u2019espectacle que proposem \u00e9s una adaptaci\u00f3\u00a0del popular Cyrano de Bergerac d\u2019Edmond\u00a0Rostand. Afrontem este cl\u00e0ssic universal actualitzant\u00a0el seu argument per\u00f2 tamb\u00e9 mantenint\u00a0l\u2019ess\u00e8ncia i els valors de l\u2019obra original.\u00a0Hem volgut refor\u00e7ar eixos valors i al mateix\u00a0temps dotar-los de for\u00e7a teatral barrejant-los\u00a0amb l\u2019esperit d\u2019aventura, les lluites d\u2019espases,\u00a0la com\u00e8dia i les noves tecnologies.\u00a0En eixe sentit, Marc, el protagonista de [&hellip;]\" \/>\n<meta property=\"og:url\" content=\"https:\/\/escalantecentreteatral.dival.es\/espectaculo\/cyrano-de-bergerac\" \/>\n<meta property=\"og:site_name\" content=\"Escalante Centre Teatral\" \/>\n<meta property=\"article:publisher\" content=\"https:\/\/www.facebook.com\/EscalanteTeatre\" \/>\n<meta property=\"article:modified_time\" content=\"2017-05-16T11:38:07+00:00\" \/>\n<meta property=\"og:image\" content=\"https:\/\/escalantecentreteatral.dival.es\/wp-content\/uploads\/logo_ect_nu_ect.png\" \/>\n\t<meta property=\"og:image:width\" content=\"800\" \/>\n\t<meta property=\"og:image:height\" content=\"800\" \/>\n\t<meta property=\"og:image:type\" content=\"image\/png\" \/>\n<meta name=\"twitter:card\" content=\"summary_large_image\" \/>\n<meta name=\"twitter:site\" content=\"@TeatreEscalante\" \/>\n<meta name=\"twitter:label1\" content=\"Est. reading time\" \/>\n\t<meta name=\"twitter:data1\" content=\"1 minute\" \/>\n<script type=\"application\/ld+json\" class=\"yoast-schema-graph\">{\"@context\":\"https:\/\/schema.org\",\"@graph\":[{\"@type\":\"WebPage\",\"@id\":\"https:\/\/escalantecentreteatral.dival.es\/espectaculo\/cyrano-de-bergerac\",\"url\":\"https:\/\/escalantecentreteatral.dival.es\/espectaculo\/cyrano-de-bergerac\",\"name\":\"Cyrano de Bergerac - Escalante Centre Teatral\",\"isPartOf\":{\"@id\":\"https:\/\/escalantecentreteatral.dival.es\/val\/#website\"},\"datePublished\":\"2016-09-04T13:17:13+00:00\",\"dateModified\":\"2017-05-16T11:38:07+00:00\",\"breadcrumb\":{\"@id\":\"https:\/\/escalantecentreteatral.dival.es\/espectaculo\/cyrano-de-bergerac#breadcrumb\"},\"inLanguage\":\"ca\",\"potentialAction\":[{\"@type\":\"ReadAction\",\"target\":[\"https:\/\/escalantecentreteatral.dival.es\/espectaculo\/cyrano-de-bergerac\"]}]},{\"@type\":\"BreadcrumbList\",\"@id\":\"https:\/\/escalantecentreteatral.dival.es\/espectaculo\/cyrano-de-bergerac#breadcrumb\",\"itemListElement\":[{\"@type\":\"ListItem\",\"position\":1,\"name\":\"Home\",\"item\":\"https:\/\/escalantecentreteatral.dival.es\/val\"},{\"@type\":\"ListItem\",\"position\":2,\"name\":\"Espect\u00e1culos\",\"item\":\"https:\/\/escalantecentreteatral.dival.es\/val\/espectaculo\"},{\"@type\":\"ListItem\",\"position\":3,\"name\":\"Cyrano de Bergerac\"}]},{\"@type\":\"WebSite\",\"@id\":\"https:\/\/escalantecentreteatral.dival.es\/val\/#website\",\"url\":\"https:\/\/escalantecentreteatral.dival.es\/val\/\",\"name\":\"Escalante Centre Teatral\",\"description\":\"Valencia | espectaculos | musicales | artes escenicas.\",\"publisher\":{\"@id\":\"https:\/\/escalantecentreteatral.dival.es\/val\/#organization\"},\"potentialAction\":[{\"@type\":\"SearchAction\",\"target\":{\"@type\":\"EntryPoint\",\"urlTemplate\":\"https:\/\/escalantecentreteatral.dival.es\/val\/?s={search_term_string}\"},\"query-input\":\"required name=search_term_string\"}],\"inLanguage\":\"ca\"},{\"@type\":\"Organization\",\"@id\":\"https:\/\/escalantecentreteatral.dival.es\/val\/#organization\",\"name\":\"Escalante Centre Teatral\",\"alternateName\":\"Escalante Centre Teatral Val\u00e8ncia\",\"url\":\"https:\/\/escalantecentreteatral.dival.es\/val\/\",\"logo\":{\"@type\":\"ImageObject\",\"inLanguage\":\"ca\",\"@id\":\"https:\/\/escalantecentreteatral.dival.es\/val\/#\/schema\/logo\/image\/\",\"url\":\"https:\/\/escalantecentreteatral.dival.es\/wp-content\/uploads\/logo_ect-1.png\",\"contentUrl\":\"https:\/\/escalantecentreteatral.dival.es\/wp-content\/uploads\/logo_ect-1.png\",\"width\":1024,\"height\":292,\"caption\":\"Escalante Centre Teatral\"},\"image\":{\"@id\":\"https:\/\/escalantecentreteatral.dival.es\/val\/#\/schema\/logo\/image\/\"},\"sameAs\":[\"https:\/\/www.facebook.com\/EscalanteTeatre\",\"https:\/\/twitter.com\/TeatreEscalante\",\"https:\/\/www.instagram.com\/centre_escalante\/\",\"https:\/\/www.youtube.com\/channel\/UCaXtimrtZ6eLZKN2qPgPa3g\"]}]}<\/script>\n<!-- \/ Yoast SEO plugin. -->","yoast_head_json":{"title":"Cyrano de Bergerac - Escalante Centre Teatral","robots":{"index":"index","follow":"follow","max-snippet":"max-snippet:-1","max-image-preview":"max-image-preview:large","max-video-preview":"max-video-preview:-1"},"canonical":"https:\/\/escalantecentreteatral.dival.es\/espectaculo\/cyrano-de-bergerac","og_locale":"ca_ES","og_type":"article","og_title":"Cyrano de Bergerac - Escalante Centre Teatral","og_description":"L\u2019espectacle que proposem \u00e9s una adaptaci\u00f3\u00a0del popular Cyrano de Bergerac d\u2019Edmond\u00a0Rostand. Afrontem este cl\u00e0ssic universal actualitzant\u00a0el seu argument per\u00f2 tamb\u00e9 mantenint\u00a0l\u2019ess\u00e8ncia i els valors de l\u2019obra original.\u00a0Hem volgut refor\u00e7ar eixos valors i al mateix\u00a0temps dotar-los de for\u00e7a teatral barrejant-los\u00a0amb l\u2019esperit d\u2019aventura, les lluites d\u2019espases,\u00a0la com\u00e8dia i les noves tecnologies.\u00a0En eixe sentit, Marc, el protagonista de [&hellip;]","og_url":"https:\/\/escalantecentreteatral.dival.es\/espectaculo\/cyrano-de-bergerac","og_site_name":"Escalante Centre Teatral","article_publisher":"https:\/\/www.facebook.com\/EscalanteTeatre","article_modified_time":"2017-05-16T11:38:07+00:00","og_image":[{"width":800,"height":800,"url":"https:\/\/escalantecentreteatral.dival.es\/wp-content\/uploads\/logo_ect_nu_ect.png","type":"image\/png"}],"twitter_card":"summary_large_image","twitter_site":"@TeatreEscalante","twitter_misc":{"Est. reading time":"1 minute"},"schema":{"@context":"https:\/\/schema.org","@graph":[{"@type":"WebPage","@id":"https:\/\/escalantecentreteatral.dival.es\/espectaculo\/cyrano-de-bergerac","url":"https:\/\/escalantecentreteatral.dival.es\/espectaculo\/cyrano-de-bergerac","name":"Cyrano de Bergerac - Escalante Centre Teatral","isPartOf":{"@id":"https:\/\/escalantecentreteatral.dival.es\/val\/#website"},"datePublished":"2016-09-04T13:17:13+00:00","dateModified":"2017-05-16T11:38:07+00:00","breadcrumb":{"@id":"https:\/\/escalantecentreteatral.dival.es\/espectaculo\/cyrano-de-bergerac#breadcrumb"},"inLanguage":"ca","potentialAction":[{"@type":"ReadAction","target":["https:\/\/escalantecentreteatral.dival.es\/espectaculo\/cyrano-de-bergerac"]}]},{"@type":"BreadcrumbList","@id":"https:\/\/escalantecentreteatral.dival.es\/espectaculo\/cyrano-de-bergerac#breadcrumb","itemListElement":[{"@type":"ListItem","position":1,"name":"Home","item":"https:\/\/escalantecentreteatral.dival.es\/val"},{"@type":"ListItem","position":2,"name":"Espect\u00e1culos","item":"https:\/\/escalantecentreteatral.dival.es\/val\/espectaculo"},{"@type":"ListItem","position":3,"name":"Cyrano de Bergerac"}]},{"@type":"WebSite","@id":"https:\/\/escalantecentreteatral.dival.es\/val\/#website","url":"https:\/\/escalantecentreteatral.dival.es\/val\/","name":"Escalante Centre Teatral","description":"Valencia | espectaculos | musicales | artes escenicas.","publisher":{"@id":"https:\/\/escalantecentreteatral.dival.es\/val\/#organization"},"potentialAction":[{"@type":"SearchAction","target":{"@type":"EntryPoint","urlTemplate":"https:\/\/escalantecentreteatral.dival.es\/val\/?s={search_term_string}"},"query-input":"required name=search_term_string"}],"inLanguage":"ca"},{"@type":"Organization","@id":"https:\/\/escalantecentreteatral.dival.es\/val\/#organization","name":"Escalante Centre Teatral","alternateName":"Escalante Centre Teatral Val\u00e8ncia","url":"https:\/\/escalantecentreteatral.dival.es\/val\/","logo":{"@type":"ImageObject","inLanguage":"ca","@id":"https:\/\/escalantecentreteatral.dival.es\/val\/#\/schema\/logo\/image\/","url":"https:\/\/escalantecentreteatral.dival.es\/wp-content\/uploads\/logo_ect-1.png","contentUrl":"https:\/\/escalantecentreteatral.dival.es\/wp-content\/uploads\/logo_ect-1.png","width":1024,"height":292,"caption":"Escalante Centre Teatral"},"image":{"@id":"https:\/\/escalantecentreteatral.dival.es\/val\/#\/schema\/logo\/image\/"},"sameAs":["https:\/\/www.facebook.com\/EscalanteTeatre","https:\/\/twitter.com\/TeatreEscalante","https:\/\/www.instagram.com\/centre_escalante\/","https:\/\/www.youtube.com\/channel\/UCaXtimrtZ6eLZKN2qPgPa3g"]}]}},"_links":{"self":[{"href":"https:\/\/escalantecentreteatral.dival.es\/val\/wp-json\/wp\/v2\/espectaculo\/1655"}],"collection":[{"href":"https:\/\/escalantecentreteatral.dival.es\/val\/wp-json\/wp\/v2\/espectaculo"}],"about":[{"href":"https:\/\/escalantecentreteatral.dival.es\/val\/wp-json\/wp\/v2\/types\/espectaculo"}],"author":[{"embeddable":true,"href":"https:\/\/escalantecentreteatral.dival.es\/val\/wp-json\/wp\/v2\/users\/1"}],"version-history":[{"count":1,"href":"https:\/\/escalantecentreteatral.dival.es\/val\/wp-json\/wp\/v2\/espectaculo\/1655\/revisions"}],"predecessor-version":[{"id":1715,"href":"https:\/\/escalantecentreteatral.dival.es\/val\/wp-json\/wp\/v2\/espectaculo\/1655\/revisions\/1715"}],"wp:attachment":[{"href":"https:\/\/escalantecentreteatral.dival.es\/val\/wp-json\/wp\/v2\/media?parent=1655"}],"wp:term":[{"taxonomy":"temporada","embeddable":true,"href":"https:\/\/escalantecentreteatral.dival.es\/val\/wp-json\/wp\/v2\/temporada?post=1655"},{"taxonomy":"genero","embeddable":true,"href":"https:\/\/escalantecentreteatral.dival.es\/val\/wp-json\/wp\/v2\/genero?post=1655"},{"taxonomy":"edades_espec","embeddable":true,"href":"https:\/\/escalantecentreteatral.dival.es\/val\/wp-json\/wp\/v2\/edades_espec?post=1655"},{"taxonomy":"tipo_espec","embeddable":true,"href":"https:\/\/escalantecentreteatral.dival.es\/val\/wp-json\/wp\/v2\/tipo_espec?post=1655"}],"curies":[{"name":"wp","href":"https:\/\/api.w.org\/{rel}","templated":true}]}}

<p>L’espectacle que proposem és una adaptació del popular Cyrano de Bergerac d’Edmond Rostand. Afrontem este clàssic universal actualitzant el seu argument però també mantenint l’essència i els valors de l’obra original. Hem volgut reforçar eixos valors i al mateix temps dotar-los de força teatral barrejant-los amb l’esperit d’aventura, les lluites d’espases, la comèdia i les noves tecnologies. En eixe sentit, Marc, el protagonista de la nostra adaptació, té al seu abast qualsevol informació gràcies a internet. Però, com ens passa molt sovint, això no estimula el seu interès cap a eixa informació. El viatge vital que emprendrà Marc el farà valorar experiències reals i personals que mai trobaria a la pantalla del seu ordinador. I a més, mogut per les circumstàncies, haurà de fer un ús profitós del seu smartphone amb connexió a internet. La funció és a punt de començar. Ha arribat el moment de desconnectar els nostres mòbils… i llançar-nos a l’aventura.</p>

<p>L’espectacle que proposem és una adaptació del popular Cyrano de Bergerac d’Edmond Rostand. Afrontem este clàssic universal actualitzant el seu argument però també mantenint l’essència i els valors de l’obra original. Hem volgut reforçar eixos valors i al mateix temps dotar-los de força teatral barrejant-los amb l’esperit d’aventura, les lluites d’espases, la comèdia i les noves tecnologies. En eixe sentit, Marc, el protagonista de [&hellip;]</p>

<!-- This site is optimized with the Yoast SEO plugin v21.1 - https://yoast.com/wordpress/plugins/seo/ -->
<title>Cyrano de Bergerac - Escalante Centre Teatral</title>
<meta name="robots" content="index, follow, max-snippet:-1, max-image-preview:large, max-video-preview:-1" />
<link rel="canonical" href="https://escalantecentreteatral.dival.es/espectaculo/cyrano-de-bergerac" />
<meta property="og:locale" content="ca_ES" />
<meta property="og:type" content="article" />
<meta property="og:title" content="Cyrano de Bergerac - Escalante Centre Teatral" />
<meta property="og:description" content="L’espectacle que proposem és una adaptació del popular Cyrano de Bergerac d’Edmond Rostand. Afrontem este clàssic universal actualitzant el seu argument però també mantenint l’essència i els valors de l’obra original. Hem volgut reforçar eixos valors i al mateix temps dotar-los de força teatral barrejant-los amb l’esperit d’aventura, les lluites d’espases, la comèdia i les noves tecnologies. En eixe sentit, Marc, el protagonista de [&hellip;]" />
<meta property="og:url" content="https://escalantecentreteatral.dival.es/espectaculo/cyrano-de-bergerac" />
<meta property="og:site_name" content="Escalante Centre Teatral" />
<meta property="article:publisher" content="https://www.facebook.com/EscalanteTeatre" />
<meta property="article:modified_time" content="2017-05-16T11:38:07+00:00" />
<meta property="og:image" content="https://escalantecentreteatral.dival.es/wp-content/uploads/logo_ect_nu_ect.png" />
	<meta property="og:image:width" content="800" />
	<meta property="og:image:height" content="800" />
	<meta property="og:image:type" content="image/png" />
<meta name="twitter:card" content="summary_large_image" />
<meta name="twitter:site" content="@TeatreEscalante" />
<meta name="twitter:label1" content="Est. reading time" />
	<meta name="twitter:data1" content="1 minute" />
<script type="application/ld+json" class="yoast-schema-graph">{"@context":"https://schema.org","@graph":[{"@type":"WebPage","@id":"https://escalantecentreteatral.dival.es/espectaculo/cyrano-de-bergerac","url":"https://escalantecentreteatral.dival.es/espectaculo/cyrano-de-bergerac","name":"Cyrano de Bergerac - Escalante Centre Teatral","isPartOf":{"@id":"https://escalantecentreteatral.dival.es/val/#website"},"datePublished":"2016-09-04T13:17:13+00:00","dateModified":"2017-05-16T11:38:07+00:00","breadcrumb":{"@id":"https://escalantecentreteatral.dival.es/espectaculo/cyrano-de-bergerac#breadcrumb"},"inLanguage":"ca","potentialAction":[{"@type":"ReadAction","target":["https://escalantecentreteatral.dival.es/espectaculo/cyrano-de-bergerac"]}]},{"@type":"BreadcrumbList","@id":"https://escalantecentreteatral.dival.es/espectaculo/cyrano-de-bergerac#breadcrumb","itemListElement":[{"@type":"ListItem","position":1,"name":"Home","item":"https://escalantecentreteatral.dival.es/val"},{"@type":"ListItem","position":2,"name":"Espectáculos","item":"https://escalantecentreteatral.dival.es/val/espectaculo"},{"@type":"ListItem","position":3,"name":"Cyrano de Bergerac"}]},{"@type":"WebSite","@id":"https://escalantecentreteatral.dival.es/val/#website","url":"https://escalantecentreteatral.dival.es/val/","name":"Escalante Centre Teatral","description":"Valencia | espectaculos | musicales | artes escenicas.","publisher":{"@id":"https://escalantecentreteatral.dival.es/val/#organization"},"potentialAction":[{"@type":"SearchAction","target":{"@type":"EntryPoint","urlTemplate":"https://escalantecentreteatral.dival.es/val/?s={search_term_string}"},"query-input":"required name=search_term_string"}],"inLanguage":"ca"},{"@type":"Organization","@id":"https://escalantecentreteatral.dival.es/val/#organization","name":"Escalante Centre Teatral","alternateName":"Escalante Centre Teatral València","url":"https://escalantecentreteatral.dival.es/val/","logo":{"@type":"ImageObject","inLanguage":"ca","@id":"https://escalantecentreteatral.dival.es/val/#/schema/logo/image/","url":"https://escalantecentreteatral.dival.es/wp-content/uploads/logo_ect-1.png","contentUrl":"https://escalantecentreteatral.dival.es/wp-content/uploads/logo_ect-1.png","width":1024,"height":292,"caption":"Escalante Centre Teatral"},"image":{"@id":"https://escalantecentreteatral.dival.es/val/#/schema/logo/image/"},"sameAs":["https://www.facebook.com/EscalanteTeatre","https://twitter.com/TeatreEscalante","https://www.instagram.com/centre_escalante/","https://www.youtube.com/channel/UCaXtimrtZ6eLZKN2qPgPa3g"]}]}</script>
<!-- / Yoast SEO plugin. -->

L’espectacle que proposem és una adaptació del popular Cyrano de Bergerac d’Edmond Rostand. Afrontem este clàssic universal actualitzant el seu argument però també mantenint l’essència i els valors de l’obra original. Hem volgut reforçar eixos valors i al mateix temps dotar-los de força teatral barrejant-los amb l’esperit d’aventura, les lluites d’espases, la comèdia i les noves tecnologies. En eixe sentit, Marc, el protagonista de [&hellip;]

Espectáculos

Escalante Centre Teatral València
