{"id":1639,"date":"2016-09-04T11:50:19","date_gmt":"2016-09-04T11:50:19","guid":{"rendered":"http:\/\/localhost\/salaescalantecentreteatral\/val\/events\/event\/merlin-y-el-joven-arturo"},"modified":"2017-05-16T11:38:15","modified_gmt":"2017-05-16T11:38:15","slug":"merlin-y-el-joven-arturo-val","status":"publish","type":"espectaculo","link":"https:\/\/escalantecentreteatral.dival.es\/val\/espectaculo\/merlin-y-el-joven-arturo-val","title":{"rendered":"Merl\u00ed i el jove Art\u00fas"},"content":{"rendered":"<p>A la mort del Rei Uther, les lluites pel poder assolen Anglaterra. Tots creuen que no ha deixat descend\u00e8ncia perque un incendi va acabar amb la vida del seu \u00fanic fill nounat. Per\u00f2 el Mag Merl\u00ed el va salvar de les flames. Setze anys despr\u00e9s, els nobles i cavallers celebren un torneig a Canterbury amb el prop\u00f2sit de trobar una eixida a la ca\u00f2tica situaci\u00f3. Art\u00fas acudix i all\u00ed coneixer\u00e0 Lancelot, Morgana i Ginebra, de qui caur\u00e0 profundament enamorat.<\/p>\n","protected":false},"excerpt":{"rendered":"<p>A la mort del Rei Uther, les lluites pel poder assolen Anglaterra. Tots creuen que no ha deixat descend\u00e8ncia perque un incendi va acabar amb la vida del seu \u00fanic fill nounat. Per\u00f2 el Mag Merl\u00ed el va salvar de les flames. Setze anys despr\u00e9s, els nobles i cavallers celebren un torneig a Canterbury amb [&hellip;]<\/p>\n","protected":false},"author":1,"featured_media":0,"template":"","temporada":[],"genero":[],"edades_espec":[],"tipo_espec":[416],"acf":[],"yoast_head":"<!-- This site is optimized with the Yoast SEO plugin v21.1 - https:\/\/yoast.com\/wordpress\/plugins\/seo\/ -->\n<title>Merl\u00ed i el jove Art\u00fas - Escalante Centre Teatral<\/title>\n<meta name=\"robots\" content=\"index, follow, max-snippet:-1, max-image-preview:large, max-video-preview:-1\" \/>\n<link rel=\"canonical\" href=\"https:\/\/escalantecentreteatral.dival.es\/espectaculo\/merlin-y-el-joven-arturo\" \/>\n<meta property=\"og:locale\" content=\"ca_ES\" \/>\n<meta property=\"og:type\" content=\"article\" \/>\n<meta property=\"og:title\" content=\"Merl\u00ed i el jove Art\u00fas - Escalante Centre Teatral\" \/>\n<meta property=\"og:description\" content=\"A la mort del Rei Uther, les lluites pel poder assolen Anglaterra. Tots creuen que no ha deixat descend\u00e8ncia perque un incendi va acabar amb la vida del seu \u00fanic fill nounat. Per\u00f2 el Mag Merl\u00ed el va salvar de les flames. Setze anys despr\u00e9s, els nobles i cavallers celebren un torneig a Canterbury amb [&hellip;]\" \/>\n<meta property=\"og:url\" content=\"https:\/\/escalantecentreteatral.dival.es\/espectaculo\/merlin-y-el-joven-arturo\" \/>\n<meta property=\"og:site_name\" content=\"Escalante Centre Teatral\" \/>\n<meta property=\"article:publisher\" content=\"https:\/\/www.facebook.com\/EscalanteTeatre\" \/>\n<meta property=\"article:modified_time\" content=\"2017-05-16T11:38:15+00:00\" \/>\n<meta property=\"og:image\" content=\"https:\/\/escalantecentreteatral.dival.es\/wp-content\/uploads\/logo_ect_nu_ect.png\" \/>\n\t<meta property=\"og:image:width\" content=\"800\" \/>\n\t<meta property=\"og:image:height\" content=\"800\" \/>\n\t<meta property=\"og:image:type\" content=\"image\/png\" \/>\n<meta name=\"twitter:card\" content=\"summary_large_image\" \/>\n<meta name=\"twitter:site\" content=\"@TeatreEscalante\" \/>\n<script type=\"application\/ld+json\" class=\"yoast-schema-graph\">{\"@context\":\"https:\/\/schema.org\",\"@graph\":[{\"@type\":\"WebPage\",\"@id\":\"https:\/\/escalantecentreteatral.dival.es\/espectaculo\/merlin-y-el-joven-arturo\",\"url\":\"https:\/\/escalantecentreteatral.dival.es\/espectaculo\/merlin-y-el-joven-arturo\",\"name\":\"Merl\u00ed i el jove Art\u00fas - Escalante Centre Teatral\",\"isPartOf\":{\"@id\":\"https:\/\/escalantecentreteatral.dival.es\/val\/#website\"},\"datePublished\":\"2016-09-04T11:50:19+00:00\",\"dateModified\":\"2017-05-16T11:38:15+00:00\",\"breadcrumb\":{\"@id\":\"https:\/\/escalantecentreteatral.dival.es\/espectaculo\/merlin-y-el-joven-arturo#breadcrumb\"},\"inLanguage\":\"ca\",\"potentialAction\":[{\"@type\":\"ReadAction\",\"target\":[\"https:\/\/escalantecentreteatral.dival.es\/espectaculo\/merlin-y-el-joven-arturo\"]}]},{\"@type\":\"BreadcrumbList\",\"@id\":\"https:\/\/escalantecentreteatral.dival.es\/espectaculo\/merlin-y-el-joven-arturo#breadcrumb\",\"itemListElement\":[{\"@type\":\"ListItem\",\"position\":1,\"name\":\"Home\",\"item\":\"https:\/\/escalantecentreteatral.dival.es\/val\"},{\"@type\":\"ListItem\",\"position\":2,\"name\":\"Espect\u00e1culos\",\"item\":\"https:\/\/escalantecentreteatral.dival.es\/val\/espectaculo\"},{\"@type\":\"ListItem\",\"position\":3,\"name\":\"Merl\u00ed i el jove Art\u00fas\"}]},{\"@type\":\"WebSite\",\"@id\":\"https:\/\/escalantecentreteatral.dival.es\/val\/#website\",\"url\":\"https:\/\/escalantecentreteatral.dival.es\/val\/\",\"name\":\"Escalante Centre Teatral\",\"description\":\"Valencia | espectaculos | musicales | artes escenicas.\",\"publisher\":{\"@id\":\"https:\/\/escalantecentreteatral.dival.es\/val\/#organization\"},\"potentialAction\":[{\"@type\":\"SearchAction\",\"target\":{\"@type\":\"EntryPoint\",\"urlTemplate\":\"https:\/\/escalantecentreteatral.dival.es\/val\/?s={search_term_string}\"},\"query-input\":\"required name=search_term_string\"}],\"inLanguage\":\"ca\"},{\"@type\":\"Organization\",\"@id\":\"https:\/\/escalantecentreteatral.dival.es\/val\/#organization\",\"name\":\"Escalante Centre Teatral\",\"alternateName\":\"Escalante Centre Teatral Val\u00e8ncia\",\"url\":\"https:\/\/escalantecentreteatral.dival.es\/val\/\",\"logo\":{\"@type\":\"ImageObject\",\"inLanguage\":\"ca\",\"@id\":\"https:\/\/escalantecentreteatral.dival.es\/val\/#\/schema\/logo\/image\/\",\"url\":\"https:\/\/escalantecentreteatral.dival.es\/wp-content\/uploads\/logo_ect-1.png\",\"contentUrl\":\"https:\/\/escalantecentreteatral.dival.es\/wp-content\/uploads\/logo_ect-1.png\",\"width\":1024,\"height\":292,\"caption\":\"Escalante Centre Teatral\"},\"image\":{\"@id\":\"https:\/\/escalantecentreteatral.dival.es\/val\/#\/schema\/logo\/image\/\"},\"sameAs\":[\"https:\/\/www.facebook.com\/EscalanteTeatre\",\"https:\/\/twitter.com\/TeatreEscalante\",\"https:\/\/www.instagram.com\/centre_escalante\/\",\"https:\/\/www.youtube.com\/channel\/UCaXtimrtZ6eLZKN2qPgPa3g\"]}]}<\/script>\n<!-- \/ Yoast SEO plugin. -->","yoast_head_json":{"title":"Merl\u00ed i el jove Art\u00fas - Escalante Centre Teatral","robots":{"index":"index","follow":"follow","max-snippet":"max-snippet:-1","max-image-preview":"max-image-preview:large","max-video-preview":"max-video-preview:-1"},"canonical":"https:\/\/escalantecentreteatral.dival.es\/espectaculo\/merlin-y-el-joven-arturo","og_locale":"ca_ES","og_type":"article","og_title":"Merl\u00ed i el jove Art\u00fas - Escalante Centre Teatral","og_description":"A la mort del Rei Uther, les lluites pel poder assolen Anglaterra. Tots creuen que no ha deixat descend\u00e8ncia perque un incendi va acabar amb la vida del seu \u00fanic fill nounat. Per\u00f2 el Mag Merl\u00ed el va salvar de les flames. Setze anys despr\u00e9s, els nobles i cavallers celebren un torneig a Canterbury amb [&hellip;]","og_url":"https:\/\/escalantecentreteatral.dival.es\/espectaculo\/merlin-y-el-joven-arturo","og_site_name":"Escalante Centre Teatral","article_publisher":"https:\/\/www.facebook.com\/EscalanteTeatre","article_modified_time":"2017-05-16T11:38:15+00:00","og_image":[{"width":800,"height":800,"url":"https:\/\/escalantecentreteatral.dival.es\/wp-content\/uploads\/logo_ect_nu_ect.png","type":"image\/png"}],"twitter_card":"summary_large_image","twitter_site":"@TeatreEscalante","schema":{"@context":"https:\/\/schema.org","@graph":[{"@type":"WebPage","@id":"https:\/\/escalantecentreteatral.dival.es\/espectaculo\/merlin-y-el-joven-arturo","url":"https:\/\/escalantecentreteatral.dival.es\/espectaculo\/merlin-y-el-joven-arturo","name":"Merl\u00ed i el jove Art\u00fas - Escalante Centre Teatral","isPartOf":{"@id":"https:\/\/escalantecentreteatral.dival.es\/val\/#website"},"datePublished":"2016-09-04T11:50:19+00:00","dateModified":"2017-05-16T11:38:15+00:00","breadcrumb":{"@id":"https:\/\/escalantecentreteatral.dival.es\/espectaculo\/merlin-y-el-joven-arturo#breadcrumb"},"inLanguage":"ca","potentialAction":[{"@type":"ReadAction","target":["https:\/\/escalantecentreteatral.dival.es\/espectaculo\/merlin-y-el-joven-arturo"]}]},{"@type":"BreadcrumbList","@id":"https:\/\/escalantecentreteatral.dival.es\/espectaculo\/merlin-y-el-joven-arturo#breadcrumb","itemListElement":[{"@type":"ListItem","position":1,"name":"Home","item":"https:\/\/escalantecentreteatral.dival.es\/val"},{"@type":"ListItem","position":2,"name":"Espect\u00e1culos","item":"https:\/\/escalantecentreteatral.dival.es\/val\/espectaculo"},{"@type":"ListItem","position":3,"name":"Merl\u00ed i el jove Art\u00fas"}]},{"@type":"WebSite","@id":"https:\/\/escalantecentreteatral.dival.es\/val\/#website","url":"https:\/\/escalantecentreteatral.dival.es\/val\/","name":"Escalante Centre Teatral","description":"Valencia | espectaculos | musicales | artes escenicas.","publisher":{"@id":"https:\/\/escalantecentreteatral.dival.es\/val\/#organization"},"potentialAction":[{"@type":"SearchAction","target":{"@type":"EntryPoint","urlTemplate":"https:\/\/escalantecentreteatral.dival.es\/val\/?s={search_term_string}"},"query-input":"required name=search_term_string"}],"inLanguage":"ca"},{"@type":"Organization","@id":"https:\/\/escalantecentreteatral.dival.es\/val\/#organization","name":"Escalante Centre Teatral","alternateName":"Escalante Centre Teatral Val\u00e8ncia","url":"https:\/\/escalantecentreteatral.dival.es\/val\/","logo":{"@type":"ImageObject","inLanguage":"ca","@id":"https:\/\/escalantecentreteatral.dival.es\/val\/#\/schema\/logo\/image\/","url":"https:\/\/escalantecentreteatral.dival.es\/wp-content\/uploads\/logo_ect-1.png","contentUrl":"https:\/\/escalantecentreteatral.dival.es\/wp-content\/uploads\/logo_ect-1.png","width":1024,"height":292,"caption":"Escalante Centre Teatral"},"image":{"@id":"https:\/\/escalantecentreteatral.dival.es\/val\/#\/schema\/logo\/image\/"},"sameAs":["https:\/\/www.facebook.com\/EscalanteTeatre","https:\/\/twitter.com\/TeatreEscalante","https:\/\/www.instagram.com\/centre_escalante\/","https:\/\/www.youtube.com\/channel\/UCaXtimrtZ6eLZKN2qPgPa3g"]}]}},"_links":{"self":[{"href":"https:\/\/escalantecentreteatral.dival.es\/val\/wp-json\/wp\/v2\/espectaculo\/1639"}],"collection":[{"href":"https:\/\/escalantecentreteatral.dival.es\/val\/wp-json\/wp\/v2\/espectaculo"}],"about":[{"href":"https:\/\/escalantecentreteatral.dival.es\/val\/wp-json\/wp\/v2\/types\/espectaculo"}],"author":[{"embeddable":true,"href":"https:\/\/escalantecentreteatral.dival.es\/val\/wp-json\/wp\/v2\/users\/1"}],"version-history":[{"count":1,"href":"https:\/\/escalantecentreteatral.dival.es\/val\/wp-json\/wp\/v2\/espectaculo\/1639\/revisions"}],"predecessor-version":[{"id":1731,"href":"https:\/\/escalantecentreteatral.dival.es\/val\/wp-json\/wp\/v2\/espectaculo\/1639\/revisions\/1731"}],"wp:attachment":[{"href":"https:\/\/escalantecentreteatral.dival.es\/val\/wp-json\/wp\/v2\/media?parent=1639"}],"wp:term":[{"taxonomy":"temporada","embeddable":true,"href":"https:\/\/escalantecentreteatral.dival.es\/val\/wp-json\/wp\/v2\/temporada?post=1639"},{"taxonomy":"genero","embeddable":true,"href":"https:\/\/escalantecentreteatral.dival.es\/val\/wp-json\/wp\/v2\/genero?post=1639"},{"taxonomy":"edades_espec","embeddable":true,"href":"https:\/\/escalantecentreteatral.dival.es\/val\/wp-json\/wp\/v2\/edades_espec?post=1639"},{"taxonomy":"tipo_espec","embeddable":true,"href":"https:\/\/escalantecentreteatral.dival.es\/val\/wp-json\/wp\/v2\/tipo_espec?post=1639"}],"curies":[{"name":"wp","href":"https:\/\/api.w.org\/{rel}","templated":true}]}}

Merlí i el jove Artús

<p>A la mort del Rei Uther, les lluites pel poder assolen Anglaterra. Tots creuen que no ha deixat descendència perque un incendi va acabar amb la vida del seu únic fill nounat. Però el Mag Merlí el va salvar de les flames. Setze anys després, els nobles i cavallers celebren un torneig a Canterbury amb el propòsit de trobar una eixida a la caòtica situació. Artús acudix i allí coneixerà Lancelot, Morgana i Ginebra, de qui caurà profundament enamorat.</p>

<p>A la mort del Rei Uther, les lluites pel poder assolen Anglaterra. Tots creuen que no ha deixat descendència perque un incendi va acabar amb la vida del seu únic fill nounat. Però el Mag Merlí el va salvar de les flames. Setze anys després, els nobles i cavallers celebren un torneig a Canterbury amb [&hellip;]</p>

<!-- This site is optimized with the Yoast SEO plugin v21.1 - https://yoast.com/wordpress/plugins/seo/ -->
<title>Merlí i el jove Artús - Escalante Centre Teatral</title>
<meta name="robots" content="index, follow, max-snippet:-1, max-image-preview:large, max-video-preview:-1" />
<link rel="canonical" href="https://escalantecentreteatral.dival.es/espectaculo/merlin-y-el-joven-arturo" />
<meta property="og:locale" content="ca_ES" />
<meta property="og:type" content="article" />
<meta property="og:title" content="Merlí i el jove Artús - Escalante Centre Teatral" />
<meta property="og:description" content="A la mort del Rei Uther, les lluites pel poder assolen Anglaterra. Tots creuen que no ha deixat descendència perque un incendi va acabar amb la vida del seu únic fill nounat. Però el Mag Merlí el va salvar de les flames. Setze anys després, els nobles i cavallers celebren un torneig a Canterbury amb [&hellip;]" />
<meta property="og:url" content="https://escalantecentreteatral.dival.es/espectaculo/merlin-y-el-joven-arturo" />
<meta property="og:site_name" content="Escalante Centre Teatral" />
<meta property="article:publisher" content="https://www.facebook.com/EscalanteTeatre" />
<meta property="article:modified_time" content="2017-05-16T11:38:15+00:00" />
<meta property="og:image" content="https://escalantecentreteatral.dival.es/wp-content/uploads/logo_ect_nu_ect.png" />
	<meta property="og:image:width" content="800" />
	<meta property="og:image:height" content="800" />
	<meta property="og:image:type" content="image/png" />
<meta name="twitter:card" content="summary_large_image" />
<meta name="twitter:site" content="@TeatreEscalante" />
<script type="application/ld+json" class="yoast-schema-graph">{"@context":"https://schema.org","@graph":[{"@type":"WebPage","@id":"https://escalantecentreteatral.dival.es/espectaculo/merlin-y-el-joven-arturo","url":"https://escalantecentreteatral.dival.es/espectaculo/merlin-y-el-joven-arturo","name":"Merlí i el jove Artús - Escalante Centre Teatral","isPartOf":{"@id":"https://escalantecentreteatral.dival.es/val/#website"},"datePublished":"2016-09-04T11:50:19+00:00","dateModified":"2017-05-16T11:38:15+00:00","breadcrumb":{"@id":"https://escalantecentreteatral.dival.es/espectaculo/merlin-y-el-joven-arturo#breadcrumb"},"inLanguage":"ca","potentialAction":[{"@type":"ReadAction","target":["https://escalantecentreteatral.dival.es/espectaculo/merlin-y-el-joven-arturo"]}]},{"@type":"BreadcrumbList","@id":"https://escalantecentreteatral.dival.es/espectaculo/merlin-y-el-joven-arturo#breadcrumb","itemListElement":[{"@type":"ListItem","position":1,"name":"Home","item":"https://escalantecentreteatral.dival.es/val"},{"@type":"ListItem","position":2,"name":"Espectáculos","item":"https://escalantecentreteatral.dival.es/val/espectaculo"},{"@type":"ListItem","position":3,"name":"Merlí i el jove Artús"}]},{"@type":"WebSite","@id":"https://escalantecentreteatral.dival.es/val/#website","url":"https://escalantecentreteatral.dival.es/val/","name":"Escalante Centre Teatral","description":"Valencia | espectaculos | musicales | artes escenicas.","publisher":{"@id":"https://escalantecentreteatral.dival.es/val/#organization"},"potentialAction":[{"@type":"SearchAction","target":{"@type":"EntryPoint","urlTemplate":"https://escalantecentreteatral.dival.es/val/?s={search_term_string}"},"query-input":"required name=search_term_string"}],"inLanguage":"ca"},{"@type":"Organization","@id":"https://escalantecentreteatral.dival.es/val/#organization","name":"Escalante Centre Teatral","alternateName":"Escalante Centre Teatral València","url":"https://escalantecentreteatral.dival.es/val/","logo":{"@type":"ImageObject","inLanguage":"ca","@id":"https://escalantecentreteatral.dival.es/val/#/schema/logo/image/","url":"https://escalantecentreteatral.dival.es/wp-content/uploads/logo_ect-1.png","contentUrl":"https://escalantecentreteatral.dival.es/wp-content/uploads/logo_ect-1.png","width":1024,"height":292,"caption":"Escalante Centre Teatral"},"image":{"@id":"https://escalantecentreteatral.dival.es/val/#/schema/logo/image/"},"sameAs":["https://www.facebook.com/EscalanteTeatre","https://twitter.com/TeatreEscalante","https://www.instagram.com/centre_escalante/","https://www.youtube.com/channel/UCaXtimrtZ6eLZKN2qPgPa3g"]}]}</script>
<!-- / Yoast SEO plugin. -->

Merlí i el jove Artús - Escalante Centre Teatral

A la mort del Rei Uther, les lluites pel poder assolen Anglaterra. Tots creuen que no ha deixat descendència perque un incendi va acabar amb la vida del seu únic fill nounat. Però el Mag Merlí el va salvar de les flames. Setze anys després, els nobles i cavallers celebren un torneig a Canterbury amb [&hellip;]

Espectáculos

Escalante Centre Teatral València
