{"id":14499,"date":"2023-07-24T18:40:34","date_gmt":"2023-07-24T16:40:34","guid":{"rendered":"https:\/\/escalantecentreteatral.dival.es\/?post_type=espectaculo&#038;p=14499"},"modified":"2023-09-07T20:50:42","modified_gmt":"2023-09-07T18:50:42","slug":"el-verdugo","status":"publish","type":"espectaculo","link":"https:\/\/escalantecentreteatral.dival.es\/val\/espectaculo\/el-verdugo","title":{"rendered":"El verdugo"},"content":{"rendered":"\n<p>Jos\u00e9 Luis \u00e9s un jove apocat que treballa en una funer\u00e0ria. Un dia, durant un servei en una pres\u00f3, coneix un botx\u00ed anomenat Amadeo. Per culpa del dest\u00ed i un malet\u00ed, Jos\u00e9 Luis coneix Carmen, la filla d\u2019Amadeo. Congenien r\u00e0pidament i despr\u00e9s de ser sorpresos pel pare, en plena intimitat amat\u00f2ria, es veuen obligats a casar-se. En aquell mateix moment, un patronat oficial li concedeix a Amadeo un habitatge on poder residir al costat de la parella de joven\u00e7ans, que a m\u00e9s espera un fill. Per\u00f2 arribada la jubilaci\u00f3, tots hauran d\u2019abandonar la casa, llevat que el gendre n\u2019herete el c\u00e0rrec i es convertisca tamb\u00e9 en botx\u00ed. Pressionat pel sogre i la dona, i resistint-se\u2019n a la idea, Jos\u00e9 Luis acaba acceptant, conven\u00e7ut que no haur\u00e0 de dur a terme cap execuci\u00f3.<\/p>\n","protected":false},"excerpt":{"rendered":"<p>Jos\u00e9 Luis \u00e9s un jove apocat que treballa en una funer\u00e0ria. Un dia, durant un servei en una pres\u00f3, coneix un botx\u00ed anomenat Amadeo. Per culpa del dest\u00ed i un malet\u00ed, Jos\u00e9 Luis coneix Carmen, la filla d\u2019Amadeo. Congenien r\u00e0pidament i despr\u00e9s de ser sorpresos pel pare, en plena intimitat amat\u00f2ria, es veuen obligats a [&hellip;]<\/p>\n","protected":false},"author":1,"featured_media":16602,"template":"","temporada":[364],"genero":[405,398],"edades_espec":[406],"tipo_espec":[],"acf":[],"yoast_head":"<!-- This site is optimized with the Yoast SEO plugin v21.1 - https:\/\/yoast.com\/wordpress\/plugins\/seo\/ -->\n<title>El verdugo - Escalante Centre Teatral<\/title>\n<meta name=\"robots\" content=\"index, follow, max-snippet:-1, max-image-preview:large, max-video-preview:-1\" \/>\n<link rel=\"canonical\" href=\"https:\/\/escalantecentreteatral.dival.es\/val\/espectaculo\/el-verdugo\" \/>\n<meta property=\"og:locale\" content=\"ca_ES\" \/>\n<meta property=\"og:type\" content=\"article\" \/>\n<meta property=\"og:title\" content=\"El verdugo - Escalante Centre Teatral\" \/>\n<meta property=\"og:description\" content=\"Jos\u00e9 Luis \u00e9s un jove apocat que treballa en una funer\u00e0ria. Un dia, durant un servei en una pres\u00f3, coneix un botx\u00ed anomenat Amadeo. Per culpa del dest\u00ed i un malet\u00ed, Jos\u00e9 Luis coneix Carmen, la filla d\u2019Amadeo. Congenien r\u00e0pidament i despr\u00e9s de ser sorpresos pel pare, en plena intimitat amat\u00f2ria, es veuen obligats a [&hellip;]\" \/>\n<meta property=\"og:url\" content=\"https:\/\/escalantecentreteatral.dival.es\/val\/espectaculo\/el-verdugo\" \/>\n<meta property=\"og:site_name\" content=\"Escalante Centre Teatral\" \/>\n<meta property=\"article:publisher\" content=\"https:\/\/www.facebook.com\/EscalanteTeatre\" \/>\n<meta property=\"article:modified_time\" content=\"2023-09-07T18:50:42+00:00\" \/>\n<meta property=\"og:image\" content=\"https:\/\/escalantecentreteatral.dival.es\/wp-content\/uploads\/temp_23-24__0033_verdugo.jpg\" \/>\n\t<meta property=\"og:image:width\" content=\"2400\" \/>\n\t<meta property=\"og:image:height\" content=\"1600\" \/>\n\t<meta property=\"og:image:type\" content=\"image\/jpeg\" \/>\n<meta name=\"twitter:card\" content=\"summary_large_image\" \/>\n<meta name=\"twitter:site\" content=\"@TeatreEscalante\" \/>\n<meta name=\"twitter:label1\" content=\"Est. reading time\" \/>\n\t<meta name=\"twitter:data1\" content=\"1 minute\" \/>\n<script type=\"application\/ld+json\" class=\"yoast-schema-graph\">{\"@context\":\"https:\/\/schema.org\",\"@graph\":[{\"@type\":\"WebPage\",\"@id\":\"https:\/\/escalantecentreteatral.dival.es\/val\/espectaculo\/el-verdugo\",\"url\":\"https:\/\/escalantecentreteatral.dival.es\/val\/espectaculo\/el-verdugo\",\"name\":\"El verdugo - Escalante Centre Teatral\",\"isPartOf\":{\"@id\":\"https:\/\/escalantecentreteatral.dival.es\/val\/#website\"},\"datePublished\":\"2023-07-24T16:40:34+00:00\",\"dateModified\":\"2023-09-07T18:50:42+00:00\",\"breadcrumb\":{\"@id\":\"https:\/\/escalantecentreteatral.dival.es\/val\/espectaculo\/el-verdugo#breadcrumb\"},\"inLanguage\":\"ca\",\"potentialAction\":[{\"@type\":\"ReadAction\",\"target\":[\"https:\/\/escalantecentreteatral.dival.es\/val\/espectaculo\/el-verdugo\"]}]},{\"@type\":\"BreadcrumbList\",\"@id\":\"https:\/\/escalantecentreteatral.dival.es\/val\/espectaculo\/el-verdugo#breadcrumb\",\"itemListElement\":[{\"@type\":\"ListItem\",\"position\":1,\"name\":\"Home\",\"item\":\"https:\/\/escalantecentreteatral.dival.es\/val\"},{\"@type\":\"ListItem\",\"position\":2,\"name\":\"Espect\u00e1culos\",\"item\":\"https:\/\/escalantecentreteatral.dival.es\/val\/espectaculo\"},{\"@type\":\"ListItem\",\"position\":3,\"name\":\"El verdugo\"}]},{\"@type\":\"WebSite\",\"@id\":\"https:\/\/escalantecentreteatral.dival.es\/val\/#website\",\"url\":\"https:\/\/escalantecentreteatral.dival.es\/val\/\",\"name\":\"Escalante Centre Teatral\",\"description\":\"Valencia | espectaculos | musicales | artes escenicas.\",\"publisher\":{\"@id\":\"https:\/\/escalantecentreteatral.dival.es\/val\/#organization\"},\"potentialAction\":[{\"@type\":\"SearchAction\",\"target\":{\"@type\":\"EntryPoint\",\"urlTemplate\":\"https:\/\/escalantecentreteatral.dival.es\/val\/?s={search_term_string}\"},\"query-input\":\"required name=search_term_string\"}],\"inLanguage\":\"ca\"},{\"@type\":\"Organization\",\"@id\":\"https:\/\/escalantecentreteatral.dival.es\/val\/#organization\",\"name\":\"Escalante Centre Teatral\",\"alternateName\":\"Escalante Centre Teatral Val\u00e8ncia\",\"url\":\"https:\/\/escalantecentreteatral.dival.es\/val\/\",\"logo\":{\"@type\":\"ImageObject\",\"inLanguage\":\"ca\",\"@id\":\"https:\/\/escalantecentreteatral.dival.es\/val\/#\/schema\/logo\/image\/\",\"url\":\"https:\/\/escalantecentreteatral.dival.es\/wp-content\/uploads\/logo_ect-1.png\",\"contentUrl\":\"https:\/\/escalantecentreteatral.dival.es\/wp-content\/uploads\/logo_ect-1.png\",\"width\":1024,\"height\":292,\"caption\":\"Escalante Centre Teatral\"},\"image\":{\"@id\":\"https:\/\/escalantecentreteatral.dival.es\/val\/#\/schema\/logo\/image\/\"},\"sameAs\":[\"https:\/\/www.facebook.com\/EscalanteTeatre\",\"https:\/\/twitter.com\/TeatreEscalante\",\"https:\/\/www.instagram.com\/centre_escalante\/\",\"https:\/\/www.youtube.com\/channel\/UCaXtimrtZ6eLZKN2qPgPa3g\"]}]}<\/script>\n<!-- \/ Yoast SEO plugin. -->","yoast_head_json":{"title":"El verdugo - Escalante Centre Teatral","robots":{"index":"index","follow":"follow","max-snippet":"max-snippet:-1","max-image-preview":"max-image-preview:large","max-video-preview":"max-video-preview:-1"},"canonical":"https:\/\/escalantecentreteatral.dival.es\/val\/espectaculo\/el-verdugo","og_locale":"ca_ES","og_type":"article","og_title":"El verdugo - Escalante Centre Teatral","og_description":"Jos\u00e9 Luis \u00e9s un jove apocat que treballa en una funer\u00e0ria. Un dia, durant un servei en una pres\u00f3, coneix un botx\u00ed anomenat Amadeo. Per culpa del dest\u00ed i un malet\u00ed, Jos\u00e9 Luis coneix Carmen, la filla d\u2019Amadeo. Congenien r\u00e0pidament i despr\u00e9s de ser sorpresos pel pare, en plena intimitat amat\u00f2ria, es veuen obligats a [&hellip;]","og_url":"https:\/\/escalantecentreteatral.dival.es\/val\/espectaculo\/el-verdugo","og_site_name":"Escalante Centre Teatral","article_publisher":"https:\/\/www.facebook.com\/EscalanteTeatre","article_modified_time":"2023-09-07T18:50:42+00:00","og_image":[{"width":2400,"height":1600,"url":"https:\/\/escalantecentreteatral.dival.es\/wp-content\/uploads\/temp_23-24__0033_verdugo.jpg","type":"image\/jpeg"}],"twitter_card":"summary_large_image","twitter_site":"@TeatreEscalante","twitter_misc":{"Est. reading time":"1 minute"},"schema":{"@context":"https:\/\/schema.org","@graph":[{"@type":"WebPage","@id":"https:\/\/escalantecentreteatral.dival.es\/val\/espectaculo\/el-verdugo","url":"https:\/\/escalantecentreteatral.dival.es\/val\/espectaculo\/el-verdugo","name":"El verdugo - Escalante Centre Teatral","isPartOf":{"@id":"https:\/\/escalantecentreteatral.dival.es\/val\/#website"},"datePublished":"2023-07-24T16:40:34+00:00","dateModified":"2023-09-07T18:50:42+00:00","breadcrumb":{"@id":"https:\/\/escalantecentreteatral.dival.es\/val\/espectaculo\/el-verdugo#breadcrumb"},"inLanguage":"ca","potentialAction":[{"@type":"ReadAction","target":["https:\/\/escalantecentreteatral.dival.es\/val\/espectaculo\/el-verdugo"]}]},{"@type":"BreadcrumbList","@id":"https:\/\/escalantecentreteatral.dival.es\/val\/espectaculo\/el-verdugo#breadcrumb","itemListElement":[{"@type":"ListItem","position":1,"name":"Home","item":"https:\/\/escalantecentreteatral.dival.es\/val"},{"@type":"ListItem","position":2,"name":"Espect\u00e1culos","item":"https:\/\/escalantecentreteatral.dival.es\/val\/espectaculo"},{"@type":"ListItem","position":3,"name":"El verdugo"}]},{"@type":"WebSite","@id":"https:\/\/escalantecentreteatral.dival.es\/val\/#website","url":"https:\/\/escalantecentreteatral.dival.es\/val\/","name":"Escalante Centre Teatral","description":"Valencia | espectaculos | musicales | artes escenicas.","publisher":{"@id":"https:\/\/escalantecentreteatral.dival.es\/val\/#organization"},"potentialAction":[{"@type":"SearchAction","target":{"@type":"EntryPoint","urlTemplate":"https:\/\/escalantecentreteatral.dival.es\/val\/?s={search_term_string}"},"query-input":"required name=search_term_string"}],"inLanguage":"ca"},{"@type":"Organization","@id":"https:\/\/escalantecentreteatral.dival.es\/val\/#organization","name":"Escalante Centre Teatral","alternateName":"Escalante Centre Teatral Val\u00e8ncia","url":"https:\/\/escalantecentreteatral.dival.es\/val\/","logo":{"@type":"ImageObject","inLanguage":"ca","@id":"https:\/\/escalantecentreteatral.dival.es\/val\/#\/schema\/logo\/image\/","url":"https:\/\/escalantecentreteatral.dival.es\/wp-content\/uploads\/logo_ect-1.png","contentUrl":"https:\/\/escalantecentreteatral.dival.es\/wp-content\/uploads\/logo_ect-1.png","width":1024,"height":292,"caption":"Escalante Centre Teatral"},"image":{"@id":"https:\/\/escalantecentreteatral.dival.es\/val\/#\/schema\/logo\/image\/"},"sameAs":["https:\/\/www.facebook.com\/EscalanteTeatre","https:\/\/twitter.com\/TeatreEscalante","https:\/\/www.instagram.com\/centre_escalante\/","https:\/\/www.youtube.com\/channel\/UCaXtimrtZ6eLZKN2qPgPa3g"]}]}},"_links":{"self":[{"href":"https:\/\/escalantecentreteatral.dival.es\/val\/wp-json\/wp\/v2\/espectaculo\/14499"}],"collection":[{"href":"https:\/\/escalantecentreteatral.dival.es\/val\/wp-json\/wp\/v2\/espectaculo"}],"about":[{"href":"https:\/\/escalantecentreteatral.dival.es\/val\/wp-json\/wp\/v2\/types\/espectaculo"}],"author":[{"embeddable":true,"href":"https:\/\/escalantecentreteatral.dival.es\/val\/wp-json\/wp\/v2\/users\/1"}],"version-history":[{"count":9,"href":"https:\/\/escalantecentreteatral.dival.es\/val\/wp-json\/wp\/v2\/espectaculo\/14499\/revisions"}],"predecessor-version":[{"id":16024,"href":"https:\/\/escalantecentreteatral.dival.es\/val\/wp-json\/wp\/v2\/espectaculo\/14499\/revisions\/16024"}],"wp:featuredmedia":[{"embeddable":true,"href":"https:\/\/escalantecentreteatral.dival.es\/val\/wp-json\/wp\/v2\/media\/16602"}],"wp:attachment":[{"href":"https:\/\/escalantecentreteatral.dival.es\/val\/wp-json\/wp\/v2\/media?parent=14499"}],"wp:term":[{"taxonomy":"temporada","embeddable":true,"href":"https:\/\/escalantecentreteatral.dival.es\/val\/wp-json\/wp\/v2\/temporada?post=14499"},{"taxonomy":"genero","embeddable":true,"href":"https:\/\/escalantecentreteatral.dival.es\/val\/wp-json\/wp\/v2\/genero?post=14499"},{"taxonomy":"edades_espec","embeddable":true,"href":"https:\/\/escalantecentreteatral.dival.es\/val\/wp-json\/wp\/v2\/edades_espec?post=14499"},{"taxonomy":"tipo_espec","embeddable":true,"href":"https:\/\/escalantecentreteatral.dival.es\/val\/wp-json\/wp\/v2\/tipo_espec?post=14499"}],"curies":[{"name":"wp","href":"https:\/\/api.w.org\/{rel}","templated":true}]}}

<p>José Luis és un jove apocat que treballa en una funerària. Un dia, durant un servei en una presó, coneix un botxí anomenat Amadeo. Per culpa del destí i un maletí, José Luis coneix Carmen, la filla d’Amadeo. Congenien ràpidament i després de ser sorpresos pel pare, en plena intimitat amatòria, es veuen obligats a casar-se. En aquell mateix moment, un patronat oficial li concedeix a Amadeo un habitatge on poder residir al costat de la parella de jovençans, que a més espera un fill. Però arribada la jubilació, tots hauran d’abandonar la casa, llevat que el gendre n’herete el càrrec i es convertisca també en botxí. Pressionat pel sogre i la dona, i resistint-se’n a la idea, José Luis acaba acceptant, convençut que no haurà de dur a terme cap execució.</p>

<p>José Luis és un jove apocat que treballa en una funerària. Un dia, durant un servei en una presó, coneix un botxí anomenat Amadeo. Per culpa del destí i un maletí, José Luis coneix Carmen, la filla d’Amadeo. Congenien ràpidament i després de ser sorpresos pel pare, en plena intimitat amatòria, es veuen obligats a [&hellip;]</p>

<!-- This site is optimized with the Yoast SEO plugin v21.1 - https://yoast.com/wordpress/plugins/seo/ -->
<title>El verdugo - Escalante Centre Teatral</title>
<meta name="robots" content="index, follow, max-snippet:-1, max-image-preview:large, max-video-preview:-1" />
<link rel="canonical" href="https://escalantecentreteatral.dival.es/val/espectaculo/el-verdugo" />
<meta property="og:locale" content="ca_ES" />
<meta property="og:type" content="article" />
<meta property="og:title" content="El verdugo - Escalante Centre Teatral" />
<meta property="og:description" content="José Luis és un jove apocat que treballa en una funerària. Un dia, durant un servei en una presó, coneix un botxí anomenat Amadeo. Per culpa del destí i un maletí, José Luis coneix Carmen, la filla d’Amadeo. Congenien ràpidament i després de ser sorpresos pel pare, en plena intimitat amatòria, es veuen obligats a [&hellip;]" />
<meta property="og:url" content="https://escalantecentreteatral.dival.es/val/espectaculo/el-verdugo" />
<meta property="og:site_name" content="Escalante Centre Teatral" />
<meta property="article:publisher" content="https://www.facebook.com/EscalanteTeatre" />
<meta property="article:modified_time" content="2023-09-07T18:50:42+00:00" />
<meta property="og:image" content="https://escalantecentreteatral.dival.es/wp-content/uploads/temp_23-24__0033_verdugo.jpg" />
	<meta property="og:image:width" content="2400" />
	<meta property="og:image:height" content="1600" />
	<meta property="og:image:type" content="image/jpeg" />
<meta name="twitter:card" content="summary_large_image" />
<meta name="twitter:site" content="@TeatreEscalante" />
<meta name="twitter:label1" content="Est. reading time" />
	<meta name="twitter:data1" content="1 minute" />
<script type="application/ld+json" class="yoast-schema-graph">{"@context":"https://schema.org","@graph":[{"@type":"WebPage","@id":"https://escalantecentreteatral.dival.es/val/espectaculo/el-verdugo","url":"https://escalantecentreteatral.dival.es/val/espectaculo/el-verdugo","name":"El verdugo - Escalante Centre Teatral","isPartOf":{"@id":"https://escalantecentreteatral.dival.es/val/#website"},"datePublished":"2023-07-24T16:40:34+00:00","dateModified":"2023-09-07T18:50:42+00:00","breadcrumb":{"@id":"https://escalantecentreteatral.dival.es/val/espectaculo/el-verdugo#breadcrumb"},"inLanguage":"ca","potentialAction":[{"@type":"ReadAction","target":["https://escalantecentreteatral.dival.es/val/espectaculo/el-verdugo"]}]},{"@type":"BreadcrumbList","@id":"https://escalantecentreteatral.dival.es/val/espectaculo/el-verdugo#breadcrumb","itemListElement":[{"@type":"ListItem","position":1,"name":"Home","item":"https://escalantecentreteatral.dival.es/val"},{"@type":"ListItem","position":2,"name":"Espectáculos","item":"https://escalantecentreteatral.dival.es/val/espectaculo"},{"@type":"ListItem","position":3,"name":"El verdugo"}]},{"@type":"WebSite","@id":"https://escalantecentreteatral.dival.es/val/#website","url":"https://escalantecentreteatral.dival.es/val/","name":"Escalante Centre Teatral","description":"Valencia | espectaculos | musicales | artes escenicas.","publisher":{"@id":"https://escalantecentreteatral.dival.es/val/#organization"},"potentialAction":[{"@type":"SearchAction","target":{"@type":"EntryPoint","urlTemplate":"https://escalantecentreteatral.dival.es/val/?s={search_term_string}"},"query-input":"required name=search_term_string"}],"inLanguage":"ca"},{"@type":"Organization","@id":"https://escalantecentreteatral.dival.es/val/#organization","name":"Escalante Centre Teatral","alternateName":"Escalante Centre Teatral València","url":"https://escalantecentreteatral.dival.es/val/","logo":{"@type":"ImageObject","inLanguage":"ca","@id":"https://escalantecentreteatral.dival.es/val/#/schema/logo/image/","url":"https://escalantecentreteatral.dival.es/wp-content/uploads/logo_ect-1.png","contentUrl":"https://escalantecentreteatral.dival.es/wp-content/uploads/logo_ect-1.png","width":1024,"height":292,"caption":"Escalante Centre Teatral"},"image":{"@id":"https://escalantecentreteatral.dival.es/val/#/schema/logo/image/"},"sameAs":["https://www.facebook.com/EscalanteTeatre","https://twitter.com/TeatreEscalante","https://www.instagram.com/centre_escalante/","https://www.youtube.com/channel/UCaXtimrtZ6eLZKN2qPgPa3g"]}]}</script>
<!-- / Yoast SEO plugin. -->

José Luis és un jove apocat que treballa en una funerària. Un dia, durant un servei en una presó, coneix un botxí anomenat Amadeo. Per culpa del destí i un maletí, José Luis coneix Carmen, la filla d’Amadeo. Congenien ràpidament i després de ser sorpresos pel pare, en plena intimitat amatòria, es veuen obligats a [&hellip;]

Espectáculos

Escalante Centre Teatral València
