{"id":8009,"date":"2019-12-20T09:30:14","date_gmt":"2019-12-20T09:30:14","guid":{"rendered":"https:\/\/escalantecentreteatral.dival.es\/?post_type=curso&#038;p=8009"},"modified":"2019-12-20T09:32:14","modified_gmt":"2019-12-20T09:32:14","slug":"lactor-i-el-seu-personatge-davant-de-la-mirada-del-director","status":"publish","type":"curso","link":"https:\/\/escalantecentreteatral.dival.es\/val\/curso\/lactor-i-el-seu-personatge-davant-de-la-mirada-del-director","title":{"rendered":"L&#8217;actor i el seu personatge davant de la mirada del director."},"content":{"rendered":"<h4>Es treballar\u00e0:<\/h4>\n<ul>\n<li>An\u00e0lisi de l&#8217;obra.<\/li>\n<li>Relaci\u00f3 de l&#8217;actor, amb l&#8217;autor i la direcci\u00f3<\/li>\n<li>Di\u00e0legs i mon\u00f2legs<\/li>\n<li>Selecci\u00f3 d&#8217;escenes<\/li>\n<li>Posar en peu les escenes seleccionades<\/li>\n<li>La import\u00e0ncia del que no est\u00e0 escrit<\/li>\n<li>L&#8217;escolta<\/li>\n<li>La m\u00fasica i l&#8217;escena<\/li>\n<\/ul>\n<p>Es treballar\u00e0 sobre tres autors: Jean Anouilh, Tomas Bernhard i Tennessee Williams.<\/p>\n<p>Textos:<\/p>\n<p>&#8220;El Presidente&#8221;, de Tomas Bernhard<\/p>\n<ul>\n<li>&#8220;En un bar de un hotel de Tokio&#8221;, de Tennessee Williams<\/li>\n<li>&#8220;Colomba&#8221; de Jean Anouilh&#8221;<\/li>\n<\/ul>\n","protected":false},"excerpt":{"rendered":"<p>Es treballar\u00e0: An\u00e0lisi de l&#8217;obra. Relaci\u00f3 de l&#8217;actor, amb l&#8217;autor i la direcci\u00f3 Di\u00e0legs i mon\u00f2legs Selecci\u00f3 d&#8217;escenes Posar en peu les escenes seleccionades La import\u00e0ncia del que no est\u00e0 escrit L&#8217;escolta La m\u00fasica i l&#8217;escena Es treballar\u00e0 sobre tres autors: Jean Anouilh, Tomas Bernhard i Tennessee Williams. Textos: &#8220;El Presidente&#8221;, de Tomas Bernhard &#8220;En [&hellip;]<\/p>\n","protected":false},"author":1,"featured_media":8001,"template":"","tipo_curso":[50],"acf":[],"yoast_head":"<!-- This site is optimized with the Yoast SEO plugin v21.1 - https:\/\/yoast.com\/wordpress\/plugins\/seo\/ -->\n<title>L&#039;actor i el seu personatge davant de la mirada del director. - Escalante Centre Teatral<\/title>\n<meta name=\"robots\" content=\"index, follow, max-snippet:-1, max-image-preview:large, max-video-preview:-1\" \/>\n<link rel=\"canonical\" href=\"https:\/\/escalantecentreteatral.dival.es\/val\/curso\/lactor-i-el-seu-personatge-davant-de-la-mirada-del-director\" \/>\n<meta property=\"og:locale\" content=\"ca_ES\" \/>\n<meta property=\"og:type\" content=\"article\" \/>\n<meta property=\"og:title\" content=\"L&#039;actor i el seu personatge davant de la mirada del director. - Escalante Centre Teatral\" \/>\n<meta property=\"og:description\" content=\"Es treballar\u00e0: An\u00e0lisi de l&#8217;obra. Relaci\u00f3 de l&#8217;actor, amb l&#8217;autor i la direcci\u00f3 Di\u00e0legs i mon\u00f2legs Selecci\u00f3 d&#8217;escenes Posar en peu les escenes seleccionades La import\u00e0ncia del que no est\u00e0 escrit L&#8217;escolta La m\u00fasica i l&#8217;escena Es treballar\u00e0 sobre tres autors: Jean Anouilh, Tomas Bernhard i Tennessee Williams. Textos: &#8220;El Presidente&#8221;, de Tomas Bernhard &#8220;En [&hellip;]\" \/>\n<meta property=\"og:url\" content=\"https:\/\/escalantecentreteatral.dival.es\/val\/curso\/lactor-i-el-seu-personatge-davant-de-la-mirada-del-director\" \/>\n<meta property=\"og:site_name\" content=\"Escalante Centre Teatral\" \/>\n<meta property=\"article:publisher\" content=\"https:\/\/www.facebook.com\/EscalanteTeatre\" \/>\n<meta property=\"article:modified_time\" content=\"2019-12-20T09:32:14+00:00\" \/>\n<meta property=\"og:image\" content=\"https:\/\/escalantecentreteatral.dival.es\/wp-content\/uploads\/banner_rafa.jpg\" \/>\n\t<meta property=\"og:image:width\" content=\"1200\" \/>\n\t<meta property=\"og:image:height\" content=\"606\" \/>\n\t<meta property=\"og:image:type\" content=\"image\/jpeg\" \/>\n<meta name=\"twitter:card\" content=\"summary_large_image\" \/>\n<meta name=\"twitter:site\" content=\"@TeatreEscalante\" \/>\n<script type=\"application\/ld+json\" class=\"yoast-schema-graph\">{\"@context\":\"https:\/\/schema.org\",\"@graph\":[{\"@type\":\"WebPage\",\"@id\":\"https:\/\/escalantecentreteatral.dival.es\/val\/curso\/lactor-i-el-seu-personatge-davant-de-la-mirada-del-director\",\"url\":\"https:\/\/escalantecentreteatral.dival.es\/val\/curso\/lactor-i-el-seu-personatge-davant-de-la-mirada-del-director\",\"name\":\"L'actor i el seu personatge davant de la mirada del director. - Escalante Centre Teatral\",\"isPartOf\":{\"@id\":\"https:\/\/escalantecentreteatral.dival.es\/val\/#website\"},\"datePublished\":\"2019-12-20T09:30:14+00:00\",\"dateModified\":\"2019-12-20T09:32:14+00:00\",\"breadcrumb\":{\"@id\":\"https:\/\/escalantecentreteatral.dival.es\/val\/curso\/lactor-i-el-seu-personatge-davant-de-la-mirada-del-director#breadcrumb\"},\"inLanguage\":\"ca\",\"potentialAction\":[{\"@type\":\"ReadAction\",\"target\":[\"https:\/\/escalantecentreteatral.dival.es\/val\/curso\/lactor-i-el-seu-personatge-davant-de-la-mirada-del-director\"]}]},{\"@type\":\"BreadcrumbList\",\"@id\":\"https:\/\/escalantecentreteatral.dival.es\/val\/curso\/lactor-i-el-seu-personatge-davant-de-la-mirada-del-director#breadcrumb\",\"itemListElement\":[{\"@type\":\"ListItem\",\"position\":1,\"name\":\"Home\",\"item\":\"https:\/\/escalantecentreteatral.dival.es\/val\"},{\"@type\":\"ListItem\",\"position\":2,\"name\":\"Cursos para Prof.\",\"item\":\"https:\/\/escalantecentreteatral.dival.es\/curso\"},{\"@type\":\"ListItem\",\"position\":3,\"name\":\"L&#8217;actor i el seu personatge davant de la mirada del director.\"}]},{\"@type\":\"WebSite\",\"@id\":\"https:\/\/escalantecentreteatral.dival.es\/val\/#website\",\"url\":\"https:\/\/escalantecentreteatral.dival.es\/val\/\",\"name\":\"Escalante Centre Teatral\",\"description\":\"Valencia | espectaculos | musicales | artes escenicas.\",\"publisher\":{\"@id\":\"https:\/\/escalantecentreteatral.dival.es\/val\/#organization\"},\"potentialAction\":[{\"@type\":\"SearchAction\",\"target\":{\"@type\":\"EntryPoint\",\"urlTemplate\":\"https:\/\/escalantecentreteatral.dival.es\/val\/?s={search_term_string}\"},\"query-input\":\"required name=search_term_string\"}],\"inLanguage\":\"ca\"},{\"@type\":\"Organization\",\"@id\":\"https:\/\/escalantecentreteatral.dival.es\/val\/#organization\",\"name\":\"Escalante Centre Teatral\",\"alternateName\":\"Escalante Centre Teatral Val\u00e8ncia\",\"url\":\"https:\/\/escalantecentreteatral.dival.es\/val\/\",\"logo\":{\"@type\":\"ImageObject\",\"inLanguage\":\"ca\",\"@id\":\"https:\/\/escalantecentreteatral.dival.es\/val\/#\/schema\/logo\/image\/\",\"url\":\"https:\/\/escalantecentreteatral.dival.es\/wp-content\/uploads\/logo_ect-1.png\",\"contentUrl\":\"https:\/\/escalantecentreteatral.dival.es\/wp-content\/uploads\/logo_ect-1.png\",\"width\":1024,\"height\":292,\"caption\":\"Escalante Centre Teatral\"},\"image\":{\"@id\":\"https:\/\/escalantecentreteatral.dival.es\/val\/#\/schema\/logo\/image\/\"},\"sameAs\":[\"https:\/\/www.facebook.com\/EscalanteTeatre\",\"https:\/\/twitter.com\/TeatreEscalante\",\"https:\/\/www.instagram.com\/centre_escalante\/\",\"https:\/\/www.youtube.com\/channel\/UCaXtimrtZ6eLZKN2qPgPa3g\"]}]}<\/script>\n<!-- \/ Yoast SEO plugin. -->","yoast_head_json":{"title":"L'actor i el seu personatge davant de la mirada del director. - Escalante Centre Teatral","robots":{"index":"index","follow":"follow","max-snippet":"max-snippet:-1","max-image-preview":"max-image-preview:large","max-video-preview":"max-video-preview:-1"},"canonical":"https:\/\/escalantecentreteatral.dival.es\/val\/curso\/lactor-i-el-seu-personatge-davant-de-la-mirada-del-director","og_locale":"ca_ES","og_type":"article","og_title":"L'actor i el seu personatge davant de la mirada del director. - Escalante Centre Teatral","og_description":"Es treballar\u00e0: An\u00e0lisi de l&#8217;obra. Relaci\u00f3 de l&#8217;actor, amb l&#8217;autor i la direcci\u00f3 Di\u00e0legs i mon\u00f2legs Selecci\u00f3 d&#8217;escenes Posar en peu les escenes seleccionades La import\u00e0ncia del que no est\u00e0 escrit L&#8217;escolta La m\u00fasica i l&#8217;escena Es treballar\u00e0 sobre tres autors: Jean Anouilh, Tomas Bernhard i Tennessee Williams. Textos: &#8220;El Presidente&#8221;, de Tomas Bernhard &#8220;En [&hellip;]","og_url":"https:\/\/escalantecentreteatral.dival.es\/val\/curso\/lactor-i-el-seu-personatge-davant-de-la-mirada-del-director","og_site_name":"Escalante Centre Teatral","article_publisher":"https:\/\/www.facebook.com\/EscalanteTeatre","article_modified_time":"2019-12-20T09:32:14+00:00","og_image":[{"width":1200,"height":606,"url":"https:\/\/escalantecentreteatral.dival.es\/wp-content\/uploads\/banner_rafa.jpg","type":"image\/jpeg"}],"twitter_card":"summary_large_image","twitter_site":"@TeatreEscalante","schema":{"@context":"https:\/\/schema.org","@graph":[{"@type":"WebPage","@id":"https:\/\/escalantecentreteatral.dival.es\/val\/curso\/lactor-i-el-seu-personatge-davant-de-la-mirada-del-director","url":"https:\/\/escalantecentreteatral.dival.es\/val\/curso\/lactor-i-el-seu-personatge-davant-de-la-mirada-del-director","name":"L'actor i el seu personatge davant de la mirada del director. - Escalante Centre Teatral","isPartOf":{"@id":"https:\/\/escalantecentreteatral.dival.es\/val\/#website"},"datePublished":"2019-12-20T09:30:14+00:00","dateModified":"2019-12-20T09:32:14+00:00","breadcrumb":{"@id":"https:\/\/escalantecentreteatral.dival.es\/val\/curso\/lactor-i-el-seu-personatge-davant-de-la-mirada-del-director#breadcrumb"},"inLanguage":"ca","potentialAction":[{"@type":"ReadAction","target":["https:\/\/escalantecentreteatral.dival.es\/val\/curso\/lactor-i-el-seu-personatge-davant-de-la-mirada-del-director"]}]},{"@type":"BreadcrumbList","@id":"https:\/\/escalantecentreteatral.dival.es\/val\/curso\/lactor-i-el-seu-personatge-davant-de-la-mirada-del-director#breadcrumb","itemListElement":[{"@type":"ListItem","position":1,"name":"Home","item":"https:\/\/escalantecentreteatral.dival.es\/val"},{"@type":"ListItem","position":2,"name":"Cursos para Prof.","item":"https:\/\/escalantecentreteatral.dival.es\/curso"},{"@type":"ListItem","position":3,"name":"L&#8217;actor i el seu personatge davant de la mirada del director."}]},{"@type":"WebSite","@id":"https:\/\/escalantecentreteatral.dival.es\/val\/#website","url":"https:\/\/escalantecentreteatral.dival.es\/val\/","name":"Escalante Centre Teatral","description":"Valencia | espectaculos | musicales | artes escenicas.","publisher":{"@id":"https:\/\/escalantecentreteatral.dival.es\/val\/#organization"},"potentialAction":[{"@type":"SearchAction","target":{"@type":"EntryPoint","urlTemplate":"https:\/\/escalantecentreteatral.dival.es\/val\/?s={search_term_string}"},"query-input":"required name=search_term_string"}],"inLanguage":"ca"},{"@type":"Organization","@id":"https:\/\/escalantecentreteatral.dival.es\/val\/#organization","name":"Escalante Centre Teatral","alternateName":"Escalante Centre Teatral Val\u00e8ncia","url":"https:\/\/escalantecentreteatral.dival.es\/val\/","logo":{"@type":"ImageObject","inLanguage":"ca","@id":"https:\/\/escalantecentreteatral.dival.es\/val\/#\/schema\/logo\/image\/","url":"https:\/\/escalantecentreteatral.dival.es\/wp-content\/uploads\/logo_ect-1.png","contentUrl":"https:\/\/escalantecentreteatral.dival.es\/wp-content\/uploads\/logo_ect-1.png","width":1024,"height":292,"caption":"Escalante Centre Teatral"},"image":{"@id":"https:\/\/escalantecentreteatral.dival.es\/val\/#\/schema\/logo\/image\/"},"sameAs":["https:\/\/www.facebook.com\/EscalanteTeatre","https:\/\/twitter.com\/TeatreEscalante","https:\/\/www.instagram.com\/centre_escalante\/","https:\/\/www.youtube.com\/channel\/UCaXtimrtZ6eLZKN2qPgPa3g"]}]}},"_links":{"self":[{"href":"https:\/\/escalantecentreteatral.dival.es\/val\/wp-json\/wp\/v2\/curso\/8009"}],"collection":[{"href":"https:\/\/escalantecentreteatral.dival.es\/val\/wp-json\/wp\/v2\/curso"}],"about":[{"href":"https:\/\/escalantecentreteatral.dival.es\/val\/wp-json\/wp\/v2\/types\/curso"}],"author":[{"embeddable":true,"href":"https:\/\/escalantecentreteatral.dival.es\/val\/wp-json\/wp\/v2\/users\/1"}],"version-history":[{"count":2,"href":"https:\/\/escalantecentreteatral.dival.es\/val\/wp-json\/wp\/v2\/curso\/8009\/revisions"}],"predecessor-version":[{"id":8011,"href":"https:\/\/escalantecentreteatral.dival.es\/val\/wp-json\/wp\/v2\/curso\/8009\/revisions\/8011"}],"wp:featuredmedia":[{"embeddable":true,"href":"https:\/\/escalantecentreteatral.dival.es\/val\/wp-json\/wp\/v2\/media\/8001"}],"wp:attachment":[{"href":"https:\/\/escalantecentreteatral.dival.es\/val\/wp-json\/wp\/v2\/media?parent=8009"}],"wp:term":[{"taxonomy":"tipo_curso","embeddable":true,"href":"https:\/\/escalantecentreteatral.dival.es\/val\/wp-json\/wp\/v2\/tipo_curso?post=8009"}],"curies":[{"name":"wp","href":"https:\/\/api.w.org\/{rel}","templated":true}]}}

<h4>Es treballarà:</h4>
<ul>
<li>Anàlisi de l&#8217;obra.</li>
<li>Relació de l&#8217;actor, amb l&#8217;autor i la direcció</li>
<li>Diàlegs i monòlegs</li>
<li>Selecció d&#8217;escenes</li>
<li>Posar en peu les escenes seleccionades</li>
<li>La importància del que no està escrit</li>
<li>L&#8217;escolta</li>
<li>La música i l&#8217;escena</li>
</ul>
<p>Es treballarà sobre tres autors: Jean Anouilh, Tomas Bernhard i Tennessee Williams.</p>
<p>Textos:</p>
<p>&#8220;El Presidente&#8221;, de Tomas Bernhard</p>
<ul>
<li>&#8220;En un bar de un hotel de Tokio&#8221;, de Tennessee Williams</li>
<li>&#8220;Colomba&#8221; de Jean Anouilh&#8221;</li>
</ul>

<p>Es treballarà: Anàlisi de l&#8217;obra. Relació de l&#8217;actor, amb l&#8217;autor i la direcció Diàlegs i monòlegs Selecció d&#8217;escenes Posar en peu les escenes seleccionades La importància del que no està escrit L&#8217;escolta La música i l&#8217;escena Es treballarà sobre tres autors: Jean Anouilh, Tomas Bernhard i Tennessee Williams. Textos: &#8220;El Presidente&#8221;, de Tomas Bernhard &#8220;En [&hellip;]</p>

<!-- This site is optimized with the Yoast SEO plugin v21.1 - https://yoast.com/wordpress/plugins/seo/ -->
<title>L&#039;actor i el seu personatge davant de la mirada del director. - Escalante Centre Teatral</title>
<meta name="robots" content="index, follow, max-snippet:-1, max-image-preview:large, max-video-preview:-1" />
<link rel="canonical" href="https://escalantecentreteatral.dival.es/val/curso/lactor-i-el-seu-personatge-davant-de-la-mirada-del-director" />
<meta property="og:locale" content="ca_ES" />
<meta property="og:type" content="article" />
<meta property="og:title" content="L&#039;actor i el seu personatge davant de la mirada del director. - Escalante Centre Teatral" />
<meta property="og:description" content="Es treballarà: Anàlisi de l&#8217;obra. Relació de l&#8217;actor, amb l&#8217;autor i la direcció Diàlegs i monòlegs Selecció d&#8217;escenes Posar en peu les escenes seleccionades La importància del que no està escrit L&#8217;escolta La música i l&#8217;escena Es treballarà sobre tres autors: Jean Anouilh, Tomas Bernhard i Tennessee Williams. Textos: &#8220;El Presidente&#8221;, de Tomas Bernhard &#8220;En [&hellip;]" />
<meta property="og:url" content="https://escalantecentreteatral.dival.es/val/curso/lactor-i-el-seu-personatge-davant-de-la-mirada-del-director" />
<meta property="og:site_name" content="Escalante Centre Teatral" />
<meta property="article:publisher" content="https://www.facebook.com/EscalanteTeatre" />
<meta property="article:modified_time" content="2019-12-20T09:32:14+00:00" />
<meta property="og:image" content="https://escalantecentreteatral.dival.es/wp-content/uploads/banner_rafa.jpg" />
	<meta property="og:image:width" content="1200" />
	<meta property="og:image:height" content="606" />
	<meta property="og:image:type" content="image/jpeg" />
<meta name="twitter:card" content="summary_large_image" />
<meta name="twitter:site" content="@TeatreEscalante" />
<script type="application/ld+json" class="yoast-schema-graph">{"@context":"https://schema.org","@graph":[{"@type":"WebPage","@id":"https://escalantecentreteatral.dival.es/val/curso/lactor-i-el-seu-personatge-davant-de-la-mirada-del-director","url":"https://escalantecentreteatral.dival.es/val/curso/lactor-i-el-seu-personatge-davant-de-la-mirada-del-director","name":"L'actor i el seu personatge davant de la mirada del director. - Escalante Centre Teatral","isPartOf":{"@id":"https://escalantecentreteatral.dival.es/val/#website"},"datePublished":"2019-12-20T09:30:14+00:00","dateModified":"2019-12-20T09:32:14+00:00","breadcrumb":{"@id":"https://escalantecentreteatral.dival.es/val/curso/lactor-i-el-seu-personatge-davant-de-la-mirada-del-director#breadcrumb"},"inLanguage":"ca","potentialAction":[{"@type":"ReadAction","target":["https://escalantecentreteatral.dival.es/val/curso/lactor-i-el-seu-personatge-davant-de-la-mirada-del-director"]}]},{"@type":"BreadcrumbList","@id":"https://escalantecentreteatral.dival.es/val/curso/lactor-i-el-seu-personatge-davant-de-la-mirada-del-director#breadcrumb","itemListElement":[{"@type":"ListItem","position":1,"name":"Home","item":"https://escalantecentreteatral.dival.es/val"},{"@type":"ListItem","position":2,"name":"Cursos para Prof.","item":"https://escalantecentreteatral.dival.es/curso"},{"@type":"ListItem","position":3,"name":"L&#8217;actor i el seu personatge davant de la mirada del director."}]},{"@type":"WebSite","@id":"https://escalantecentreteatral.dival.es/val/#website","url":"https://escalantecentreteatral.dival.es/val/","name":"Escalante Centre Teatral","description":"Valencia | espectaculos | musicales | artes escenicas.","publisher":{"@id":"https://escalantecentreteatral.dival.es/val/#organization"},"potentialAction":[{"@type":"SearchAction","target":{"@type":"EntryPoint","urlTemplate":"https://escalantecentreteatral.dival.es/val/?s={search_term_string}"},"query-input":"required name=search_term_string"}],"inLanguage":"ca"},{"@type":"Organization","@id":"https://escalantecentreteatral.dival.es/val/#organization","name":"Escalante Centre Teatral","alternateName":"Escalante Centre Teatral València","url":"https://escalantecentreteatral.dival.es/val/","logo":{"@type":"ImageObject","inLanguage":"ca","@id":"https://escalantecentreteatral.dival.es/val/#/schema/logo/image/","url":"https://escalantecentreteatral.dival.es/wp-content/uploads/logo_ect-1.png","contentUrl":"https://escalantecentreteatral.dival.es/wp-content/uploads/logo_ect-1.png","width":1024,"height":292,"caption":"Escalante Centre Teatral"},"image":{"@id":"https://escalantecentreteatral.dival.es/val/#/schema/logo/image/"},"sameAs":["https://www.facebook.com/EscalanteTeatre","https://twitter.com/TeatreEscalante","https://www.instagram.com/centre_escalante/","https://www.youtube.com/channel/UCaXtimrtZ6eLZKN2qPgPa3g"]}]}</script>
<!-- / Yoast SEO plugin. -->

Es treballarà: Anàlisi de l&#8217;obra. Relació de l&#8217;actor, amb l&#8217;autor i la direcció Diàlegs i monòlegs Selecció d&#8217;escenes Posar en peu les escenes seleccionades La importància del que no està escrit L&#8217;escolta La música i l&#8217;escena Es treballarà sobre tres autors: Jean Anouilh, Tomas Bernhard i Tennessee Williams. Textos: &#8220;El Presidente&#8221;, de Tomas Bernhard &#8220;En [&hellip;]

Escalante Centre Teatral València
