{"version":"1.0","provider_name":"Escalante Centre Teatral","provider_url":"https:\/\/escalantecentreteatral.dival.es\/val","author_name":"B\u00e1rbara Trillo","author_url":"https:\/\/escalantecentreteatral.dival.es\/val\/author\/barbara-trillodival-es","title":"30. ESTRENA \"L'HOME INVISIBLE\" - Escalante Centre Teatral","type":"rich","width":600,"height":338,"html":"<blockquote class=\"wp-embedded-content\" data-secret=\"ExRV1TWPYC\"><a href=\"https:\/\/escalantecentreteatral.dival.es\/val\/repercusion\/30-estrena-lhome-invisible\">30. ESTRENA &#8220;L&#8217;HOME INVISIBLE&#8221;<\/a><\/blockquote><iframe sandbox=\"allow-scripts\" security=\"restricted\" src=\"https:\/\/escalantecentreteatral.dival.es\/val\/repercusion\/30-estrena-lhome-invisible\/embed#?secret=ExRV1TWPYC\" width=\"600\" height=\"338\" title=\"&#8220;30. ESTRENA &#8220;L&#8217;HOME INVISIBLE&#8221;&#8221; &#8212; Escalante Centre Teatral\" data-secret=\"ExRV1TWPYC\" frameborder=\"0\" marginwidth=\"0\" marginheight=\"0\" scrolling=\"no\" class=\"wp-embedded-content\"><\/iframe><script>\n\/*! This file is auto-generated *\/\n!function(c,d){\"use strict\";var e=!1,o=!1;if(d.querySelector)if(c.addEventListener)e=!0;if(c.wp=c.wp||{},c.wp.receiveEmbedMessage);else if(c.wp.receiveEmbedMessage=function(e){var t=e.data;if(!t);else if(!(t.secret||t.message||t.value));else if(\/[^a-zA-Z0-9]\/.test(t.secret));else{for(var r,s,a,i=d.querySelectorAll('iframe[data-secret=\"'+t.secret+'\"]'),n=d.querySelectorAll('blockquote[data-secret=\"'+t.secret+'\"]'),o=new RegExp(\"^https?:$\",\"i\"),l=0;l<n.length;l++)n[l].style.display=\"none\";for(l=0;l<i.length;l++)if(r=i[l],e.source!==r.contentWindow);else{if(r.removeAttribute(\"style\"),\"height\"===t.message){if(1e3<(s=parseInt(t.value,10)))s=1e3;else if(~~s<200)s=200;r.height=s}if(\"link\"===t.message)if(s=d.createElement(\"a\"),a=d.createElement(\"a\"),s.href=r.getAttribute(\"src\"),a.href=t.value,!o.test(a.protocol));else if(a.host===s.host)if(d.activeElement===r)c.top.location.href=t.value}}},e)c.addEventListener(\"message\",c.wp.receiveEmbedMessage,!1),d.addEventListener(\"DOMContentLoaded\",t,!1),c.addEventListener(\"load\",t,!1);function t(){if(o);else{o=!0;for(var e,t,r,s=-1!==navigator.appVersion.indexOf(\"MSIE 10\"),a=!!navigator.userAgent.match(\/Trident.*rv:11\\.\/),i=d.querySelectorAll(\"iframe.wp-embedded-content\"),n=0;n<i.length;n++){if(!(r=(t=i[n]).getAttribute(\"data-secret\")))r=Math.random().toString(36).substr(2,10),t.src+=\"#?secret=\"+r,t.setAttribute(\"data-secret\",r);if(s||a)(e=t.cloneNode(!0)).removeAttribute(\"security\"),t.parentNode.replaceChild(e,t);t.contentWindow.postMessage({message:\"ready\",secret:r},\"*\")}}}}(window,document);\n<\/script>\n","description":"La Vanguardia http:\/\/www.lavanguardia.com\/local\/valencia\/20171122\/433081307731\/teatre-escalante-acerca-la-ciencia-ficcion-a-los-ninos-con-una-version-musical-de-el-hombre-invisible.html http:\/\/www.lavanguardia.com\/local\/valencia\/20171122\/433080400286\/el-hombre-invisible-aterriza-como-musical-infantil-en-el-palau-de-les-arts.html \u00a0 Levante http:\/\/ocio.levante-emv.com\/agenda\/noticias\/nws-626832-teatre-escalante-acerca-ciencia-ficcion-ninos-hombre-invisible.html \u00a0 Valencia Plaza http:\/\/valenciaplaza.com\/teatre-escalante-aproxima-la-ciencia-ficcion-a-los-mas-pequenos-con-una-version-musical-de-el-hombre-invisible \u00a0 Las Provincias \u00a0 La Agenda de Isa https:\/\/agendadeisa.com\/lhome-invisible\/ \u00a0 De cero a doce http:\/\/www.deceroadoce.es\/lhome-invisible\/ \u00a0 20 minutos http:\/\/www.20minutos.es\/noticia\/3194347\/0\/teatre-escalante-acosta-ci-ncia-ficcio-als-xiquets-amb-versio-musical-lhome-invisible\/ \u00a0 El peri\u00f3dico de aqu\u00ed http:\/\/www.elperiodicodeaqui.com\/noticias\/Teatre-Escalante-acostaciencia-ficcio-als-xiquets-amb-una-versio-musicalLhome-inv\/145640 \u00a0 Viu Val\u00e8ncia http:\/\/www.viuvalencia.com\/articulo\/teatre_escalante_ninos_valencia\/494713782 \u00a0 Hello Valencia https:\/\/www.hellovalencia.es\/vamos-al-teatro\/ \u00a0 Peque\u00f1os H\u00e9roes http:\/\/pequeheroes.com\/blog\/lhome-invisible-llega-a-valencia-el-proximo-1-de-diciembre \u00a0 El Peri\u00f2dic http:\/\/www.elperiodic.com\/valencia\/noticias\/535486_teatre-escalante-acosta-ci\u00e8ncia-ficci\u00f3-xiquets-versi\u00f3-musical-lhome-invisible.html \u00a0 Valencia Teatros [&hellip;]","thumbnail_url":"https:\/\/escalantecentreteatral.dival.es\/wp-content\/uploads\/peiro-700x272.jpg"}

Bárbara Trillo

La Vanguardia http://www.lavanguardia.com/local/valencia/20171122/433081307731/teatre-escalante-acerca-la-ciencia-ficcion-a-los-ninos-con-una-version-musical-de-el-hombre-invisible.html http://www.lavanguardia.com/local/valencia/20171122/433080400286/el-hombre-invisible-aterriza-como-musical-infantil-en-el-palau-de-les-arts.html   Levante http://ocio.levante-emv.com/agenda/noticias/nws-626832-teatre-escalante-acerca-ciencia-ficcion-ninos-hombre-invisible.html   Valencia Plaza http://valenciaplaza.com/teatre-escalante-aproxima-la-ciencia-ficcion-a-los-mas-pequenos-con-una-version-musical-de-el-hombre-invisible   Las Provincias   La Agenda de Isa https://agendadeisa.com/lhome-invisible/   De cero a doce http://www.deceroadoce.es/lhome-invisible/   20 minutos http://www.20minutos.es/noticia/3194347/0/teatre-escalante-acosta-ci-ncia-ficcio-als-xiquets-amb-versio-musical-lhome-invisible/   El periódico de aquí http://www.elperiodicodeaqui.com/noticias/Teatre-Escalante-acostaciencia-ficcio-als-xiquets-amb-una-versio-musicalLhome-inv/145640   Viu València http://www.viuvalencia.com/articulo/teatre_escalante_ninos_valencia/494713782   Hello Valencia https://www.hellovalencia.es/vamos-al-teatro/   Pequeños Héroes http://pequeheroes.com/blog/lhome-invisible-llega-a-valencia-el-proximo-1-de-diciembre   El Periòdic http://www.elperiodic.com/valencia/noticias/535486_teatre-escalante-acosta-ciència-ficció-xiquets-versió-musical-lhome-invisible.html   Valencia Teatros [&hellip;]
